000
CXUS54 KLZK 241130
CF6BPK
PRELIMINARY LOCAL CLIMATOLOGICAL DATA (WS FORM: F-6)

                                          STATION:   Mountain Home Airport
                                          MONTH:     MAY
                                          YEAR:      2018
                                          LATITUDE:   36 22 N
                                          LONGITUDE:  92 28 W

  TEMPERATURE IN F:       :PCPN:    SNOW:  WIND      :SUNSHINE: SKY     :PK WND
================================================================================
1   2   3   4   5  6A  6B    7    8   9   10  11  12  13   14  15   16   17  18
                                     12Z  AVG MX 2MIN
DY MAX MIN AVG DEP HDD CDD  WTR  SNW DPTH SPD SPD DIR MIN PSBL S-S WX    SPD DR
================================================================================

 1  83  56  70   7   0   5 0.00  0.0    0  9.2 20 200   M    M   1        30 190
 2  81  63  72   9   0   7    T  0.0    0  7.6 16 220   M    M   7        24 230
 3  76  64  70   6   0   5 2.22  0.0    M  5.7 18 310   M    M   7 13     28 290
 4  72  60  66   2   0   1 0.00  0.0    0  4.5 15 220   M    M   0        20 230
 5  82  54  68   4   0   3 0.00  0.0    0  2.7  9 290   M    M   2        16 290
 6  84  53  69   5   0   4 0.07  0.0    M  2.6 12 340   M    M   0 3      22  20
 7  86  55  71   6   0   6 0.00  0.0    0  2.4 10 140   M    M   0        13 150
 8  86  61  74   9   0   9 0.00  0.0    0  7.3 12 140   M    M   0         M  M
 9  88  68  78  13   0  13    T  0.0    0  5.7 16 260   M    M   1        25 270
10  83  66  75  10   0  10 0.00  0.0    0  5.1 13 230   M    M   0        18 230
11  85  63  74   8   0   9    T  0.0    0  8.5 18 220   M    M   0        27 230
12  83  65  74   8   0   9 0.00  0.0    0  5.3 16 220   M    M   1        20 210
13  88  63  76  10   0  11 0.00  0.0    0  5.0 14 220   M    M   0        20 210
14  89  64  77  11   0  12 0.00  0.0    0  4.1 13  70   M    M   1 3      18  80
15  78  64  71   4   0   6 0.35  0.0    0  2.3 17 200   M    M   3 13     24 200
16  84  61  73   6   0   8 0.10  0.0    0  1.6  8 140   M    M   2 138    12 340
17  79  61  70   3   0   5 0.35  0.0    0  4.1  9  90   M    M   7 13     14 130
18  83  60  72   5   0   7 0.00  0.0    0  1.1  7 270   M    M   3 1      10 260
19  89  64  77   9   0  12 0.00  0.0    0  5.5 16 140   M    M   2 12     24 140
20  84  66  75   7   0  10 0.58  0.0    0  5.2 14 110   M    M   2 13     20 160
21  83  65  74   6   0   9 0.00  0.0    0  3.1  8 170   M    M   4        11 260
22  85  64  75   7   0  10 0.00  0.0    0  1.5  8 210   M    M   2 123    11 100
23  83  64  74   5   0   9 0.87  0.0    0  2.8 12  90   M    M   4 1238   17  80
================================================================================
SM 1914 1424         0 180  4.54     0.0 102.9          M       49
================================================================================
AV 83.2 61.9                               4.5 FASTST   M    M   2    MAX(MPH)
                                 MISC ---->  # 20 200               # 30  190
================================================================================
NOTES:
# LAST OF SEVERAL OCCURRENCES

COLUMN 17 PEAK WIND IN M.P.H.

PRELIMINARY LOCAL CLIMATOLOGICAL DATA (WS FORM: F-6) , PAGE 2

                                          STATION:  Mountain Home Airport
                                          MONTH:    MAY
                                          YEAR:     2018
                                          LATITUDE:   36 22 N
                                          LONGITUDE:  92 28 W

[TEMPERATURE DATA]      [PRECIPITATION DATA]       SYMBOLS USED IN COLUMN 16

AVERAGE MONTHLY: 72.6   TOTAL FOR MONTH:   4.54    1 = FOG OR MIST
DPTR FM NORMAL:   6.7   DPTR FM NORMAL:    1.04    2 = FOG REDUCING VISIBILITY
HIGHEST:    89 ON 19,14 GRTST 24HR  2.22 ON  3- 3      TO 1/4 MILE OR LESS
LOWEST:     53 ON  6                               3 = THUNDER
                        SNOW, ICE PELLETS, HAIL    4 = ICE PELLETS
                        TOTAL MONTH:   0.0 INCH    5 = HAIL
                        GRTST 24HR     0.0         6 = FREEZING RAIN OR DRIZZLE
                        GRTST DEPTH:   0           7 = DUSTSTORM OR SANDSTORM:
                                                       VSBY 1/2 MILE OR LESS
                                                   8 = SMOKE OR HAZE
[NO. OF DAYS WITH]      [WEATHER - DAYS WITH]      9 = BLOWING SNOW
                                                   X = TORNADO
MAX 32 OR BELOW:   0    0.01 INCH OR MORE:   7
MAX 90 OR ABOVE:   0    0.10 INCH OR MORE:   6
MIN 32 OR BELOW:   0    0.50 INCH OR MORE:   3
MIN  0 OR BELOW:   0    1.00 INCH OR MORE:   1

[HDD (BASE 65) ]
TOTAL THIS MO.     0    CLEAR  (SCALE 0-3)  18
DPTR FM NORMAL   -53    PTCLDY (SCALE 4-7)   5
TOTAL FM JUL 1  3807    CLOUDY (SCALE 8-10)  0
DPTR FM NORMAL    20

[CDD (BASE 65) ]
TOTAL THIS MO.   180
DPTR FM NORMAL   106    [PRESSURE DATA]
TOTAL FM JAN 1   195    HIGHEST SLP M ON M
DPTR FM NORMAL    79    LOWEST  SLP 29.78 ON 18

[REMARKS]
