000
CXAK56 PAFG 171200
CF6BTT
PRELIMINARY LOCAL CLIMATOLOGICAL DATA (WS FORM: F-6)
STATION: BETTLES AK
MONTH: APRIL
YEAR: 2024
LATITUDE: 66 55 N
LONGITUDE: 151 31 W
TEMPERATURE IN F: :PCPN: SNOW: WIND :SUNSHINE: SKY :PK WND
================================================================================
1 2 3 4 5 6A 6B 7 8 9 10 11 12 13 14 15 16 17 18
12Z AVG MX 2MIN
DY MAX MIN AVG DEP HDD CDD WTR SNW DPTH SPD SPD DIR MIN PSBL S-S WX SPD DR
================================================================================
1 18 4 11 -1 54 0 T M 29 4.8 9 150 M M 6 1 M M
2 6 -9 -1 -14 66 0 0.04 M 29 6.8 10 160 M M 6 1 M M
3 17 -11 3 -11 62 0 0.01 M 29 4.1 8 10 M M 8 1 M M
4 30 13 22 7 43 0 0.07 M 30 5.3 12 10 M M 10 1 16 10
5 39 19 29 14 36 0 T M 31 3.4 6 360 M M 9 1 M M
6 37 20 29 13 36 0 0.00 M 30 5.9 10 30 M M 5 M M
7 35 11 23 6 42 0 0.00 M 30 6.3 9 350 M M 5 M M
8 23 10 17 -1 48 0 0.04 M 30 7.6 10 300 M M 9 1 M M
9 30 2 16 -3 49 0 0.00 M 30 5.4 9 320 M M 6 1 18 340
10 34 -2 16 -4 49 0 0.00 M 30 2.2 6 150 M M 3 M M
11 36 16 26 5 39 0 0.22 M 29 8.2 17 140 M M 9 12 30 140
12 36 25 31 9 34 0 0.16 M 31 6.7 10 230 M M 10 12 M M
13 24 12 18 -5 47 0 T M 31 9.9 17 230 M M 9 1 23 230
14 25 -3 11 -13 54 0 T M 31 5.3 12 210 M M 6 1 M M
15 33 15 24 0 41 0 T M 31 4.1 9 120 M M 8 1 M M
16 40 14 27 2 38 0 T M 31 5.9 15 210 M M 8 1 22 210
================================================================================
SM 463 136 738 0 0.54 M 91.9 M 117
================================================================================
AV 28.9 8.5 5.7 FASTST M M 7 MAX(MPH)
MISC ----> # 17 140 30 140
================================================================================
NOTES:
# LAST OF SEVERAL OCCURRENCES
COLUMN 17 PEAK WIND IN M.P.H.
PRELIMINARY LOCAL CLIMATOLOGICAL DATA (WS FORM: F-6) , PAGE 2
STATION: BETTLES AK
MONTH: APRIL
YEAR: 2024
LATITUDE: 66 55 N
LONGITUDE: 151 31 W
[TEMPERATURE DATA] [PRECIPITATION DATA] SYMBOLS USED IN COLUMN 16
AVERAGE MONTHLY: 18.7 TOTAL FOR MONTH: 0.54 1 = FOG OR MIST
DPTR FM NORMAL: 0.1 DPTR FM NORMAL: 0.23 2 = FOG REDUCING VISIBILITY
HIGHEST: 40 ON 16 GRTST 24HR 0.22 ON 11-11 TO 1/4 MILE OR LESS
LOWEST: -11 ON 3 3 = THUNDER
SNOW, ICE PELLETS, HAIL 4 = ICE PELLETS
TOTAL MONTH: M 5 = HAIL
GRTST 24HR M ON M 6 = FREEZING RAIN OR DRIZZLE
GRTST DEPTH: 31 ON 16,15 7 = DUSTSTORM OR SANDSTORM:
VSBY 1/2 MILE OR LESS
8 = SMOKE OR HAZE
[NO. OF DAYS WITH] [WEATHER - DAYS WITH] 9 = BLOWING SNOW
X = TORNADO
MAX 32 OR BELOW: 8 0.01 INCH OR MORE: 6
MAX 90 OR ABOVE: 0 0.10 INCH OR MORE: 2
MIN 32 OR BELOW: 16 0.50 INCH OR MORE: 0
MIN 0 OR BELOW: 4 1.00 INCH OR MORE: 0
[HDD (BASE 65) ]
TOTAL THIS MO. 738 CLEAR (SCALE 0-3) 1
DPTR FM NORMAL -5 PTCLDY (SCALE 4-7) 8
TOTAL FM JUL 1 12989 CLOUDY (SCALE 8-10) 7
DPTR FM NORMAL -687
[CDD (BASE 65) ]
TOTAL THIS MO. 0
DPTR FM NORMAL 0 [PRESSURE DATA]
TOTAL FM JAN 1 0 HIGHEST SLP M ON M
DPTR FM NORMAL 0 LOWEST SLP M ON M
[REMARKS]