000
CXUS55 KGJT 241000
CF6CNY
PRELIMINARY LOCAL CLIMATOLOGICAL DATA (WS FORM: F-6)

                                          STATION:   CANYONLANDS AIRPORT UT
                                          MONTH:     MAY
                                          YEAR:      2018
                                          LATITUDE:   38 46 N
                                          LONGITUDE: 109 45 W

  TEMPERATURE IN F:       :PCPN:    SNOW:  WIND      :SUNSHINE: SKY     :PK WND
================================================================================
1   2   3   4   5  6A  6B    7    8   9   10  11  12  13   14  15   16   17  18
                                     12Z  AVG MX 2MIN
DY MAX MIN AVG DEP HDD CDD  WTR  SNW DPTH SPD SPD DIR MIN PSBL S-S WX    SPD DR
================================================================================

 1  60  43  52  -5  13   0 0.16    M    M  7.8 28 280   M    M   8 13     33 280
 2  54  43  49  -9  16   0 0.62    M    M  8.2 31 220   M    M   9 13     36 220
 3  64  44  54  -4  11   0 0.03    M    M  2.7 14  40   M    M   7        18  30
 4  73  46  60   2   5   0 0.00    M    M  4.6 12 250   M    M   0        18 260
 5  80  45  63   4   2   0 0.00    M    M  3.5 13 140   M    M   0        16 270
 6  84  51  68   9   0   3 0.00    M    M  5.2 20 240   M    M   0        23 250
 7  85  53  69   9   0   4 0.00    M    M  4.8 18 240   M    M   0        23 230
 8  87  49  68   8   0   3 0.00    M    M  4.4 20 290   M    M   0        29 260
 9  90  52  71  11   0   6 0.00    M    M  4.2 13 240   M    M   0        16 150
10  91  53  72  12   0   7 0.00    M    M 11.8 32 220   M    M   0        42 240
11  86  62  74  13   0   9 0.00    M    M 16.3 35 190   M    M   0        43 190
12  80  56  68   7   0   3    T    M    M 16.2 35 220   M    M   2        43 220
13  77  55  66   4   0   1    T    M    M  8.5 33 280   M    M   4        39 280
14  79  48  64   2   1   0 0.00    M    M  5.8 18 240   M    M   1        27 270
15  82  48  65   3   0   0 0.00    M    M  7.5 24 250   M    M   0        29 250
16  87  48  68   5   0   3 0.00    M    M  5.4 22 200   M    M   0        28 250
17  85  57  71   8   0   6 0.00    M    M  9.7 31 200   M    M   0 8      38 200
18  82  52  67   4   0   2 0.00    M    M  9.6 28 320   M    M   0        32 320
19  81  52  67   3   0   2    T    M    M  6.9 24  60   M    M   0        30  50
20  84  54  69   5   0   4    T    M    M 13.2 39 100   M    M   0 3      46 100
21  85  56  71   7   0   6 0.00    M    M  8.7 23  50   M    M   0        27  60
22  76  54  65   0   0   0 0.10    M    M 12.8 26  70   M    M   1 38     34  70
23  83  48  66   1   0   1 0.00    M    M  6.8 24 240   M    M   0        31 250
================================================================================
SM 1835 1169        48  60  0.91    M    184.6          M       32
================================================================================
AV 79.8 50.8                               8.0 FASTST   M    M   1    MAX(MPH)
                                 MISC ---->  # 39 100               # 46  100
================================================================================
NOTES:
# LAST OF SEVERAL OCCURRENCES

COLUMN 17 PEAK WIND IN M.P.H.

PRELIMINARY LOCAL CLIMATOLOGICAL DATA (WS FORM: F-6) , PAGE 2

                                          STATION:  CANYONLANDS AIRPORT UT
                                          MONTH:    MAY
                                          YEAR:     2018
                                          LATITUDE:   38 46 N
                                          LONGITUDE: 109 45 W

[TEMPERATURE DATA]      [PRECIPITATION DATA]       SYMBOLS USED IN COLUMN 16

AVERAGE MONTHLY: 65.3   TOTAL FOR MONTH:   0.91    1 = FOG OR MIST
DPTR FM NORMAL:   4.1   DPTR FM NORMAL:    0.45    2 = FOG REDUCING VISIBILITY
HIGHEST:    91 ON 10    GRTST 24HR  0.62 ON  2- 2      TO 1/4 MILE OR LESS
LOWEST:     43 ON  2, 1                            3 = THUNDER
                        SNOW, ICE PELLETS, HAIL    4 = ICE PELLETS
                        TOTAL MONTH:    M          5 = HAIL
                        GRTST 24HR    M  ON   M    6 = FREEZING RAIN OR DRIZZLE
                        GRTST DEPTH:  M  ON   M    7 = DUSTSTORM OR SANDSTORM:
                                                       VSBY 1/2 MILE OR LESS
                                                   8 = SMOKE OR HAZE
[NO. OF DAYS WITH]      [WEATHER - DAYS WITH]      9 = BLOWING SNOW
                                                   X = TORNADO
MAX 32 OR BELOW:   0    0.01 INCH OR MORE:   4
MAX 90 OR ABOVE:   2    0.10 INCH OR MORE:   3
MIN 32 OR BELOW:   0    0.50 INCH OR MORE:   1
MIN  0 OR BELOW:   0    1.00 INCH OR MORE:   0

[HDD (BASE 65) ]
TOTAL THIS MO.    48    CLEAR  (SCALE 0-3)  19
DPTR FM NORMAL   -70    PTCLDY (SCALE 4-7)   2
TOTAL FM JUL 1  4866    CLOUDY (SCALE 8-10)  2
DPTR FM NORMAL  -677

[CDD (BASE 65) ]
TOTAL THIS MO.    60
DPTR FM NORMAL    30    [PRESSURE DATA]
TOTAL FM JAN 1    67    HIGHEST SLP M ON M
DPTR FM NORMAL    34    LOWEST  SLP 29.42 ON 11

[REMARKS]
