000
CXUS55 KTWC 260855
CF6DUG
PRELIMINARY LOCAL CLIMATOLOGICAL DATA (WS FORM: F-6)

                                          STATION:   DOUGLAS AZ
                                          MONTH:     MAY
                                          YEAR:      2018
                                          LATITUDE:   31 28 N
                                          LONGITUDE: 109 36 W

  TEMPERATURE IN F:       :PCPN:    SNOW:  WIND      :SUNSHINE: SKY     :PK WND
================================================================================
1   2   3   4   5  6A  6B    7    8   9   10  11  12  13   14  15   16   17  18
                                     12Z  AVG MX 2MIN
DY MAX MIN AVG DEP HDD CDD  WTR  SNW DPTH SPD SPD DIR MIN PSBL S-S WX    SPD DR
================================================================================

 1  78  49  64  -2   1   0 0.00  0.0    0 18.2 36 190   M    M   0        45 190
 2  72  47  60  -6   5   0 0.00  0.0    0 18.6 37 250   M    M   1        43 250
 3  75  36  56 -10   9   0 0.00  0.0    0  7.2 15 320   M    M   0        22 300
 4  84  39  62  -4   3   0 0.00  0.0    0  7.7 18  50   M    M   0        26  70
 5  89  48  69   2   0   4 0.00  0.0    0 10.4 23 130   M    M   0        28 140
 6  95  59  77  10   0  12 0.00  0.0    0  6.7 18  80   M    M   0        23  80
 7  95  59  77  10   0  12 0.00  0.0    0  7.3 17 250   M    M   0        25 160
 8  96  54  75   7   0  10 0.00  0.0    0  8.2 16 240   M    M   0        24 240
 9  96  52  74   6   0   9 0.00  0.0    0  7.3 18 230   M    M   0        27 220
10  97  52  75   7   0  10 0.00  0.0    0  9.8 25 240   M    M   0        33 220
11  92  56  74   6   0   9 0.00  0.0    0 14.6 28 240   M    M   0        35 230
12  88  58  73   4   0   8 0.00  0.0    0 14.8 36 240   M    M   0        44 240
13  86  59  73   4   0   8 0.00  0.0    0 14.1 37 210   M    M   0        46 210
14  91  53  72   3   0   7 0.00  0.0    0  9.5 28 220   M    M   0        37 220
15  94  52  73   3   0   8 0.00  0.0    0 10.2 24 270   M    M   0        31 280
16  94  50  72   2   0   7 0.00  0.0    0  6.1 17 260   M    M   0        22 220
17  93  54  74   4   0   9 0.00  0.0    0 10.6 25 260   M    M   0        36 220
18  88  48  68  -2   0   3 0.00  0.0    0  9.4 25 260   M    M   0        32 270
19  88  48  68  -3   0   3 0.00  0.0    0  5.9 18 240   M    M   0        25 140
20  90  46  68  -3   0   3 0.00  0.0    0  7.2 20 230   M    M   0        26 190
21  90  45  68  -3   0   3 0.00  0.0    0 12.4 26 180   M    M   0        35 190
22  86  53  70  -2   0   5 0.00  0.0    0 11.3 25 170   M    M   0        33 170
23  89  49  69  -3   0   4 0.00  0.0    0  8.1 22 250   M    M   0        29 200
24  93  49  71  -1   0   6 0.00  0.0    0  7.5 20 240   M    M   0        26 260
25  96  49  73   1   0   8 0.00  0.0    0  6.8 18 250   M    M   0        24 250
================================================================================
SM 2235 1264        18 148  0.00     0.0 249.9          M        1
================================================================================
AV 89.4 50.6                              10.0 FASTST   M    M   0    MAX(MPH)
                                 MISC ---->  # 37 250               # 46  210
================================================================================
NOTES:
# LAST OF SEVERAL OCCURRENCES

COLUMN 17 PEAK WIND IN M.P.H.

PRELIMINARY LOCAL CLIMATOLOGICAL DATA (WS FORM: F-6) , PAGE 2

                                          STATION:  DOUGLAS AZ
                                          MONTH:    MAY
                                          YEAR:     2018
                                          LATITUDE:   31 28 N
                                          LONGITUDE: 109 36 W

[TEMPERATURE DATA]      [PRECIPITATION DATA]       SYMBOLS USED IN COLUMN 16

AVERAGE MONTHLY: 70.0   TOTAL FOR MONTH:   0.00    1 = FOG OR MIST
DPTR FM NORMAL:   1.0   DPTR FM NORMAL:   -0.22    2 = FOG REDUCING VISIBILITY
HIGHEST:    97 ON 10    GRTST 24HR  0.00 ON 25-25      TO 1/4 MILE OR LESS
LOWEST:     36 ON  3                               3 = THUNDER
                        SNOW, ICE PELLETS, HAIL    4 = ICE PELLETS
                        TOTAL MONTH:   0.0 INCH    5 = HAIL
                        GRTST 24HR     0.0         6 = FREEZING RAIN OR DRIZZLE
                        GRTST DEPTH:   0           7 = DUSTSTORM OR SANDSTORM:
                                                       VSBY 1/2 MILE OR LESS
                                                   8 = SMOKE OR HAZE
[NO. OF DAYS WITH]      [WEATHER - DAYS WITH]      9 = BLOWING SNOW
                                                   X = TORNADO
MAX 32 OR BELOW:   0    0.01 INCH OR MORE:   0
MAX 90 OR ABOVE:  14    0.10 INCH OR MORE:   0
MIN 32 OR BELOW:   0    0.50 INCH OR MORE:   0
MIN  0 OR BELOW:   0    1.00 INCH OR MORE:   0

[HDD (BASE 65) ]
TOTAL THIS MO.    18    CLEAR  (SCALE 0-3)  25
DPTR FM NORMAL    -2    PTCLDY (SCALE 4-7)   0
TOTAL FM JUL 1  2024    CLOUDY (SCALE 8-10)  0
DPTR FM NORMAL  -497

[CDD (BASE 65) ]
TOTAL THIS MO.   148
DPTR FM NORMAL    26    [PRESSURE DATA]
TOTAL FM JAN 1   225    HIGHEST SLP M ON M
DPTR FM NORMAL    73    LOWEST  SLP 29.59 ON 11

[REMARKS]
