493
CXUS54 KSHV 261500
CF6ELD
PRELIMINARY LOCAL CLIMATOLOGICAL DATA (WS FORM: F-6)

                                          STATION:   EL DORADO
                                          MONTH:     APRIL
                                          YEAR:      2018
                                          LATITUDE:   33 13 N
                                          LONGITUDE:  92 49 W

  TEMPERATURE IN F:       :PCPN:    SNOW:  WIND      :SUNSHINE: SKY     :PK WND
================================================================================
1   2   3   4   5  6A  6B    7    8   9   10  11  12  13   14  15   16   17  18
                                     12Z  AVG MX 2MIN
DY MAX MIN AVG DEP HDD CDD  WTR  SNW DPTH SPD SPD DIR MIN PSBL S-S WX    SPD DR
================================================================================

 1  78  51  65   5   0   0 0.00  0.0    0  4.8 16 180   M    M   2        21 200
 2  79  51  65   5   0   0    T  0.0    0  7.0 14 180   M    M   7 1      21 160
 3  82  52  67   7   0   2 0.27  0.0    0 14.4 29 210   M    M   7 1      40 220
 4  63  40  52  -9  13   0 0.00  0.0    0  6.5 16 360   M    M   0        24 360
 5  66  37  52  -9  13   0 0.00  0.0    0  4.3 14 170   M    M   6        19 150
 6  68  56  62   1   3   0 0.58  0.0    0  7.4 18  40   M    M  10 1      24  40
 7  57  33  45 -16  20   0    T    M    0 10.5 25  10   M    M   9 1      33  30
 8  59  31  45 -17  20   0 0.00  0.0    0  5.4 16  70   M    M   4        20  90
 9  67  43  55  -7  10   0 0.00  0.0    0  5.6 17  40   M    M   2        21  50
10  68  43  56  -6   9   0 0.00  0.0    0  5.2 16 340   M    M   0        22 320
11  78  39  59  -3   6   0 0.00  0.0    0  5.8 17 180   M    M   0        23 200
12  84  53  69   7   0   4 0.00  0.0    0 12.2 22 150   M    M   0        29 150
13  75  67  71   8   0   6 0.87  0.0    0 11.1 23 120   M    M   8 13     31 120
14  72  41  57  -6   8   0 1.10    M    0  8.7 29 280   M    M   5 13     46 290
15  57  37  47 -16  18   0 0.00  0.0    0  9.0 22 280   M    M   2 8      30 310
16  72  32  52 -12  13   0 0.00  0.0    0  4.0 16 290   M    M   0        21 320
17  83  48  66   2   0   1 0.00  0.0    0 11.9 25 200   M    M   0        36 180
18  81  54  68   4   0   3 0.00  0.0    0  8.8 20 230   M    M   4        28 220
19  66  45  56  -8   9   0 0.00  0.0    0  8.1 16 350   M    M   0        23 360
20  69  39  54 -10  11   0 0.00  0.0    0  6.4 17  50   M    M   0        23  60
21  74  44  59  -6   6   0 1.01  0.0    0  6.7 20 110   M    M   3 13     26 300
22  65  53  59  -6   6   0 0.30  0.0    0  6.9 16 270   M    M   9 1      27 250
23  70  52  61  -4   4   0 0.00  0.0    0  5.2 14 320   M    M   9        21 270
24  80  50  65  -1   0   0 0.00  0.0    0  3.4 17 330   M    M   1        23 320
25  76  54  65  -1   0   0 0.33  0.0    0  5.9 15 260   M    M   6 1      24 320
================================================================================
SM 1789 1145       169  16  4.46     0.0 185.2          M       94
================================================================================
AV 71.6 45.8                               7.4 FASTST   M    M   4    MAX(MPH)
                                 MISC ---->  # 29 210               # 46  290
================================================================================
NOTES:
# LAST OF SEVERAL OCCURRENCES

COLUMN 17 PEAK WIND IN M.P.H.

PRELIMINARY LOCAL CLIMATOLOGICAL DATA (WS FORM: F-6) , PAGE 2

                                          STATION:  EL DORADO
                                          MONTH:    APRIL
                                          YEAR:     2018
                                          LATITUDE:   33 13 N
                                          LONGITUDE:  92 49 W

[TEMPERATURE DATA]      [PRECIPITATION DATA]       SYMBOLS USED IN COLUMN 16

AVERAGE MONTHLY: 58.7   TOTAL FOR MONTH:   4.46    1 = FOG OR MIST
DPTR FM NORMAL:  -4.1   DPTR FM NORMAL:    1.07    2 = FOG REDUCING VISIBILITY
HIGHEST:    84 ON 12    GRTST 24HR  1.10 ON 14-14      TO 1/4 MILE OR LESS
LOWEST:     31 ON  8                               3 = THUNDER
                        SNOW, ICE PELLETS, HAIL    4 = ICE PELLETS
                        TOTAL MONTH:   0.0 INCH    5 = HAIL
                        GRTST 24HR     0.0         6 = FREEZING RAIN OR DRIZZLE
                        GRTST DEPTH:   0           7 = DUSTSTORM OR SANDSTORM:
                                                       VSBY 1/2 MILE OR LESS
                                                   8 = SMOKE OR HAZE
[NO. OF DAYS WITH]      [WEATHER - DAYS WITH]      9 = BLOWING SNOW
                                                   X = TORNADO
MAX 32 OR BELOW:   0    0.01 INCH OR MORE:   7
MAX 90 OR ABOVE:   0    0.10 INCH OR MORE:   7
MIN 32 OR BELOW:   2    0.50 INCH OR MORE:   4
MIN  0 OR BELOW:   0    1.00 INCH OR MORE:   2

[HDD (BASE 65) ]
TOTAL THIS MO.   169    CLEAR  (SCALE 0-3)  13
DPTR FM NORMAL    61    PTCLDY (SCALE 4-7)   7
TOTAL FM JUL 1  2507    CLOUDY (SCALE 8-10)  5
DPTR FM NORMAL  -137

[CDD (BASE 65) ]
TOTAL THIS MO.    16
DPTR FM NORMAL   -38    [PRESSURE DATA]
TOTAL FM JAN 1    71    HIGHEST SLP M ON M
DPTR FM NORMAL   -11    LOWEST  SLP 29.53 ON 13

[REMARKS]
