000
CXUS54 KTSA 230850
CF6FSM
PRELIMINARY LOCAL CLIMATOLOGICAL DATA (WS FORM: F-6)
STATION: FORT SMITH ARKANSAS
MONTH: APRIL
YEAR: 2024
LATITUDE: 35 19 N
LONGITUDE: 94 22 W
TEMPERATURE IN F: :PCPN: SNOW: WIND :SUNSHINE: SKY :PK WND
================================================================================
1 2 3 4 5 6A 6B 7 8 9 10 11 12 13 14 15 16 17 18
12Z AVG MX 2MIN
DY MAX MIN AVG DEP HDD CDD WTR SNW DPTH SPD SPD DIR MIN PSBL S-S WX SPD DR
================================================================================
1 80 66 73 15 0 8 0.00 0.0 0 6.5 20 190 M M 7 27 180
2 74 44 59 0 6 0 0.00 0.0 0 13.5 23 290 M M 8 3 30 330
3 63 43 53 -6 12 0 0.00 0.0 0 13.6 26 320 M M 1 40 330
4 71 40 56 -3 9 0 0.00 0.0 0 8.7 21 270 M M 0 26 280
5 75 40 58 -1 7 0 0.00 0.0 0 7.5 16 70 M M 0 22 50
6 81 53 67 7 0 2 0.00 0.0 0 12.1 23 120 M M 2 35 160
7 79 52 66 6 0 1 0.00 0.0 0 11.2 25 250 M M 3 34 270
8 84 46 65 5 0 0 0.00 0.0 0 6.0 20 200 M M 0 3 27 210
9 71 58 65 5 0 0 0.96 0.0 0 8.9 28 100 M M 7 13 41 110
10 65 54 60 -1 5 0 0.88 0.0 0 8.9 21 350 M M 10 13 27 330
11 70 48 59 -2 6 0 0.00 0.0 0 13.3 30 300 M M 0 40 290
12 77 43 60 -1 5 0 0.00 0.0 0 4.4 15 260 M M 0 19 270
13 85 50 68 6 0 3 0.00 0.0 0 7.0 23 200 M M 0 35 200
14 81 55 68 6 0 3 0.00 0.0 0 6.3 17 220 M M 0 24 230
15 81 61 71 9 0 6 0.05 0.0 0 7.2 20 150 M M 3 1 30 150
16 80 70 75 13 0 10 0.00 0.0 0 10.8 23 200 M M 4 34 210
17 88 62 75 12 0 10 0.00 0.0 0 3.7 14 150 M M 1 1 19 140
18 83 59 71 8 0 6 0.00 0.0 0 7.4 21 300 M M 7 26 300
19 66 58 62 -1 3 0 0.00 0.0 0 8.2 16 10 M M 10 22 20
20 64 54 59 -4 6 0 0.02 0.0 0 7.3 21 80 M M 7 28 80
21 67 42 55 -9 10 0 0.01 0.0 0 6.5 22 350 M M 2 28 360
22 73 37 55 -9 10 0 0.00 0.0 M 4.6 16 220 M M 0 22 220
================================================================================
SM 1658 1135 79 49 1.92 0.0 183.6 M 72
================================================================================
AV 75.4 51.6 8.3 FASTST M M 3 MAX(MPH)
MISC ----> 30 300 41 110
================================================================================
NOTES:
# LAST OF SEVERAL OCCURRENCES
COLUMN 17 PEAK WIND IN M.P.H.
PRELIMINARY LOCAL CLIMATOLOGICAL DATA (WS FORM: F-6) , PAGE 2
STATION: FORT SMITH ARKANSAS
MONTH: APRIL
YEAR: 2024
LATITUDE: 35 19 N
LONGITUDE: 94 22 W
[TEMPERATURE DATA] [PRECIPITATION DATA] SYMBOLS USED IN COLUMN 16
AVERAGE MONTHLY: 63.5 TOTAL FOR MONTH: 1.92 1 = FOG OR MIST
DPTR FM NORMAL: 2.3 DPTR FM NORMAL: -1.48 2 = FOG REDUCING VISIBILITY
HIGHEST: 88 ON 17 GRTST 24HR 0.96 ON 9- 9 TO 1/4 MILE OR LESS
LOWEST: 37 ON 22 3 = THUNDER
SNOW, ICE PELLETS, HAIL 4 = ICE PELLETS
TOTAL MONTH: 0.0 INCH 5 = HAIL
GRTST 24HR 0.0 6 = FREEZING RAIN OR DRIZZLE
GRTST DEPTH: 0 7 = DUSTSTORM OR SANDSTORM:
VSBY 1/2 MILE OR LESS
8 = SMOKE OR HAZE
[NO. OF DAYS WITH] [WEATHER - DAYS WITH] 9 = BLOWING SNOW
X = TORNADO
MAX 32 OR BELOW: 0 0.01 INCH OR MORE: 5
MAX 90 OR ABOVE: 0 0.10 INCH OR MORE: 2
MIN 32 OR BELOW: 0 0.50 INCH OR MORE: 2
MIN 0 OR BELOW: 0 1.00 INCH OR MORE: 0
[HDD (BASE 65) ]
TOTAL THIS MO. 79 CLEAR (SCALE 0-3) 13
DPTR FM NORMAL -43 PTCLDY (SCALE 4-7) 7
TOTAL FM JUL 1 2553 CLOUDY (SCALE 8-10) 2
DPTR FM NORMAL -495
[CDD (BASE 65) ]
TOTAL THIS MO. 49
DPTR FM NORMAL 13 [PRESSURE DATA]
TOTAL FM JAN 1 76 HIGHEST SLP M ON M
DPTR FM NORMAL 25 LOWEST SLP 29.50 ON 1
[REMARKS]