000
CXUS55 KALY 250710
CF6GFL
PRELIMINARY LOCAL CLIMATOLOGICAL DATA (WS FORM: F-6)

                                          STATION:   GLENS FALLS NY
                                          MONTH:     MAY
                                          YEAR:      2018
                                          LATITUDE:   43 20 N
                                          LONGITUDE:  73 37 W

  TEMPERATURE IN F:       :PCPN:    SNOW:  WIND      :SUNSHINE: SKY     :PK WND
================================================================================
1   2   3   4   5  6A  6B    7    8   9   10  11  12  13   14  15   16   17  18
                                     12Z  AVG MX 2MIN
DY MAX MIN AVG DEP HDD CDD  WTR  SNW DPTH SPD SPD DIR MIN PSBL S-S WX    SPD DR
================================================================================

 1  68  39  54   3  11   0    T    M    M  3.7 13 160   M    M   5 18     16 160
 2  88  39  64  13   1   0    T    M    M  7.8 24 160   M    M   2        32 240
 3  84  57  71  20   0   6    T    M    M  5.9 22 230   M    M   5        33 230
 4  81  55  68  16   0   3 0.23    M    M  8.9 31 260   M    M   8 3      61 240
 5  75  45  60   8   5   0 0.00    M    M  6.0 20 230   M    M   2        27 300
 6  64  50  57   5   8   0    T    M    M  4.6 14 190   M    M   7        19 180
 7  66  43  55   2  10   0    T    M    M  6.8 15  70   M    M   5        18  70
 8  76  34  55   2  10   0 0.00    M    M  4.3 17 150   M    M   0        21 160
 9  80  41  61   8   4   0 0.00    M    M  3.6 15 150   M    M   0        18 160
10  71  46  59   5   6   0 0.01    M    M  8.1 20 200   M    M   3        27 190
11  61  42  52  -2  13   0 0.00    M    M  9.6 20  70   M    M   0        24 280
12  52  34  43 -11  22   0    T    M    M  3.6 12 150   M    M   5 1      15 190
13  70  32  51  -3  14   0 0.00    M    M  6.0 17 200   M    M   3 12     24 210
14  75  52  64   9   1   0 0.00    M    M  7.8 20 190   M    M   5        27 180
15  76  48  62   7   3   0 0.08    M    M  5.3 21 330   M    M   4 12     28 330
16  73  42  58   3   7   0 0.00    M    M  6.2 18 160   M    M   1 12     25 200
17  78  52  65   9   0   0 0.00    M    M  6.1 16  60   M    M   4        21  60
18  69  41  55  -1  10   0 0.00    M    M  6.2 17  20   M    M   0        21  30
19  57  40  49  -7  16   0 0.42    M    M  3.5 15 200   M    M   6 1      20 210
20  70  46  58   1   7   0 0.08    M    M  6.3 15 340   M    M   5 1      21 330
21  77  41  59   2   6   0 0.00    M    M  4.6 15 140   M    M   0 1      22 140
22  60  49  55  -2  10   0 0.32    M    M  4.3 20 200   M    M   7 1      25 200
23  82  49  66   8   0   1 0.00    M    M  6.1 24 310   M    M   4 1      38 300
24  77  42  60   2   5   0 0.00    M    M  4.8 14  10   M    M   0 1      19  10
================================================================================
SM 1730 1059       169  10  1.14    M    140.1          M       81
================================================================================
AV 72.1 44.1                               5.8 FASTST   M    M   3    MAX(MPH)
                                 MISC ---->  # 31 260               # 61  240
================================================================================
NOTES:
# LAST OF SEVERAL OCCURRENCES

COLUMN 17 PEAK WIND IN M.P.H.

PRELIMINARY LOCAL CLIMATOLOGICAL DATA (WS FORM: F-6) , PAGE 2

                                          STATION:  GLENS FALLS NY
                                          MONTH:    MAY
                                          YEAR:     2018
                                          LATITUDE:   43 20 N
                                          LONGITUDE:  73 37 W

[TEMPERATURE DATA]      [PRECIPITATION DATA]       SYMBOLS USED IN COLUMN 16

AVERAGE MONTHLY: 58.1   TOTAL FOR MONTH:   1.14    1 = FOG OR MIST
DPTR FM NORMAL:   3.8   DPTR FM NORMAL:   -1.66    2 = FOG REDUCING VISIBILITY
HIGHEST:    88 ON  2    GRTST 24HR  0.42 ON 19-19      TO 1/4 MILE OR LESS
LOWEST:     32 ON 13                               3 = THUNDER
                        SNOW, ICE PELLETS, HAIL    4 = ICE PELLETS
                        TOTAL MONTH:    M          5 = HAIL
                        GRTST 24HR    M  ON   M    6 = FREEZING RAIN OR DRIZZLE
                        GRTST DEPTH:  M  ON   M    7 = DUSTSTORM OR SANDSTORM:
                                                       VSBY 1/2 MILE OR LESS
                                                   8 = SMOKE OR HAZE
[NO. OF DAYS WITH]      [WEATHER - DAYS WITH]      9 = BLOWING SNOW
                                                   X = TORNADO
MAX 32 OR BELOW:   0    0.01 INCH OR MORE:   6
MAX 90 OR ABOVE:   0    0.10 INCH OR MORE:   3
MIN 32 OR BELOW:   1    0.50 INCH OR MORE:   0
MIN  0 OR BELOW:   0    1.00 INCH OR MORE:   0

[HDD (BASE 65) ]
TOTAL THIS MO.   169    CLEAR  (SCALE 0-3)  10
DPTR FM NORMAL   -95    PTCLDY (SCALE 4-7)  14
TOTAL FM JUL 1  7266    CLOUDY (SCALE 8-10)  0
DPTR FM NORMAL  -274

[CDD (BASE 65) ]
TOTAL THIS MO.    10
DPTR FM NORMAL     9    [PRESSURE DATA]
TOTAL FM JAN 1    10    HIGHEST SLP M ON M
DPTR FM NORMAL     8    LOWEST  SLP 29.58 ON  4

[REMARKS]
