000
CXUS54 KFWD 230730
CF6GLE
PRELIMINARY LOCAL CLIMATOLOGICAL DATA (WS FORM: F-6)
STATION: GAINESVILLE
MONTH: APRIL
YEAR: 2024
LATITUDE: 33 38 N
LONGITUDE: 97 12 W
TEMPERATURE IN F: :PCPN: SNOW: WIND :SUNSHINE: SKY :PK WND
================================================================================
1 2 3 4 5 6A 6B 7 8 9 10 11 12 13 14 15 16 17 18
12Z AVG MX 2MIN
DY MAX MIN AVG DEP HDD CDD WTR SNW DPTH SPD SPD DIR MIN PSBL S-S WX SPD DR
================================================================================
1 76 59 68 10 0 3 0.01 M M 9.9 16 190 M M 8 18 30 240
2 60 42 51 -8 14 0 0.00 M M 10.9 22 330 M M 5 29 330
3 68 42 55 -4 10 0 0.00 M M 8.8 20 340 M M 0 30 340
4 80 38 59 0 6 0 0.00 M M 2.1 7 180 M M 0 8 M M
5 82 52 67 7 0 2 0.00 M M 7.1 12 150 M M 0 8 17 170
6 76 60 68 8 0 3 0.00 M M 16.3 26 180 M M 6 35 180
7 76 50 63 3 2 0 0.00 M M 8.3 15 210 M M 0 23 240
8 79 49 64 4 1 0 0.28 M M 6.5 15 190 M M 3 31 30
9 69 57 63 2 2 0 0.39 M M 10.0 20 100 M M 10 25 70
10 61 47 54 -7 11 0 0.20 M M 10.7 30 330 M M 7 39 330
11 70 44 57 -4 8 0 0.00 M M 9.1 18 320 M M 0 25 350
12 77 43 60 -2 5 0 0.00 M M 6.5 15 190 M M 0 22 200
13 79 55 67 5 0 2 0.00 M M 11.4 22 200 M M 0 30 180
14 82 59 71 9 0 6 0.00 M M 12.3 17 210 M M 1 23 210
15 73 66 70 8 0 5 0.00 M M 11.7 20 150 M M 6 25 140
16 84 65 75 13 0 10 0.00 M M 11.6 24 180 M M 4 31 180
17 83 62 73 10 0 8 0.00 M M 6.7 15 160 M M 6 12 21 160
18 84 57 71 8 0 6 M M M 11.3 17 360 M M 6 23 340
19 66 55 61 -2 4 0 0.00 M M 9.0 14 20 M M 10 20 20
20 59 47 53 -11 12 0 1.48 M M 8.6 14 80 M M 10 1 32 300
21 64 43 54 -10 11 0 0.00 M M 7.9 15 360 M M 3 20 20
22 68 40 54 -10 11 0 0.00 M M 6.9 15 190 M M 0 21 180
================================================================================
SM 1616 1132 97 45 2.36 M 203.5 M 85
================================================================================
AV 73.5 51.5 9.2 FASTST M M 4 MAX(MPH)
MISC ----> 30 330 39 330
================================================================================
NOTES:
# LAST OF SEVERAL OCCURRENCES
COLUMN 17 PEAK WIND IN M.P.H.
PRELIMINARY LOCAL CLIMATOLOGICAL DATA (WS FORM: F-6) , PAGE 2
STATION: GAINESVILLE
MONTH: APRIL
YEAR: 2024
LATITUDE: 33 38 N
LONGITUDE: 97 12 W
[TEMPERATURE DATA] [PRECIPITATION DATA] SYMBOLS USED IN COLUMN 16
AVERAGE MONTHLY: 62.5 TOTAL FOR MONTH: 2.36 1 = FOG OR MIST
DPTR FM NORMAL: 1.1 DPTR FM NORMAL: -0.25 2 = FOG REDUCING VISIBILITY
HIGHEST: 84 ON 18,16 GRTST 24HR 1.48 ON 20-20 TO 1/4 MILE OR LESS
LOWEST: 38 ON 4 3 = THUNDER
SNOW, ICE PELLETS, HAIL 4 = ICE PELLETS
TOTAL MONTH: M 5 = HAIL
GRTST 24HR M ON M 6 = FREEZING RAIN OR DRIZZLE
GRTST DEPTH: M ON M 7 = DUSTSTORM OR SANDSTORM:
VSBY 1/2 MILE OR LESS
8 = SMOKE OR HAZE
[NO. OF DAYS WITH] [WEATHER - DAYS WITH] 9 = BLOWING SNOW
X = TORNADO
MAX 32 OR BELOW: 0 0.01 INCH OR MORE: 5
MAX 90 OR ABOVE: 0 0.10 INCH OR MORE: 4
MIN 32 OR BELOW: 0 0.50 INCH OR MORE: 1
MIN 0 OR BELOW: 0 1.00 INCH OR MORE: 1
[HDD (BASE 65) ]
TOTAL THIS MO. 97 CLEAR (SCALE 0-3) 10
DPTR FM NORMAL -20 PTCLDY (SCALE 4-7) 8
TOTAL FM JUL 1 2465 CLOUDY (SCALE 8-10) 4
DPTR FM NORMAL -390
[CDD (BASE 65) ]
TOTAL THIS MO. 45
DPTR FM NORMAL 11 [PRESSURE DATA]
TOTAL FM JAN 1 79 HIGHEST SLP M ON M
DPTR FM NORMAL 31 LOWEST SLP M ON M
[REMARKS]