000
CXUS54 KFWD 260730
CF6GOP
PRELIMINARY LOCAL CLIMATOLOGICAL DATA (WS FORM: F-6)

                                          STATION:   GATESVILLE
                                          MONTH:     MAY
                                          YEAR:      2018
                                          LATITUDE:   31 25 N
                                          LONGITUDE:  97 48 W

  TEMPERATURE IN F:       :PCPN:    SNOW:  WIND      :SUNSHINE: SKY     :PK WND
================================================================================
1   2   3   4   5  6A  6B    7    8   9   10  11  12  13   14  15   16   17  18
                                     12Z  AVG MX 2MIN
DY MAX MIN AVG DEP HDD CDD  WTR  SNW DPTH SPD SPD DIR MIN PSBL S-S WX    SPD DR
================================================================================

 1  79  68  74   6   0   9 0.00  0.0    0 10.9 15 140   M    M   8 1      22 130
 2  88  70  79  10   0  14    T  0.0    0 12.8 23 150   M    M   5 1      32 150
 3  84  70  77   8   0  12 0.02  0.0    0  7.7 15 150   M    M   4 38     21 150
 4  73  61  67  -2   0   2 1.24  0.0    0  4.8 13 150   M    M   8 13     16 350
 5  81  55  68  -1   0   3 0.00  0.0    0  3.5 10 350   M    M   2 12     18 360
 6  86  52  69  -1   0   4 0.00  0.0    0  0.8  6  99   M    M   0         M  M
 7  91  57  74   4   0   9 0.00  0.0    0  2.1  7 140   M    M   0         M  M
 8  91  66  79   9   0  14 0.00  0.0    0  9.2 16 190   M    M   0        22 180
 9  86  63  75   5   0  10 0.00  0.0    0  9.0 15 150   M    M   0        18 170
10  86  64  75   4   0  10 0.00  0.0    0 10.4 16 150   M    M   1        21 160
11  88  68  78   7   0  13 0.00  0.0    0 12.6 22 170   M    M   1        30 160
12  90  70  80   9   0  15 0.00  0.0    0  9.9 15 170   M    M   2        23 170
13  90  68  79   8   0  14 0.00  0.0    0  8.1 15 150   M    M   1        21 170
14  90  72  81   9   0  16 0.00  0.0    0  8.3 16 180   M    M   2        23 180
15  90  72  81   9   0  16 0.03  0.0    0  6.4 12 150   M    M   0 3      14 130
16  93  68  81   9   0  16 0.00  0.0    0  3.1  8  40   M    M   0        14  40
17  95  66  81   9   0  16 0.00  0.0    0  2.0  8 140   M    M   0 8      16 140
18  95  68  82  10   0  17 0.00  0.0    0  7.3 15 160   M    M   0        22 160
19  91  68  80   7   0  15 0.00  0.0    0 10.3 18 140   M    M   1        29 150
20  77  64  71  -2   0   6 1.49  0.0    0  4.7 13 320   M    M   4 13     20 320
21  84  64  74   1   0   9 0.00  0.0    0  1.2  7  99   M    M   5 12      M  M
22  88  68  78   4   0  13 0.00  0.0    0  2.9  8 140   M    M   3 1      12  99
23  88  66  77   3   0  12 0.00  0.0    0  2.3  8 120   M    M   2        13 140
24  90  68  79   5   0  14 0.00  0.0    0  1.4  8  99   M    M   1 1       M  M
25  93  70  82   8   0  17 0.00  0.0    0  3.1  8 170   M    M   0 8      13  99
================================================================================
SM 2187 1646         0 296  2.78     0.0 154.8          M       50
================================================================================
AV 87.5 65.8                               6.2 FASTST   M    M   2    MAX(MPH)
                                 MISC ---->  # 23 150               # 32  150
================================================================================
NOTES:
# LAST OF SEVERAL OCCURRENCES

COLUMN 17 PEAK WIND IN M.P.H.

PRELIMINARY LOCAL CLIMATOLOGICAL DATA (WS FORM: F-6) , PAGE 2

                                          STATION:  GATESVILLE
                                          MONTH:    MAY
                                          YEAR:     2018
                                          LATITUDE:   31 25 N
                                          LONGITUDE:  97 48 W

[TEMPERATURE DATA]      [PRECIPITATION DATA]       SYMBOLS USED IN COLUMN 16

AVERAGE MONTHLY: 76.7   TOTAL FOR MONTH:   2.78    1 = FOG OR MIST
DPTR FM NORMAL:   5.3   DPTR FM NORMAL:       M    2 = FOG REDUCING VISIBILITY
HIGHEST:    95 ON 18,17 GRTST 24HR  1.49 ON 20-20      TO 1/4 MILE OR LESS
LOWEST:     52 ON  6                               3 = THUNDER
                        SNOW, ICE PELLETS, HAIL    4 = ICE PELLETS
                        TOTAL MONTH:   0.0 INCH    5 = HAIL
                        GRTST 24HR     0.0         6 = FREEZING RAIN OR DRIZZLE
                        GRTST DEPTH:   0           7 = DUSTSTORM OR SANDSTORM:
                                                       VSBY 1/2 MILE OR LESS
                                                   8 = SMOKE OR HAZE
[NO. OF DAYS WITH]      [WEATHER - DAYS WITH]      9 = BLOWING SNOW
                                                   X = TORNADO
MAX 32 OR BELOW:   0    0.01 INCH OR MORE:   4
MAX 90 OR ABOVE:  12    0.10 INCH OR MORE:   2
MIN 32 OR BELOW:   0    0.50 INCH OR MORE:   2
MIN  0 OR BELOW:   0    1.00 INCH OR MORE:   2

[HDD (BASE 65) ]
TOTAL THIS MO.     0    CLEAR  (SCALE 0-3)  18
DPTR FM NORMAL   -10    PTCLDY (SCALE 4-7)   7
TOTAL FM JUL 1  2086    CLOUDY (SCALE 8-10)  0
DPTR FM NORMAL  -368

[CDD (BASE 65) ]
TOTAL THIS MO.   296
DPTR FM NORMAL   125    [PRESSURE DATA]
TOTAL FM JAN 1   429    HIGHEST SLP M ON M
DPTR FM NORMAL   156    LOWEST  SLP M ON M

[REMARKS]
