000
CXUS51 KPHI 280815
CF6ILG
PRELIMINARY LOCAL CLIMATOLOGICAL DATA (WS FORM: F-6)
STATION: WILMINGTON DE
MONTH: MARCH
YEAR: 2024
LATITUDE: 39 40 N
LONGITUDE: 75 36 W
TEMPERATURE IN F: :PCPN: SNOW: WIND :SUNSHINE: SKY :PK WND
================================================================================
1 2 3 4 5 6A 6B 7 8 9 10 11 12 13 14 15 16 17 18
12Z AVG MX 2MIN
DY MAX MIN AVG DEP HDD CDD WTR SNW DPTH SPD SPD DIR MIN PSBL S-S WX SPD DR
================================================================================
1 47 23 35 -4 30 0 T 0.0 0 7.1 20 170 M M 2 24 180
2 55 38 47 8 18 0 1.22 0.0 0 9.4 16 70 M M 10 12 20 70
3 67 41 54 15 11 0 0.00 0.0 0 4.6 15 290 M M 1 19 290
4 65 44 55 15 10 0 T 0.0 0 6.5 20 170 M M 8 24 160
5 50 43 47 7 18 0 0.34 0.0 0 11.1 24 50 M M 10 1 32 50
6 51 46 49 9 16 0 0.92 0.0 0 7.4 20 40 M M 10 12 26 40
7 60 46 53 13 12 0 0.02 0.0 0 12.3 22 360 M M 10 28 360
8 55 39 47 6 18 0 0.00 0.0 0 9.5 20 170 M M 0 24 170
9 54 40 47 6 18 0 1.26 0.0 0 10.3 25 160 M M 9 1 35 150
10 50 34 42 1 23 0 0.01 T 0 19.3 38 280 M M 7 1 48 290
11 54 37 46 4 19 0 0.00 0.0 0 20.8 35 300 M M 3 47 330
12 69 39 54 12 11 0 0.00 0.0 0 9.4 22 290 M M 0 30 290
13 73 41 57 15 8 0 0.00 0.0 0 5.6 15 240 M M 0 19 220
14 77 42 60 18 5 0 0.00 0.0 0 4.8 17 160 M M 0 21 160
15 75 48 62 19 3 0 T 0.0 0 11.4 23 330 M M 6 29 330
16 61 38 50 7 15 0 0.00 0.0 0 7.5 17 200 M M 0 22 290
17 66 47 57 14 8 0 0.00 0.0 0 11.0 24 290 M M 5 29 300
18 51 35 43 -1 22 0 0.00 0.0 0 15.4 28 320 M M 4 33 320
19 48 32 40 -4 25 0 0.00 0.0 0 12.3 26 300 M M 4 34 300
20 63 34 49 5 16 0 T 0.0 0 13.8 33 320 M M 5 44 310
21 44 28 36 -9 29 0 0.00 0.0 0 11.8 25 300 M M 0 32 300
22 43 26 35 -10 30 0 0.00 0.0 0 8.8 18 170 M M 5 22 170
23 51 32 42 -3 23 0 2.81 0.0 0 15.4 31 330 M M 9 1 38 310
24 51 26 39 -7 26 0 0.00 0.0 0 8.7 18 10 M M 0 24 330
25 55 31 43 -3 22 0 0.00 0.0 0 8.2 18 70 M M 0 23 50
26 56 34 45 -1 20 0 0.00 0.0 0 7.4 20 160 M M 5 24 170
27 48 42 45 -2 20 0 0.41 0.0 0 3.5 15 130 M M 10 1 19 120
================================================================================
SM 1539 1006 476 0 6.99 T 273.3 M 123
================================================================================
AV 57.0 37.3 10.1 FASTST M M 5 MAX(MPH)
MISC ----> 38 280 48 290
================================================================================
NOTES:
# LAST OF SEVERAL OCCURRENCES
COLUMN 17 PEAK WIND IN M.P.H.
PRELIMINARY LOCAL CLIMATOLOGICAL DATA (WS FORM: F-6) , PAGE 2
STATION: WILMINGTON DE
MONTH: MARCH
YEAR: 2024
LATITUDE: 39 40 N
LONGITUDE: 75 36 W
[TEMPERATURE DATA] [PRECIPITATION DATA] SYMBOLS USED IN COLUMN 16
AVERAGE MONTHLY: 47.1 TOTAL FOR MONTH: 6.99 1 = FOG OR MIST
DPTR FM NORMAL: 4.6 DPTR FM NORMAL: 3.36 2 = FOG REDUCING VISIBILITY
HIGHEST: 77 ON 14 GRTST 24HR 2.81 ON 23-23 TO 1/4 MILE OR LESS
LOWEST: 23 ON 1 3 = THUNDER
SNOW, ICE PELLETS, HAIL 4 = ICE PELLETS
TOTAL MONTH: T 5 = HAIL
GRTST 24HR T ON 10-10 6 = FREEZING RAIN OR DRIZZLE
GRTST DEPTH: 0 7 = DUSTSTORM OR SANDSTORM:
VSBY 1/2 MILE OR LESS
8 = SMOKE OR HAZE
[NO. OF DAYS WITH] [WEATHER - DAYS WITH] 9 = BLOWING SNOW
X = TORNADO
MAX 32 OR BELOW: 0 0.01 INCH OR MORE: 8
MAX 90 OR ABOVE: 0 0.10 INCH OR MORE: 6
MIN 32 OR BELOW: 7 0.50 INCH OR MORE: 4
MIN 0 OR BELOW: 0 1.00 INCH OR MORE: 3
[HDD (BASE 65) ]
TOTAL THIS MO. 476 CLEAR (SCALE 0-3) 11
DPTR FM NORMAL -132 PTCLDY (SCALE 4-7) 9
TOTAL FM JUL 1 3715 CLOUDY (SCALE 8-10) 7
DPTR FM NORMAL -381
[CDD (BASE 65) ]
TOTAL THIS MO. 0
DPTR FM NORMAL 0 [PRESSURE DATA]
TOTAL FM JAN 1 0 HIGHEST SLP M ON M
DPTR FM NORMAL 0 LOWEST SLP 29.47 ON 9
[REMARKS]