000
CXUS53 KLSX 251400
CF6JEF
PRELIMINARY LOCAL CLIMATOLOGICAL DATA (WS FORM: F-6)
STATION: JEFFERSON CITY
MONTH: APRIL
YEAR: 2024
LATITUDE: 38 35 N
LONGITUDE: 92 10 W
TEMPERATURE IN F: :PCPN: SNOW: WIND :SUNSHINE: SKY :PK WND
================================================================================
1 2 3 4 5 6A 6B 7 8 9 10 11 12 13 14 15 16 17 18
12Z AVG MX 2MIN
DY MAX MIN AVG DEP HDD CDD WTR SNW DPTH SPD SPD DIR MIN PSBL S-S WX SPD DR
================================================================================
1 74 61 68 16 0 3 2.20 0.0 0 6.3 25 40 M M 7 13 34 60
2 62 41 52 0 13 0 0.39 0.0 0 11.4 25 330 M M 9 13 39 320
3 54 40 47 -6 18 0 0.05 M M 12.7 31 300 M M 8 1 42 310
4 56 39 48 -5 17 0 0.00 0.0 0 9.5 23 290 M M 2 33 280
5 61 32 47 -6 18 0 0.00 0.0 0 5.4 14 80 M M 0 19 30
6 68 42 55 1 10 0 0.00 0.0 0 16.1 24 130 M M 0 34 120
7 75 54 65 11 0 0 T 0.0 0 13.6 31 220 M M 2 47 190
8 80 43 62 8 3 0 0.00 0.0 0 5.8 21 200 M M 0 28 200
9 71 49 60 5 5 0 0.00 0.0 0 4.4 10 340 M M 5 16 320
10 64 54 59 4 6 0 0.02 0.0 0 5.9 15 50 M M 8 22 50
11 67 52 60 5 5 0 0.00 0.0 0 14.7 31 290 M M 4 43 300
12 70 47 59 3 6 0 0.00 0.0 0 10.2 23 280 M M 0 32 300
13 87 39 63 7 2 0 0.00 0.0 0 6.5 22 240 M M 0 30 220
14 88 61 75 19 0 10 0.00 0.0 0 5.7 16 240 M M 0 8 22 250
15 88 58 73 17 0 8 0.00 0.0 0 4.7 15 150 M M 2 20 150
16 81 72 77 20 0 12 0.01 0.0 0 13.9 30 180 M M 3 3 46 190
17 83 58 71 14 0 6 0.00 0.0 0 11.7 28 270 M M 0 37 270
18 83 51 67 10 0 2 0.19 0.0 0 9.2 31 300 M M 5 138 44 300
19 64 44 54 -4 11 0 0.00 0.0 0 6.7 15 20 M M 4 21 20
20 59 43 51 -7 14 0 0.00 0.0 0 8.1 20 290 M M 2 28 270
21 61 39 50 -8 15 0 0.00 0.0 0 5.8 20 310 M M 3 27 310
22 71 33 52 -7 13 0 0.00 0.0 0 7.2 21 200 M M 0 29 210
23 68 49 59 0 6 0 0.20 0.0 0 4.1 16 230 M M 5 123 22 220
24 73 41 57 -2 8 0 0.00 0.0 0 5.5 15 350 M M 3 12 20 340
================================================================================
SM 1708 1142 170 41 3.06 0.0 205.1 M 72
================================================================================
AV 71.2 47.6 8.5 FASTST M M 3 MAX(MPH)
MISC ----> # 31 300 47 190
================================================================================
NOTES:
# LAST OF SEVERAL OCCURRENCES
COLUMN 17 PEAK WIND IN M.P.H.
PRELIMINARY LOCAL CLIMATOLOGICAL DATA (WS FORM: F-6) , PAGE 2
STATION: JEFFERSON CITY
MONTH: APRIL
YEAR: 2024
LATITUDE: 38 35 N
LONGITUDE: 92 10 W
[TEMPERATURE DATA] [PRECIPITATION DATA] SYMBOLS USED IN COLUMN 16
AVERAGE MONTHLY: 59.4 TOTAL FOR MONTH: 3.06 1 = FOG OR MIST
DPTR FM NORMAL: 3.7 DPTR FM NORMAL: -0.31 2 = FOG REDUCING VISIBILITY
HIGHEST: 88 ON 15,14 GRTST 24HR 2.48 ON 1- 2 TO 1/4 MILE OR LESS
LOWEST: 32 ON 5 3 = THUNDER
SNOW, ICE PELLETS, HAIL 4 = ICE PELLETS
TOTAL MONTH: 0.0 INCH 5 = HAIL
GRTST 24HR 0.0 6 = FREEZING RAIN OR DRIZZLE
GRTST DEPTH: 0 7 = DUSTSTORM OR SANDSTORM:
VSBY 1/2 MILE OR LESS
8 = SMOKE OR HAZE
[NO. OF DAYS WITH] [WEATHER - DAYS WITH] 9 = BLOWING SNOW
X = TORNADO
MAX 32 OR BELOW: 0 0.01 INCH OR MORE: 7
MAX 90 OR ABOVE: 0 0.10 INCH OR MORE: 4
MIN 32 OR BELOW: 1 0.50 INCH OR MORE: 1
MIN 0 OR BELOW: 0 1.00 INCH OR MORE: 1
[HDD (BASE 65) ]
TOTAL THIS MO. 170 CLEAR (SCALE 0-3) 15
DPTR FM NORMAL -74 PTCLDY (SCALE 4-7) 8
TOTAL FM JUL 1 3609 CLOUDY (SCALE 8-10) 1
DPTR FM NORMAL -850
[CDD (BASE 65) ]
TOTAL THIS MO. 41
DPTR FM NORMAL 17 [PRESSURE DATA]
TOTAL FM JAN 1 61 HIGHEST SLP M ON M
DPTR FM NORMAL 31 LOWEST SLP 29.44 ON 2
[REMARKS]