000
CXUS55 KCYS 271000
CF6LAR
PRELIMINARY LOCAL CLIMATOLOGICAL DATA (WS FORM: F-6)

                                          STATION:   LARAMIE WYOMING AIRPORT
                                          MONTH:     MAY
                                          YEAR:      2018
                                          LATITUDE:   41 18 N
                                          LONGITUDE: 105 40 W

  TEMPERATURE IN F:       :PCPN:    SNOW:  WIND      :SUNSHINE: SKY     :PK WND
================================================================================
1   2   3   4   5  6A  6B    7    8   9   10  11  12  13   14  15   16   17  18
                                     12Z  AVG MX 2MIN
DY MAX MIN AVG DEP HDD CDD  WTR  SNW DPTH SPD SPD DIR MIN PSBL S-S WX    SPD DR
================================================================================

 1  49  28  39  -4  26   0 0.22    M    M  9.2 30 300   M    M   7 13     38 310
 2  45  33  39  -4  26   0 0.09    M    M  9.2 24 140   M    M   9 1      29 140
 3  48  31  40  -3  25   0 0.27    M    M  9.8 25 330   M    M   8 13     31 350
 4  64  27  46   2  19   0 0.00    M    M  8.1 21 270   M    M   1        26 280
 5  67  34  51   7  14   0 0.00    M    M  7.8 30 300   M    M   3        41 300
 6  70  35  53   9  12   0    T    M    M  7.9 24 320   M    M   2        37 290
 7  73  40  57  12   8   0 0.00    M    M 14.7 35 290   M    M   2        43 290
 8  70  35  53   8  12   0 0.00    M    M 10.1 23 300   M    M   2        35 300
 9  73  33  53   8  12   0 0.01    M    M  6.8 31 330   M    M   3        39 320
10  75  40  58  12   7   0    T    M    M 10.7 39 270   M    M   3 3      53 270
11  63  38  51   5  14   0 0.05    M    M 12.2 25 110   M    M   5 13     34 110
12  59  41  50   4  15   0    T    M    M 18.5 40 150   M    M   7        46 150
13  59  39  49   2  16   0 0.15    M    M  8.5 18 360   M    M   5 123    22  30
14  59  32  46  -1  19   0 0.02    M    M  6.7 28 320   M    M   3 123    35 310
15  68  29  49   2  16   0    T    M    M  7.9 30 190   M    M   2 13     42 140
16  74  35  55   7  10   0 0.00    M    M  7.8 20 150   M    M   0 1      27 210
17  78  36  57   9   8   0 0.00    M    M 11.9 29 190   M    M   0        45 220
18  62  35  49   1  16   0 0.00    M    M 12.8 29 140   M    M   2        34 140
19  47  33  40  -9  25   0    T    M    M  9.2 15 150   M    M   9        19  40
20  63  30  47  -2  18   0 0.00    M    M 14.9 29 150   M    M   2        35 150
21  72  32  52   3  13   0    T    M    M  8.1 36 310   M    M   2 3      43 310
22  70  39  55   5  10   0 0.02    M    M 11.5 35 130   M    M   3 13     43 130
23  72  35  54   4  11   0 0.02    M    M 10.6 28 160   M    M   2 3      39 130
24  75  34  55   5  10   0 0.00    M    M 11.9 26 270   M    M   1        34 260
25  80  38  59   9   6   0 0.00    M    M  8.0 20 240   M    M   0        25 230
26  84  38  61  10   4   0 0.00    M    M 10.7 28 160   M    M   0        35 160
================================================================================
SM 1719  900       372   0  0.85    M    265.5          M       83
================================================================================
AV 66.1 34.6                              10.2 FASTST   M    M   3    MAX(MPH)
                                 MISC ---->  # 40 150               # 53  270
================================================================================
NOTES:
# LAST OF SEVERAL OCCURRENCES

COLUMN 17 PEAK WIND IN M.P.H.

PRELIMINARY LOCAL CLIMATOLOGICAL DATA (WS FORM: F-6) , PAGE 2

                                          STATION:  LARAMIE WYOMING AIRPORT
                                          MONTH:    MAY
                                          YEAR:     2018
                                          LATITUDE:   41 18 N
                                          LONGITUDE: 105 40 W

[TEMPERATURE DATA]      [PRECIPITATION DATA]       SYMBOLS USED IN COLUMN 16

AVERAGE MONTHLY: 50.4   TOTAL FOR MONTH:   0.85    1 = FOG OR MIST
DPTR FM NORMAL:   3.6   DPTR FM NORMAL:   -0.51    2 = FOG REDUCING VISIBILITY
HIGHEST:    84 ON 26    GRTST 24HR  0.27 ON  3- 3      TO 1/4 MILE OR LESS
LOWEST:     27 ON  4                               3 = THUNDER
                        SNOW, ICE PELLETS, HAIL    4 = ICE PELLETS
                        TOTAL MONTH:    M          5 = HAIL
                        GRTST 24HR    M  ON   M    6 = FREEZING RAIN OR DRIZZLE
                        GRTST DEPTH:  M  ON   M    7 = DUSTSTORM OR SANDSTORM:
                                                       VSBY 1/2 MILE OR LESS
                                                   8 = SMOKE OR HAZE
[NO. OF DAYS WITH]      [WEATHER - DAYS WITH]      9 = BLOWING SNOW
                                                   X = TORNADO
MAX 32 OR BELOW:   0    0.01 INCH OR MORE:   9
MAX 90 OR ABOVE:   0    0.10 INCH OR MORE:   3
MIN 32 OR BELOW:   7    0.50 INCH OR MORE:   0
MIN  0 OR BELOW:   0    1.00 INCH OR MORE:   0

[HDD (BASE 65) ]
TOTAL THIS MO.   372    CLEAR  (SCALE 0-3)  18
DPTR FM NORMAL  -101    PTCLDY (SCALE 4-7)   6
TOTAL FM JUL 1  7707    CLOUDY (SCALE 8-10)  2
DPTR FM NORMAL  -815

[CDD (BASE 65) ]
TOTAL THIS MO.     0
DPTR FM NORMAL     0    [PRESSURE DATA]
TOTAL FM JAN 1     0    HIGHEST SLP  0.00 ON  8
DPTR FM NORMAL     0    LOWEST  SLP  0.00 ON  8

[REMARKS]
