000
CXUS54 KEPZ 211200
CF6LRU
PRELIMINARY LOCAL CLIMATOLOGICAL DATA (WS FORM: F-6)

                                          STATION:   LAS CRUCES
                                          MONTH:     APRIL
                                          YEAR:      2018
                                          LATITUDE:   32 17 N
                                          LONGITUDE: 106 46 W

  TEMPERATURE IN F:       :PCPN:    SNOW:  WIND      :SUNSHINE: SKY     :PK WND
================================================================================
1   2   3   4   5  6A  6B    7    8   9   10  11  12  13   14  15   16   17  18
                                     12Z  AVG MX 2MIN
DY MAX MIN AVG DEP HDD CDD  WTR  SNW DPTH SPD SPD DIR MIN PSBL S-S WX    SPD DR
================================================================================

 1  82  52  67   M   0   2 0.00  0.0    0  9.0 18 260   M    M   0        29 270
 2  81  50  66   M   0   1 0.00  0.0    0 13.2 23 250   M    M   0        33 240
 3  80  50  65   M   0   0 0.00  0.0    0 12.4 20 260   M    M   0        31 250
 4  79  48  64   M   1   0 0.00  0.0    0  8.3 17 140   M    M   0        21 140
 5  83  45  64   M   1   0 0.00  0.0    0  8.3 18 250   M    M   0        24 250
 6  84  50  67   M   0   2 0.00  0.0    0 14.5 25 250   M    M   1        36 250
 7  85  59  72   M   0   7 0.00  0.0    0 16.0 23 250   M    M   0        33 250
 8  86  60  73   M   0   8 0.00  0.0    0 20.8 31 260   M    M   0        44 270
 9  81  53  67   M   0   2 0.00  0.0    0  7.2 15 340   M    M   0        20  40
10  82  51  67   M   0   2 0.00  0.0    0  6.0 15 130   M    M   0        18 130
11  92  50  71   M   0   6 0.00  0.0    0 10.4 24 260   M    M   0        35 260
12  86  57  72   M   0   7 0.00  0.0    0 21.0 40 240   M    M   0        50 240
13  64  44  54   M  11   0 0.00  0.0    0 24.7 37 270   M    M   0        52 290
14  69  31  50   M  15   0 0.00  0.0    0  8.0 15 340   M    M   0        24  20
15  79  37  58   M   7   0 0.00  0.0    0  5.9 13 170   M    M   0        18 170
16  85  46  66   M   0   1 0.00  0.0    0 10.3 21 250   M    M   0        29 250
17  83  55  69   M   0   4 0.00  0.0    0 17.0 35 240   M    M   0        46 240
18  80  46  63   M   2   0 0.00  0.0    0  7.7 14 350   M    M   0        21 350
19  84  57  71   M   0   6 0.00  0.0    0 16.6 27 110   M    M   1        33 110
20  72  53  63   M   2   0 0.00  0.0    0 20.2 33 270   M    M   0        46 270
================================================================================
SM 1617  994        39  48  0.00     0.0 257.5          M        2
================================================================================
AV 80.9 49.7                              12.9 FASTST   M    M   0    MAX(MPH)
                                 MISC ---->  # 40 240               # 52  290
================================================================================
NOTES:
# LAST OF SEVERAL OCCURRENCES

COLUMN 17 PEAK WIND IN M.P.H.

PRELIMINARY LOCAL CLIMATOLOGICAL DATA (WS FORM: F-6) , PAGE 2

                                          STATION:  LAS CRUCES
                                          MONTH:    APRIL
                                          YEAR:     2018
                                          LATITUDE:   32 17 N
                                          LONGITUDE: 106 46 W

[TEMPERATURE DATA]      [PRECIPITATION DATA]       SYMBOLS USED IN COLUMN 16

AVERAGE MONTHLY: 65.3   TOTAL FOR MONTH:   0.00    1 = FOG OR MIST
DPTR FM NORMAL:     M   DPTR FM NORMAL:       M    2 = FOG REDUCING VISIBILITY
HIGHEST:    92 ON 11    GRTST 24HR  0.00 ON 20-20      TO 1/4 MILE OR LESS
LOWEST:     31 ON 14                               3 = THUNDER
                        SNOW, ICE PELLETS, HAIL    4 = ICE PELLETS
                        TOTAL MONTH:   0.0 INCH    5 = HAIL
                        GRTST 24HR     0.0         6 = FREEZING RAIN OR DRIZZLE
                        GRTST DEPTH:   0           7 = DUSTSTORM OR SANDSTORM:
                                                       VSBY 1/2 MILE OR LESS
                                                   8 = SMOKE OR HAZE
[NO. OF DAYS WITH]      [WEATHER - DAYS WITH]      9 = BLOWING SNOW
                                                   X = TORNADO
MAX 32 OR BELOW:   0    0.01 INCH OR MORE:   0
MAX 90 OR ABOVE:   1    0.10 INCH OR MORE:   0
MIN 32 OR BELOW:   1    0.50 INCH OR MORE:   0
MIN  0 OR BELOW:   0    1.00 INCH OR MORE:   0

[HDD (BASE 65) ]
TOTAL THIS MO.    39    CLEAR  (SCALE 0-3)  20
DPTR FM NORMAL     M    PTCLDY (SCALE 4-7)   0
TOTAL FM JUL 1  2227    CLOUDY (SCALE 8-10)  0
DPTR FM NORMAL     M

[CDD (BASE 65) ]
TOTAL THIS MO.    48
DPTR FM NORMAL     M    [PRESSURE DATA]
TOTAL FM JAN 1    54    HIGHEST SLP M ON M
DPTR FM NORMAL     M    LOWEST  SLP M ON M

[REMARKS]
