000
CXUS53 KARX 190930
CF6LSE
PRELIMINARY LOCAL CLIMATOLOGICAL DATA (WS FORM: F-6)

                                          STATION:   LA CROSSE WI
                                          MONTH:     APRIL
                                          YEAR:      2018
                                          LATITUDE:   43 52 N
                                          LONGITUDE:  91 15 W

  TEMPERATURE IN F:       :PCPN:    SNOW:  WIND      :SUNSHINE: SKY     :PK WND
================================================================================
1   2   3   4   5  6A  6B    7    8   9   10  11  12  13   14  15   16   17  18
                                     12Z  AVG MX 2MIN
DY MAX MIN AVG DEP HDD CDD  WTR  SNW DPTH SPD SPD DIR MIN PSBL S-S WX    SPD DR
================================================================================

 1  37  15  26 -16  39   0 0.00  0.0    0 10.7 20 300   M    M   1        26 290
 2  42  19  31 -11  34   0    T    T    0  7.3 16  90   M    M   5 8      26 170
 3  34  27  31 -12  34   0 0.46  6.7    0 10.2 22 330   M    M  10 128    27  70
 4  31  17  24 -19  41   0 0.05  0.6    7 13.2 26 300   M    M   4 1      33 300
 5  41  15  28 -16  37   0 0.00  0.0    5  6.6 20 310   M    M   5        26 300
 6  36  18  27 -17  38   0    T    T    2 18.8 32 310   M    M   4        43 300
 7  35  16  26 -19  39   0    T    T    2  9.5 21 330   M    M   3        25 330
 8  37  17  27 -18  38   0    T    T    1  4.0 13 190   M    M   4        16 180
 9  44  25  35 -11  30   0 0.01  0.3    1  6.5 15 300   M    M   6 18     19 300
10  43  28  36 -10  29   0    T    T    T  8.3 16 210   M    M   9        20 220
11  54  27  41  -6  24   0 0.11  0.0    T  4.8 13 110   M    M   4 1      16 100
12  59  43  51   4  14   0 0.00  0.0    0  8.7 16 310   M    M   5 18     22 310
13  46  35  41  -7  24   0 1.21    T    0 12.7 24  50   M    M  10 134    37  50
14  35  25  30 -18  35   0 0.54  3.3    1 17.5 31  50   M    M  10 148    57  50
15  27  24  26 -22  39   0 0.11  2.1    4 13.1 22  40   M    M  10 128    32  50
16  34  26  30 -19  35   0    T    T    6 15.2 24 330   M    M  10 18     30 320
17  42  28  35 -14  30   0 0.00  0.0    5 10.5 20 320   M    M   3        26 340
18  36  28  32 -18  33   0 0.47  6.0    3  8.3 17  70   M    M   9 12     25  80
================================================================================
SM  713  433       593   0  2.96    19.0 185.9          M      112
================================================================================
AV 39.6 24.1                              10.3 FASTST   M    M   6    MAX(MPH)
                                 MISC ---->  # 32 310               # 57   50
================================================================================
NOTES:
# LAST OF SEVERAL OCCURRENCES

COLUMN 17 PEAK WIND IN M.P.H.

PRELIMINARY LOCAL CLIMATOLOGICAL DATA (WS FORM: F-6) , PAGE 2

                                          STATION:  LA CROSSE WI
                                          MONTH:    APRIL
                                          YEAR:     2018
                                          LATITUDE:   43 52 N
                                          LONGITUDE:  91 15 W

[TEMPERATURE DATA]      [PRECIPITATION DATA]       SYMBOLS USED IN COLUMN 16

AVERAGE MONTHLY: 31.8   TOTAL FOR MONTH:   2.96    1 = FOG OR MIST
DPTR FM NORMAL: -14.1   DPTR FM NORMAL:    1.07    2 = FOG REDUCING VISIBILITY
HIGHEST:    59 ON 12    GRTST 24HR  1.21 ON 13-13      TO 1/4 MILE OR LESS
LOWEST:     15 ON  5, 1                            3 = THUNDER
                        SNOW, ICE PELLETS, HAIL    4 = ICE PELLETS
                        TOTAL MONTH:  19.0 INCHES  5 = HAIL
                        GRTST 24HR   6.7 ON  3- 3  6 = FREEZING RAIN OR DRIZZLE
                        GRTST DEPTH:   7 ON  4     7 = DUSTSTORM OR SANDSTORM:
                                                       VSBY 1/2 MILE OR LESS
                                                   8 = SMOKE OR HAZE
[NO. OF DAYS WITH]      [WEATHER - DAYS WITH]      9 = BLOWING SNOW
                                                   X = TORNADO
MAX 32 OR BELOW:   2    0.01 INCH OR MORE:   8
MAX 90 OR ABOVE:   0    0.10 INCH OR MORE:   6
MIN 32 OR BELOW:  16    0.50 INCH OR MORE:   2
MIN  0 OR BELOW:   0    1.00 INCH OR MORE:   1

[HDD (BASE 65) ]
TOTAL THIS MO.   593    CLEAR  (SCALE 0-3)   2
DPTR FM NORMAL   248    PTCLDY (SCALE 4-7)   9
TOTAL FM JUL 1  6745    CLOUDY (SCALE 8-10)  7
DPTR FM NORMAL   -53

[CDD (BASE 65) ]
TOTAL THIS MO.     0
DPTR FM NORMAL     0    [PRESSURE DATA]
TOTAL FM JAN 1     0    HIGHEST SLP M ON M
DPTR FM NORMAL     0    LOWEST  SLP 29.56 ON 12

[REMARKS]
