000
CXAK56 PAFG 230948
CF6MCG
PRELIMINARY LOCAL CLIMATOLOGICAL DATA (WS FORM: F-6)

                                          STATION:   MCGRATH AK
                                          MONTH:     APRIL
                                          YEAR:      2018
                                          LATITUDE:   62 57 N
                                          LONGITUDE: 155 36 W

  TEMPERATURE IN F:       :PCPN:    SNOW:  WIND      :SUNSHINE: SKY     :PK WND
================================================================================
1   2   3   4   5  6A  6B    7    8   9   10  11  12  13   14  15   16   17  18
                                     12Z  AVG MX 2MIN
DY MAX MIN AVG DEP HDD CDD  WTR  SNW DPTH SPD SPD DIR MIN PSBL S-S WX    SPD DR
================================================================================

 1  39  28  34  15  31   0    T    T   26  7.2 20  10   M    M   4 1      25 360
 2  38  15  27   7  38   0 0.00  0.0   26  4.6 13  10   M    M   0        17  10
 3  28   7  18  -3  47   0 0.00  0.0   25  9.6 23  30   M    M   6        37  20
 4  27   7  17  -4  48   0 0.00  0.0   25  9.0 18  10   M    M   0        27  80
 5  36   1  19  -3  46   0 0.00  0.0   25  2.7 10 130   M    M   7        13 360
 6  39  14  27   4  38   0 0.00  0.0   24  1.1  7 130   M    M   7         9 140
 7  40   9  25   1  40   0 0.00  0.0   24  7.2 18  10   M    M   0        25  10
 8  41  21  31   7  34   0 0.00  0.0   24  5.8 12  10   M    M   0        15  10
 9  48  15  32   7  33   0    T    T   22  6.0 20 100   M    M   3        27  90
10  44  20  32   6  33   0 0.00  0.0   21  4.8 15  60   M    M   0        21  60
11  47  20  34   7  31   0 0.00  0.0   21  0.8  6 260   M    M   1         7 330
12  54  29  42  15  23   0 0.00  0.0   20  3.1  9  90   M    M   3        12 100
13  50  27  39  11  26   0 0.00  0.0   19  3.8 10  30   M    M   3        14  40
14  45  29  37   8  28   0 0.00  0.0   17  5.5 15  90   M    M   4        20 100
15  39  26  33   3  32   0 0.00  0.0   16  7.9 15  80   M    M   3        22  80
16  36  31  34   4  31   0 0.02    M   16  3.6 10 110   M    M  10 1      14 110
17  46  29  38   7  27   0 0.00  0.0   15  6.1 18 100   M    M   8        24  90
18  45  35  40   8  25   0 0.00  0.0   15  7.7 17  90   M    M   2        25  90
19  44  24  34   2  31   0 0.00  0.0   12  3.1 10  50   M    M   0        14  40
20  36  24  30  -3  35   0 0.00  0.0   11  6.9 17  90   M    M   5        23  90
21  40  20  30  -4  35   0 0.11  2.5   14  7.5 14 100   M    M   6 18     19 140
22  48  15  32  -3  33   0 0.00  0.0   11  5.6 18  80   M    M   0 8      25  80
================================================================================
SM  910  446       745   0  0.13     2.5 119.6          M       72
================================================================================
AV 41.4 20.3                               5.4 FASTST   M    M   3    MAX(MPH)
                                 MISC ---->  # 23  30               # 37   20
================================================================================
NOTES:
# LAST OF SEVERAL OCCURRENCES

COLUMN 17 PEAK WIND IN M.P.H.

PRELIMINARY LOCAL CLIMATOLOGICAL DATA (WS FORM: F-6) , PAGE 2

                                          STATION:  MCGRATH AK
                                          MONTH:    APRIL
                                          YEAR:     2018
                                          LATITUDE:   62 57 N
                                          LONGITUDE: 155 36 W

[TEMPERATURE DATA]      [PRECIPITATION DATA]       SYMBOLS USED IN COLUMN 16

AVERAGE MONTHLY: 30.8   TOTAL FOR MONTH:   0.13    1 = FOG OR MIST
DPTR FM NORMAL:   3.9   DPTR FM NORMAL:   -0.40    2 = FOG REDUCING VISIBILITY
HIGHEST:    54 ON 12    GRTST 24HR  0.11 ON 21-21      TO 1/4 MILE OR LESS
LOWEST:      1 ON  5                               3 = THUNDER
                        SNOW, ICE PELLETS, HAIL    4 = ICE PELLETS
                        TOTAL MONTH:   2.5 INCHES  5 = HAIL
                        GRTST 24HR   2.5 ON 21-21  6 = FREEZING RAIN OR DRIZZLE
                        GRTST DEPTH:  26 ON  2, 1  7 = DUSTSTORM OR SANDSTORM:
                                                       VSBY 1/2 MILE OR LESS
                                                   8 = SMOKE OR HAZE
[NO. OF DAYS WITH]      [WEATHER - DAYS WITH]      9 = BLOWING SNOW
                                                   X = TORNADO
MAX 32 OR BELOW:   2    0.01 INCH OR MORE:   2
MAX 90 OR ABOVE:   0    0.10 INCH OR MORE:   1
MIN 32 OR BELOW:  21    0.50 INCH OR MORE:   0
MIN  0 OR BELOW:   0    1.00 INCH OR MORE:   0

[HDD (BASE 65) ]
TOTAL THIS MO.   745    CLEAR  (SCALE 0-3)  13
DPTR FM NORMAL   -94    PTCLDY (SCALE 4-7)   8
TOTAL FM JUL 1 10689    CLOUDY (SCALE 8-10)  1
DPTR FM NORMAL -2037

[CDD (BASE 65) ]
TOTAL THIS MO.     0
DPTR FM NORMAL     0    [PRESSURE DATA]
TOTAL FM JAN 1     0    HIGHEST SLP M ON M
DPTR FM NORMAL     0    LOWEST  SLP 29.63 ON 11

[REMARKS]
