000
CXUS53 KPAH 260631
CF6MDH
PRELIMINARY LOCAL CLIMATOLOGICAL DATA (WS FORM: F-6)

                                          STATION:   CARBONDALE IL
                                          MONTH:     MAY
                                          YEAR:      2018
                                          LATITUDE:   37 46 N
                                          LONGITUDE:  89 15 W

  TEMPERATURE IN F:       :PCPN:    SNOW:  WIND      :SUNSHINE: SKY     :PK WND
================================================================================
1   2   3   4   5  6A  6B    7    8   9   10  11  12  13   14  15   16   17  18
                                     12Z  AVG MX 2MIN
DY MAX MIN AVG DEP HDD CDD  WTR  SNW DPTH SPD SPD DIR MIN PSBL S-S WX    SPD DR
================================================================================

 1  81  45  63   1   2   0 0.00  0.0    0 11.4 28 200   M    M   0        39 180
 2  83  61  72  10   0   7 0.00    M    M 13.8 25 210   M    M   5        36 220
 3  76  64  70   8   0   5 1.75    M    M 10.4 23 250   M    M   7 13     31 260
 4  79  62  71   9   0   6    T    M    M  8.0 17 230   M    M   5 1      23 360
 5  79  58  69   6   0   4 0.00  0.0    0  4.1 14 320   M    M   0        17 310
 6  82  55  69   6   0   4 0.07    M    M  6.5 29 340   M    M   1 3      39 350
 7  78  52  65   1   0   0 0.00  0.0    0  4.2 15  20   M    M   0        19 350
 8  80  47  64   0   1   0 0.00  0.0    0  3.6  8 100   M    M   0 1      17 120
 9  84  62  73   9   0   8    T  0.0    0 11.1 24 200   M    M   1        31 190
10  87  58  73   9   0   8 0.00  0.0    0  5.9 20 200   M    M   0        26 200
11  86  59  73   8   0   8 0.00  0.0    0 10.6 33 180   M    M   0        44 180
12  86  65  76  11   0  11 0.00  0.0    0 10.0 23 230   M    M   0        31 220
13  88  63  76  11   0  11 0.00  0.0    0  6.9 16 200   M    M   1        22 200
14  89  63  76  10   0  11 0.00  0.0    0  6.5 23 320   M    M   1 1      35 300
15  85  64  75   9   0  10    T  0.0    0  4.2 15 300   M    M   1        21 310
16  85  65  75   9   0  10    T  0.0    0  3.3 13 130   M    M   4 13     19 130
17  81  63  72   6   0   7 0.69  0.0    0  5.4 21 170   M    M   5 13     28 180
18  74  64  69   2   0   4 1.06  0.0    0  3.4 16 220   M    M   8 1238   20 220
19  83  65  74   7   0   9 0.03  0.0    0  6.1 24 250   M    M   5 13     36 240
20  80  62  71   4   0   6 0.43  0.0    0  4.1 21 330   M    M   1 13     29 310
21  80  66  73   5   0   8 0.05  0.0    0  4.9 14 190   M    M   4 1      21 150
22  86  63  75   7   0  10 0.00  0.0    0  3.4 12 330   M    M   1 128    18  10
23  86  62  74   6   0   9 0.00  0.0    0  3.0 13  20   M    M   0 1      17  20
24  87  62  75   6   0  10 0.00  0.0    0  1.8  8  70   M    M   0 1      13  80
25  88  63  76   7   0  11 0.07    M    M  4.8 18 230   M    M   2 13     24 210
================================================================================
SM 2073 1513         3 177  4.15     0.0 157.4          M       52
================================================================================
AV 82.9 60.5                               6.3 FASTST   M    M   2    MAX(MPH)
                                 MISC ---->  # 33 180               # 44  180
================================================================================
NOTES:
# LAST OF SEVERAL OCCURRENCES

COLUMN 17 PEAK WIND IN M.P.H.

PRELIMINARY LOCAL CLIMATOLOGICAL DATA (WS FORM: F-6) , PAGE 2

                                          STATION:  CARBONDALE IL
                                          MONTH:    MAY
                                          YEAR:     2018
                                          LATITUDE:   37 46 N
                                          LONGITUDE:  89 15 W

[TEMPERATURE DATA]      [PRECIPITATION DATA]       SYMBOLS USED IN COLUMN 16

AVERAGE MONTHLY: 71.7   TOTAL FOR MONTH:   4.15    1 = FOG OR MIST
DPTR FM NORMAL:   6.4   DPTR FM NORMAL:   -0.18    2 = FOG REDUCING VISIBILITY
HIGHEST:    89 ON 14    GRTST 24HR  1.75 ON  3- 3      TO 1/4 MILE OR LESS
LOWEST:     45 ON  1                               3 = THUNDER
                        SNOW, ICE PELLETS, HAIL    4 = ICE PELLETS
                        TOTAL MONTH:   0.0 INCH    5 = HAIL
                        GRTST 24HR     0.0         6 = FREEZING RAIN OR DRIZZLE
                        GRTST DEPTH:   0           7 = DUSTSTORM OR SANDSTORM:
                                                       VSBY 1/2 MILE OR LESS
                                                   8 = SMOKE OR HAZE
[NO. OF DAYS WITH]      [WEATHER - DAYS WITH]      9 = BLOWING SNOW
                                                   X = TORNADO
MAX 32 OR BELOW:   0    0.01 INCH OR MORE:   8
MAX 90 OR ABOVE:   0    0.10 INCH OR MORE:   4
MIN 32 OR BELOW:   0    0.50 INCH OR MORE:   3
MIN  0 OR BELOW:   0    1.00 INCH OR MORE:   2

[HDD (BASE 65) ]
TOTAL THIS MO.     3    CLEAR  (SCALE 0-3)  17
DPTR FM NORMAL   -64    PTCLDY (SCALE 4-7)   8
TOTAL FM JUL 1  4668    CLOUDY (SCALE 8-10)  0
DPTR FM NORMAL   201

[CDD (BASE 65) ]
TOTAL THIS MO.   177
DPTR FM NORMAL   102    [PRESSURE DATA]
TOTAL FM JAN 1   184    HIGHEST SLP M ON M
DPTR FM NORMAL    83    LOWEST  SLP 29.80 ON  9

[REMARKS]
