000
CXUS53 KARX 220930
CF6MDZ
PRELIMINARY LOCAL CLIMATOLOGICAL DATA (WS FORM: F-6)

                                          STATION:   MEDFORD WI
                                          MONTH:     APRIL
                                          YEAR:      2018
                                          LATITUDE:   45  5 N
                                          LONGITUDE:  90 18 W

  TEMPERATURE IN F:       :PCPN:    SNOW:  WIND      :SUNSHINE: SKY     :PK WND
================================================================================
1   2   3   4   5  6A  6B    7    8   9   10  11  12  13   14  15   16   17  18
                                     12Z  AVG MX 2MIN
DY MAX MIN AVG DEP HDD CDD  WTR  SNW DPTH SPD SPD DIR MIN PSBL S-S WX    SPD DR
================================================================================

 1  24   2  13   M  52   0 0.00  0.0    M  8.8 15 240   M    M   0        21 240
 2  30   9  20   M  45   0 0.02    M    M  5.2  8  80   M    M   5         M  M
 3  29  20  25   M  40   0    M    M    M 10.6 15  60   M    M  10        20  50
 4  26  13  20   M  45   0    M    M    M 10.4 15 320   M    M   2 8      22 290
 5  32   5  19   M  46   0    M    M    M  5.4 10 230   M    M   3         M  M
 6  27   9  18   M  47   0    M    M    M 13.2 22 310   M    M   5 8      29 290
 7  26   8  17   M  48   0 0.00  0.0    M  9.5 14 270   M    M   3        23 270
 8  29  -3  13   M  52   0 0.00  0.0    M  2.0  8 170   M    M   3         M  M
 9  37  19  28   M  37   0 0.00  0.0    M  5.3 10 260   M    M   3        16 260
10  32  19  26   M  39   0    M    M    M  7.2 12 210   M    M   7         M  M
11  41  25  33   M  32   0 0.01  0.0    M  5.3  9 340   M    M   6         M  M
12  42  32  37   M  28   0 0.10    M    0  6.3 10 340   M    M  10 1       M  M
13  37  25  31   M  34   0 0.05    M    0 14.0 21  60   M    M  10 1      29  50
14  27  19  23   M  42   0    M    M    0 19.4 25  50   M    M  10 8      33  60
15  24  18  21   M  44   0 0.01    M    M 14.8 25  60   M    M  10        36  60
16  27  21  24   M  41   0    M    M    M 12.9 18 330   M    M  10        23 340
17  33  23  28   M  37   0    M    M    M 10.6 14 350   M    M  10 8      21 350
18  40  27  34   M  31   0 0.00  0.0    M  9.8 18  20   M    M   7        25  20
19  49  23  36   M  29   0 0.00  0.0    M  6.1 13 270   M    M   0         M  M
20  49  20  35   M  30   0 0.00  0.0    M  2.1  8 200   M    M   0         M  M
21  53  25  39   M  26   0 0.00  0.0    M  2.1  7 180   M    M   0         M  M
================================================================================
SM  714  359       825   0  0.19     0.0 181.0          M      114
================================================================================
AV 34.0 17.1                               8.6 FASTST   M    M   5    MAX(MPH)
                                 MISC ---->  # 25  50               # 36   60
================================================================================
NOTES:
# LAST OF SEVERAL OCCURRENCES

COLUMN 17 PEAK WIND IN M.P.H.

PRELIMINARY LOCAL CLIMATOLOGICAL DATA (WS FORM: F-6) , PAGE 2

                                          STATION:  MEDFORD WI
                                          MONTH:    APRIL
                                          YEAR:     2018
                                          LATITUDE:   45  5 N
                                          LONGITUDE:  90 18 W

[TEMPERATURE DATA]      [PRECIPITATION DATA]       SYMBOLS USED IN COLUMN 16

AVERAGE MONTHLY: 25.6   TOTAL FOR MONTH:   0.19    1 = FOG OR MIST
DPTR FM NORMAL:     M   DPTR FM NORMAL:       M    2 = FOG REDUCING VISIBILITY
HIGHEST:    53 ON 21    GRTST 24HR  0.10 ON 12-12      TO 1/4 MILE OR LESS
LOWEST:     -3 ON  8                               3 = THUNDER
                        SNOW, ICE PELLETS, HAIL    4 = ICE PELLETS
                        TOTAL MONTH:   0.0 INCH    5 = HAIL
                        GRTST 24HR     0.0         6 = FREEZING RAIN OR DRIZZLE
                        GRTST DEPTH:   0           7 = DUSTSTORM OR SANDSTORM:
                                                       VSBY 1/2 MILE OR LESS
                                                   8 = SMOKE OR HAZE
[NO. OF DAYS WITH]      [WEATHER - DAYS WITH]      9 = BLOWING SNOW
                                                   X = TORNADO
MAX 32 OR BELOW:  12    0.01 INCH OR MORE:   5
MAX 90 OR ABOVE:   0    0.10 INCH OR MORE:   1
MIN 32 OR BELOW:  21    0.50 INCH OR MORE:   0
MIN  0 OR BELOW:   1    1.00 INCH OR MORE:   0

[HDD (BASE 65) ]
TOTAL THIS MO.   825    CLEAR  (SCALE 0-3)   8
DPTR FM NORMAL     M    PTCLDY (SCALE 4-7)   6
TOTAL FM JUL 1  8576    CLOUDY (SCALE 8-10)  7
DPTR FM NORMAL     M

[CDD (BASE 65) ]
TOTAL THIS MO.     0
DPTR FM NORMAL     M    [PRESSURE DATA]
TOTAL FM JAN 1     0    HIGHEST SLP M ON M
DPTR FM NORMAL     M    LOWEST  SLP M ON M

[REMARKS]
