000
CXUS56 KMFR 241000
CF6MHS
PRELIMINARY LOCAL CLIMATOLOGICAL DATA (WS FORM: F-6)

                                          STATION:   MT SHASTA CITY CA
                                          MONTH:     MAY
                                          YEAR:      2018
                                          LATITUDE:   41 19 N
                                          LONGITUDE: 122 19 W

  TEMPERATURE IN F:       :PCPN:    SNOW:  WIND      :SUNSHINE: SKY     :PK WND
================================================================================
1   2   3   4   5  6A  6B    7    8   9   10  11  12  13   14  15   16   17  18
                                     12Z  AVG MX 2MIN
DY MAX MIN AVG DEP HDD CDD  WTR  SNW DPTH SPD SPD DIR MIN PSBL S-S WX    SPD DR
================================================================================

 1  63  34  49  -2  16   0 0.00    M    M  5.6 12 300   M    M   0        22 300
 2  70  34  52   1  13   0 0.00    M    M  2.2 10 300   M    M   0        19 350
 3  77  36  57   6   8   0 0.00    M    M  1.2  7 100   M    M   0        14 140
 4  76  41  59   8   6   0 0.00    M    M  0.8  6 140   M    M   0 1      19 130
 5  73  45  59   7   6   0 0.00    M    M  0.5  6 120   M    M   0        12 140
 6  75  44  60   8   5   0 0.00    M    M  1.7  7 130   M    M   0        15 140
 7  80  38  59   7   6   0 0.00    M    M  0.9  8  90   M    M   0 8      12  80
 8  81  45  63  11   2   0    T    M    M  2.2  8  90   M    M   2        16 140
 9  74  43  59   6   6   0 0.00    M    M  2.1  7 350   M    M   1        12 290
10  68  44  56   3   9   0 0.00    M    M  5.5 14 340   M    M   0        24 360
11  61  40  51  -2  14   0 0.00    M    M  7.6 15 350   M    M   3        30 350
12  70  42  56   2   9   0 0.00    M    M  4.3 13 310   M    M   3        22 300
13  79  42  61   7   4   0 0.00    M    M  1.2  9  70   M    M   2        15  40
14  79  43  61   7   4   0 0.00    M    M  0.4  7 100   M    M   3        12  70
15  73  49  61   7   4   0 0.78    M    M  1.4 14  80   M    M   5 1      22  80
16  65  47  56   2   9   0 0.34    M    M  1.2  8 340   M    M   9 1      14 280
17  72  47  60   5   5   0    T    M    0  3.4 10 330   M    M   3 1      19 300
18  76  44  60   5   5   0 0.00  0.0    0  2.9 10 340   M    M   3        21  20
19  78  45  62   7   3   0 0.21    M    M  1.3  9  60   M    M   4 1      16 350
20  68  45  57   1   8   0    T    M    M  2.7  9 300   M    M   5        15 340
21  74  44  59   3   6   0 0.00  0.0    0  3.5 10 300   M    M   0        18 300
22  82  46  64   8   1   0    T    M    M  2.5 14  70   M    M   2        21  80
23  75  55  65   9   0   0 0.01    M    M  1.0  8 130   M    M   6        17 140
================================================================================
SM 1689  993       149   0  1.34     0.0  56.1          M       51
================================================================================
AV 73.4 43.2                               2.4 FASTST   M    M   2    MAX(MPH)
                                 MISC ---->  # 15 350               # 30  350
================================================================================
NOTES:
# LAST OF SEVERAL OCCURRENCES

COLUMN 17 PEAK WIND IN M.P.H.

PRELIMINARY LOCAL CLIMATOLOGICAL DATA (WS FORM: F-6) , PAGE 2

                                          STATION:  MT SHASTA CITY CA
                                          MONTH:    MAY
                                          YEAR:     2018
                                          LATITUDE:   41 19 N
                                          LONGITUDE: 122 19 W

[TEMPERATURE DATA]      [PRECIPITATION DATA]       SYMBOLS USED IN COLUMN 16

AVERAGE MONTHLY: 58.3   TOTAL FOR MONTH:   1.34    1 = FOG OR MIST
DPTR FM NORMAL:   4.8   DPTR FM NORMAL:   -0.32    2 = FOG REDUCING VISIBILITY
HIGHEST:    82 ON 22    GRTST 24HR  0.78 ON 15-15      TO 1/4 MILE OR LESS
LOWEST:     34 ON  2, 1                            3 = THUNDER
                        SNOW, ICE PELLETS, HAIL    4 = ICE PELLETS
                        TOTAL MONTH:   0.0 INCH    5 = HAIL
                        GRTST 24HR     0.0         6 = FREEZING RAIN OR DRIZZLE
                        GRTST DEPTH:   0           7 = DUSTSTORM OR SANDSTORM:
                                                       VSBY 1/2 MILE OR LESS
                                                   8 = SMOKE OR HAZE
[NO. OF DAYS WITH]      [WEATHER - DAYS WITH]      9 = BLOWING SNOW
                                                   X = TORNADO
MAX 32 OR BELOW:   0    0.01 INCH OR MORE:   4
MAX 90 OR ABOVE:   0    0.10 INCH OR MORE:   3
MIN 32 OR BELOW:   0    0.50 INCH OR MORE:   1
MIN  0 OR BELOW:   0    1.00 INCH OR MORE:   0

[HDD (BASE 65) ]
TOTAL THIS MO.   149    CLEAR  (SCALE 0-3)  16
DPTR FM NORMAL  -120    PTCLDY (SCALE 4-7)   6
TOTAL FM JUL 1  5022    CLOUDY (SCALE 8-10)  1
DPTR FM NORMAL  -462

[CDD (BASE 65) ]
TOTAL THIS MO.     0
DPTR FM NORMAL     0    [PRESSURE DATA]
TOTAL FM JAN 1     0    HIGHEST SLP  0.00 ON M
DPTR FM NORMAL     0    LOWEST  SLP  0.00 ON 22

[REMARKS]
