205
CXUS53 KGRB 200735
CF6OSH
PRELIMINARY LOCAL CLIMATOLOGICAL DATA (WS FORM: F-6)

                                          STATION:   OSHKOSH WI
                                          MONTH:     APRIL
                                          YEAR:      2018
                                          LATITUDE:   44  0 N
                                          LONGITUDE:  88 34 W

  TEMPERATURE IN F:       :PCPN:    SNOW:  WIND      :SUNSHINE: SKY     :PK WND
================================================================================
1   2   3   4   5  6A  6B    7    8   9   10  11  12  13   14  15   16   17  18
                                     12Z  AVG MX 2MIN
DY MAX MIN AVG DEP HDD CDD  WTR  SNW DPTH SPD SPD DIR MIN PSBL S-S WX    SPD DR
================================================================================

 1  34  14  24 -16  41   0 0.00  0.0    M  8.0 17 290   M    M   0        22 300
 2  40  21  31  -9  34   0 0.00  0.0    0  6.0 16 190   M    M   4        20 210
 3  33  23  28 -12  37   0    M    M    M 17.9 31  30   M    M  10 12     38  20
 4  29  19  24 -17  41   0    T    M    0 12.4 22 330   M    M   4 18     29 320
 5  37  15  26 -15  39   0 0.00  0.0    M  7.7 13 200   M    M   1         M  M
 6  33  18  26 -16  39   0    M    M    M 15.9 26 300   M    M   3 1      38 290
 7  32  13  23 -19  42   0 0.00  0.0    M 10.6 20 300   M    M   1        26 310
 8  34  15  25 -18  40   0 0.00  0.0    M  5.4 13  80   M    M   2        16  80
 9  40  27  34  -9  31   0 0.00  0.0    M  3.6 13 290   M    M   7        16 290
10  40  25  33 -11  32   0 0.00  0.0    M  7.7 14 270   M    M   5        22 250
11  50  27  39  -5  26   0 0.03  0.0    M  8.3 16 130   M    M   4 1      19 130
12  47  37  42  -2  23   0 0.07  0.0    M  8.8 18 290   M    M   9 128    23 300
13  37  31  34 -11  31   0    M    M    M 17.3 32  50   M    M  10 136    41  30
14  32  26  29 -16  36   0    M    M    M 25.0 35  60   M    M  10 16     47  50
15  27  25  26 -20  39   0    M    M    M 18.3 32  60   M    M  10 12     44  50
16  33  25  29 -17  36   0    M    M    M 13.0 20 340   M    M  10 16     26 310
17  37  23  30 -17  35   0 0.00  0.0    M 10.4 18 310   M    M   7        23 310
18  36  32  34 -13  31   0    M    M    M 12.2 22  30   M    M   9        27  10
19  50  27  39  -8  26   0 0.00  0.0    M  6.2 14 360   M    M   0        19  10
================================================================================
SM  701  443       659   0  0.10     0.0 214.7          M      106
================================================================================
AV 36.9 23.3                              11.3 FASTST   M    M   6    MAX(MPH)
                                 MISC ---->  # 35  60               # 47   50
================================================================================
NOTES:
# LAST OF SEVERAL OCCURRENCES

COLUMN 17 PEAK WIND IN M.P.H.

PRELIMINARY LOCAL CLIMATOLOGICAL DATA (WS FORM: F-6) , PAGE 2

                                          STATION:  OSHKOSH WI
                                          MONTH:    APRIL
                                          YEAR:     2018
                                          LATITUDE:   44  0 N
                                          LONGITUDE:  88 34 W

[TEMPERATURE DATA]      [PRECIPITATION DATA]       SYMBOLS USED IN COLUMN 16

AVERAGE MONTHLY: 30.1   TOTAL FOR MONTH:   0.10    1 = FOG OR MIST
DPTR FM NORMAL: -13.4   DPTR FM NORMAL:   -1.46    2 = FOG REDUCING VISIBILITY
HIGHEST:    50 ON 19,11 GRTST 24HR  0.17 ON 31- 1      TO 1/4 MILE OR LESS
LOWEST:     13 ON  7                               3 = THUNDER
                        SNOW, ICE PELLETS, HAIL    4 = ICE PELLETS
                        TOTAL MONTH:   0.0 INCH    5 = HAIL
                        GRTST 24HR     0.0         6 = FREEZING RAIN OR DRIZZLE
                        GRTST DEPTH:   0           7 = DUSTSTORM OR SANDSTORM:
                                                       VSBY 1/2 MILE OR LESS
                                                   8 = SMOKE OR HAZE
[NO. OF DAYS WITH]      [WEATHER - DAYS WITH]      9 = BLOWING SNOW
                                                   X = TORNADO
MAX 32 OR BELOW:   4    0.01 INCH OR MORE:   2
MAX 90 OR ABOVE:   0    0.10 INCH OR MORE:   0
MIN 32 OR BELOW:  18    0.50 INCH OR MORE:   0
MIN  0 OR BELOW:   0    1.00 INCH OR MORE:   0

[HDD (BASE 65) ]
TOTAL THIS MO.   659    CLEAR  (SCALE 0-3)   6
DPTR FM NORMAL   252    PTCLDY (SCALE 4-7)   6
TOTAL FM JUL 1  7102    CLOUDY (SCALE 8-10)  7
DPTR FM NORMAL   152

[CDD (BASE 65) ]
TOTAL THIS MO.     0
DPTR FM NORMAL     0    [PRESSURE DATA]
TOTAL FM JAN 1     0    HIGHEST SLP M ON M
DPTR FM NORMAL     0    LOWEST  SLP 29.56 ON 12

[REMARKS]
