000
CXUS54 KCRP 201300
CF6RKP
PRELIMINARY LOCAL CLIMATOLOGICAL DATA (WS FORM: F-6)

                                          STATION:   ROCKPORT
                                          MONTH:     APRIL
                                          YEAR:      2018
                                          LATITUDE:   28  4 N
                                          LONGITUDE:  97  3 W

  TEMPERATURE IN F:       :PCPN:    SNOW:  WIND      :SUNSHINE: SKY     :PK WND
================================================================================
1   2   3   4   5  6A  6B    7    8   9   10  11  12  13   14  15   16   17  18
                                     12Z  AVG MX 2MIN
DY MAX MIN AVG DEP HDD CDD  WTR  SNW DPTH SPD SPD DIR MIN PSBL S-S WX    SPD DR
================================================================================

 1  80  70  75   6   0  10 0.00  0.0    0 13.5 21 140   M    M   6 18     28 140
 2  79  73  76   7   0  11 0.00  0.0    0 14.4 24 140   M    M  10 18     32 150
 3  82  73  78   8   0  13 0.00  0.0    0 11.0 20 160   M    M   7 18     28 140
 4  73  60  67  -3   0   2    T  0.0    0 17.2 29  20   M    M  10 138    38  20
 5  75  66  71   1   0   6 0.01  0.0    0 10.4 15 140   M    M   9 18     19 140
 6  81  72  77   7   0  12 0.00  0.0    0 11.8 20 160   M    M   7 18     29 160
 7  74  45  60 -10   5   0 0.00  0.0    0 15.9 28 360   M    M  10 18     35 360
 8  67  44  56 -15   9   0 0.00  0.0    0  8.9 15 360   M    M   7 18     18 340
 9  68  60  64  -7   1   0    T  0.0    0 12.2 20  30   M    M  10 1      24  30
10  76  55  66  -5   0   1    T  0.0    0 10.5 18  30   M    M   4 1      24  20
11  78  54  66  -5   0   1 0.00  0.0    0  8.6 17 150   M    M   0 128    22 150
12  80  69  75   3   0  10 0.00  0.0    0 13.4 24 150   M    M   1 18     32 170
13  81  73  77   5   0  12 0.00  0.0    0 15.5 23 160   M    M   9 18     35 150
14  75  56  66  -6   0   1 0.15  0.0    0 16.4 46 340   M    M   4 138    57 340
15  75  44  60 -12   5   0 0.00  0.0    0  7.2 16 140   M    M   0        18 140
16  78  65  72   0   0   7 0.00  0.0    0 12.4 22 140   M    M   0        29 170
17  79  68  74   1   0   9 0.00  0.0    0 15.8 24 150   M    M   1        32 140
18  80  70  75   2   0  10    T  0.0    0  9.6 17 140   M    M   6 18     32 160
19  78  66  72  -1   0   7 0.00  0.0    0 12.1 29  60   M    M   4 1      34  60
================================================================================
SM 1459 1183        20 112  0.16     0.0 236.8          M      105
================================================================================
AV 76.8 62.3                              12.5 FASTST   M    M   6    MAX(MPH)
                                 MISC ---->  # 46 340               # 57  340
================================================================================
NOTES:
# LAST OF SEVERAL OCCURRENCES

COLUMN 17 PEAK WIND IN M.P.H.

PRELIMINARY LOCAL CLIMATOLOGICAL DATA (WS FORM: F-6) , PAGE 2

                                          STATION:  ROCKPORT
                                          MONTH:    APRIL
                                          YEAR:     2018
                                          LATITUDE:   28  4 N
                                          LONGITUDE:  97  3 W

[TEMPERATURE DATA]      [PRECIPITATION DATA]       SYMBOLS USED IN COLUMN 16

AVERAGE MONTHLY: 69.5   TOTAL FOR MONTH:   0.16    1 = FOG OR MIST
DPTR FM NORMAL:  -1.6   DPTR FM NORMAL:   -0.73    2 = FOG REDUCING VISIBILITY
HIGHEST:    82 ON  3    GRTST 24HR  0.15 ON 14-14      TO 1/4 MILE OR LESS
LOWEST:     44 ON 15, 8                            3 = THUNDER
                        SNOW, ICE PELLETS, HAIL    4 = ICE PELLETS
                        TOTAL MONTH:   0.0 INCH    5 = HAIL
                        GRTST 24HR     0.0         6 = FREEZING RAIN OR DRIZZLE
                        GRTST DEPTH:   0           7 = DUSTSTORM OR SANDSTORM:
                                                       VSBY 1/2 MILE OR LESS
                                                   8 = SMOKE OR HAZE
[NO. OF DAYS WITH]      [WEATHER - DAYS WITH]      9 = BLOWING SNOW
                                                   X = TORNADO
MAX 32 OR BELOW:   0    0.01 INCH OR MORE:   2
MAX 90 OR ABOVE:   0    0.10 INCH OR MORE:   1
MIN 32 OR BELOW:   0    0.50 INCH OR MORE:   0
MIN  0 OR BELOW:   0    1.00 INCH OR MORE:   0

[HDD (BASE 65) ]
TOTAL THIS MO.    20    CLEAR  (SCALE 0-3)   5
DPTR FM NORMAL     5    PTCLDY (SCALE 4-7)   8
TOTAL FM JUL 1   907    CLOUDY (SCALE 8-10)  6
DPTR FM NORMAL    30

[CDD (BASE 65) ]
TOTAL THIS MO.   112
DPTR FM NORMAL   -16    [PRESSURE DATA]
TOTAL FM JAN 1   364    HIGHEST SLP M ON M
DPTR FM NORMAL    87    LOWEST  SLP 29.54 ON 13

[REMARKS]
