000
CXUS54 KEPZ 211200
CF6SVC
PRELIMINARY LOCAL CLIMATOLOGICAL DATA (WS FORM: F-6)

                                          STATION:   SILVER CITY
                                          MONTH:     APRIL
                                          YEAR:      2018
                                          LATITUDE:   32 37 N
                                          LONGITUDE: 108 10 W

  TEMPERATURE IN F:       :PCPN:    SNOW:  WIND      :SUNSHINE: SKY     :PK WND
================================================================================
1   2   3   4   5  6A  6B    7    8   9   10  11  12  13   14  15   16   17  18
                                     12Z  AVG MX 2MIN
DY MAX MIN AVG DEP HDD CDD  WTR  SNW DPTH SPD SPD DIR MIN PSBL S-S WX    SPD DR
================================================================================

 1  72  39  56   M   9   0 0.00  0.0    0  8.2 13 300   M    M   0         M  M
 2  74  38  56   M   9   0 0.00  0.0    0 13.1 23 280   M    M   0        32 270
 3  73  41  57   M   8   0 0.00  0.0    0 11.2 18 280   M    M   0        27 290
 4  75  36  56   M   9   0 0.00  0.0    0  8.3 18 260   M    M   1        25 260
 5  77  41  59   M   6   0 0.00  0.0    0 10.6 22 280   M    M   1        27 280
 6  77  46  62   M   3   0 0.00  0.0    0 12.9 24 270   M    M   1        31 270
 7  80  49  65   M   0   0 0.00  0.0    0 14.3 25 290   M    M   1        31 280
 8  78  46  62   M   3   0 0.00  0.0    0 15.6 30 280   M    M   2        39 290
 9  79  46  63   M   2   0 0.00  0.0    0  7.5 13 270   M    M   0        17 320
10  78  34  56   M   9   0 0.03    M    0  5.9 10 140   M    M   0        20 140
11  83  46  65   M   0   0 0.00  0.0    0 12.8 24 280   M    M   0        35 270
12  79  46  63   M   2   0 0.00  0.0    0 19.8 31 250   M    M   2        46 250
13  58  37  48   M  17   0 0.00  0.0    0 23.8 37 290   M    M   0        46 300
14  67  27  47   M  18   0 0.00  0.0    0  8.9 21 280   M    M   0        23 280
15  73  30  52   M  13   0 0.00  0.0    0  7.3 14 150   M    M   0        20 150
16  78  37  58   M   7   0 0.00  0.0    0 10.0 20 240   M    M   0        30 250
17  75  34  55   M  10   0 0.00  0.0    0 15.1 35 270   M    M   0        48 270
18  76  33  55   M  10   0 0.00  0.0    0  9.2 17 200   M    M   0        27 240
19  80  32  56   M   9   0 0.00  0.0    0 10.8 21 140   M    M   0        29 210
20  63  42  53   M  12   0 0.00  0.0    0 17.7 33 270   M    M   0        39 270
================================================================================
SM 1495  780       156   0  0.03     0.0 243.0          M        8
================================================================================
AV 74.8 39.0                              12.2 FASTST   M    M   0    MAX(MPH)
                                 MISC ---->  # 37 290               # 48  270
================================================================================
NOTES:
# LAST OF SEVERAL OCCURRENCES

COLUMN 17 PEAK WIND IN M.P.H.

PRELIMINARY LOCAL CLIMATOLOGICAL DATA (WS FORM: F-6) , PAGE 2

                                          STATION:  SILVER CITY
                                          MONTH:    APRIL
                                          YEAR:     2018
                                          LATITUDE:   32 37 N
                                          LONGITUDE: 108 10 W

[TEMPERATURE DATA]      [PRECIPITATION DATA]       SYMBOLS USED IN COLUMN 16

AVERAGE MONTHLY: 56.9   TOTAL FOR MONTH:   0.03    1 = FOG OR MIST
DPTR FM NORMAL:     M   DPTR FM NORMAL:       M    2 = FOG REDUCING VISIBILITY
HIGHEST:    83 ON 11    GRTST 24HR  0.03 ON 10-10      TO 1/4 MILE OR LESS
LOWEST:     27 ON 14                               3 = THUNDER
                        SNOW, ICE PELLETS, HAIL    4 = ICE PELLETS
                        TOTAL MONTH:   0.0 INCH    5 = HAIL
                        GRTST 24HR     0.0         6 = FREEZING RAIN OR DRIZZLE
                        GRTST DEPTH:   0           7 = DUSTSTORM OR SANDSTORM:
                                                       VSBY 1/2 MILE OR LESS
                                                   8 = SMOKE OR HAZE
[NO. OF DAYS WITH]      [WEATHER - DAYS WITH]      9 = BLOWING SNOW
                                                   X = TORNADO
MAX 32 OR BELOW:   0    0.01 INCH OR MORE:   1
MAX 90 OR ABOVE:   0    0.10 INCH OR MORE:   0
MIN 32 OR BELOW:   3    0.50 INCH OR MORE:   0
MIN  0 OR BELOW:   0    1.00 INCH OR MORE:   0

[HDD (BASE 65) ]
TOTAL THIS MO.   156    CLEAR  (SCALE 0-3)  20
DPTR FM NORMAL     M    PTCLDY (SCALE 4-7)   0
TOTAL FM JUL 1  3180    CLOUDY (SCALE 8-10)  0
DPTR FM NORMAL     M

[CDD (BASE 65) ]
TOTAL THIS MO.     0
DPTR FM NORMAL     M    [PRESSURE DATA]
TOTAL FM JAN 1     0    HIGHEST SLP M ON M
DPTR FM NORMAL     M    LOWEST  SLP M ON M

[REMARKS]
