000
CXUS54 KEPZ 231030
CF6TCS
PRELIMINARY LOCAL CLIMATOLOGICAL DATA (WS FORM: F-6)
STATION: TRUTH OR CONSEQUENCES
MONTH: APRIL
YEAR: 2024
LATITUDE: 33 13 N
LONGITUDE: 107 16 W
TEMPERATURE IN F: :PCPN: SNOW: WIND :SUNSHINE: SKY :PK WND
================================================================================
1 2 3 4 5 6A 6B 7 8 9 10 11 12 13 14 15 16 17 18
12Z AVG MX 2MIN
DY MAX MIN AVG DEP HDD CDD WTR SNW DPTH SPD SPD DIR MIN PSBL S-S WX SPD DR
================================================================================
1 57 39 48 -10 17 0 0.19 M M 11.4 31 280 M M 5 1 41 270
2 62 34 48 -10 17 0 0.00 M M 7.4 17 40 M M 1 24 40
3 71 43 57 -1 8 0 0.00 M M 6.9 15 300 M M 0 22 320
4 76 42 59 0 6 0 0.00 M M 10.0 25 180 M M 0 38 180
5 75 43 59 0 6 0 0.00 M M 19.0 39 210 M M 0 56 190
6 59 39 49 -10 16 0 0.00 M M 15.6 32 240 M M 1 44 240
7 67 36 52 -7 13 0 0.00 M M 10.3 26 160 M M 0 35 160
8 68 41 55 -5 10 0 0.00 M M 9.9 26 180 M M 0 36 220
9 60 43 52 -8 13 0 0.00 M M 15.0 32 360 M M 3 47 10
10 74 42 58 -2 7 0 0.00 M M 8.2 18 280 M M 0 25 290
11 77 46 62 2 3 0 0.00 M M 8.4 18 180 M M 0 25 200
12 83 46 65 5 0 0 0.00 M M 11.0 26 180 M M 0 36 210
13 82 48 65 4 0 0 0.00 M M 9.5 29 210 M M 0 42 170
14 84 47 66 5 0 1 0.00 M M 7.8 21 200 M M 0 41 210
15 76 49 63 2 2 0 0.00 M M 15.1 40 250 M M 0 55 240
16 76 47 62 1 3 0 0.00 M M 9.7 18 180 M M 0 26 190
17 85 49 67 6 0 2 0.00 M M 9.8 23 230 M M 0 31 230
18 85 50 68 6 0 3 0.00 M M 9.1 21 180 M M 0 27 230
19 87 56 72 10 0 7 0.00 M M 11.7 29 220 M M 0 38 200
20 81 56 69 7 0 4 0.00 M M 9.7 25 20 M M 0 35 30
21 77 50 64 2 1 0 0.00 M M 9.3 17 140 M M 0 24 100
22 82 49 66 3 0 1 0.00 M M 9.6 26 170 M M 0 34 170
================================================================================
SM 1644 995 122 18 0.19 M 234.4 M 10
================================================================================
AV 74.7 45.2 10.7 FASTST M M 0 MAX(MPH)
MISC ----> 40 250 56 190
================================================================================
NOTES:
# LAST OF SEVERAL OCCURRENCES
COLUMN 17 PEAK WIND IN M.P.H.
PRELIMINARY LOCAL CLIMATOLOGICAL DATA (WS FORM: F-6) , PAGE 2
STATION: TRUTH OR CONSEQUENCES
MONTH: APRIL
YEAR: 2024
LATITUDE: 33 13 N
LONGITUDE: 107 16 W
[TEMPERATURE DATA] [PRECIPITATION DATA] SYMBOLS USED IN COLUMN 16
AVERAGE MONTHLY: 60.0 TOTAL FOR MONTH: 0.19 1 = FOG OR MIST
DPTR FM NORMAL: -0.3 DPTR FM NORMAL: -0.01 2 = FOG REDUCING VISIBILITY
HIGHEST: 87 ON 19 GRTST 24HR 0.19 ON 1- 1 TO 1/4 MILE OR LESS
LOWEST: 34 ON 2 3 = THUNDER
SNOW, ICE PELLETS, HAIL 4 = ICE PELLETS
TOTAL MONTH: M 5 = HAIL
GRTST 24HR M ON M 6 = FREEZING RAIN OR DRIZZLE
GRTST DEPTH: M ON M 7 = DUSTSTORM OR SANDSTORM:
VSBY 1/2 MILE OR LESS
8 = SMOKE OR HAZE
[NO. OF DAYS WITH] [WEATHER - DAYS WITH] 9 = BLOWING SNOW
X = TORNADO
MAX 32 OR BELOW: 0 0.01 INCH OR MORE: 1
MAX 90 OR ABOVE: 0 0.10 INCH OR MORE: 1
MIN 32 OR BELOW: 0 0.50 INCH OR MORE: 0
MIN 0 OR BELOW: 0 1.00 INCH OR MORE: 0
[HDD (BASE 65) ]
TOTAL THIS MO. 122 CLEAR (SCALE 0-3) 21
DPTR FM NORMAL 2 PTCLDY (SCALE 4-7) 1
TOTAL FM JUL 1 2714 CLOUDY (SCALE 8-10) 0
DPTR FM NORMAL -271
[CDD (BASE 65) ]
TOTAL THIS MO. 18
DPTR FM NORMAL 1 [PRESSURE DATA]
TOTAL FM JAN 1 18 HIGHEST SLP M ON M
DPTR FM NORMAL -3 LOWEST SLP 29.55 ON 5
[REMARKS]