000
CXUS55 KRIW 200945
CF6WRL
PRELIMINARY LOCAL CLIMATOLOGICAL DATA (WS FORM: F-6)

                                          STATION:   WORLAND WY
                                          MONTH:     MAY
                                          YEAR:      2018
                                          LATITUDE:   43 58 N
                                          LONGITUDE: 107 57 W

  TEMPERATURE IN F:       :PCPN:    SNOW:  WIND      :SUNSHINE: SKY     :PK WND
================================================================================
1   2   3   4   5  6A  6B    7    8   9   10  11  12  13   14  15   16   17  18
                                     12Z  AVG MX 2MIN
DY MAX MIN AVG DEP HDD CDD  WTR  SNW DPTH SPD SPD DIR MIN PSBL S-S WX    SPD DR
================================================================================

 1  55  36  46  -4  19   0 0.00  0.0    M  5.3 13 270   M    M   7 1      15 270
 2  61  33  47  -4  18   0 0.00  0.0    M  5.1 12 160   M    M   3        14 350
 3  66  37  52   1  13   0 0.00  0.0    M  7.3 16 350   M    M   2        20 320
 4  74  34  54   2  11   0    T    M    M  6.1 14  50   M    M   1        20  10
 5  75  40  58   6   7   0 0.00  0.0    M  4.8 14  20   M    M   1        18 320
 6  80  46  63  11   2   0    T    M    M  5.7 29 160   M    M   1        39 160
 7  81  44  63  10   2   0 0.00    M    M  7.6 25 340   M    M   1        30 340
 8  75  46  61   8   4   0 0.00    M    M  4.9 10 170   M    M   3         M  M
 9  77  44  61   8   4   0    T    M    M  6.3 18  60   M    M   1        28 270
10  68  51  60   6   5   0 0.00    M    M  5.7 17 350   M    M   2        21 350
11  54  42  48  -6  17   0 0.33    M    M  8.5 21 340   M    M   9 1      23 340
12  49  38  44 -10  21   0 0.41    M    M  4.6 16 350   M    M  10 1      20 350
13  64  43  54   0  11   0 0.08    M    M  5.0 13 330   M    M   5 1      16 340
14  68  40  54  -1  11   0 0.00    M    M  6.1 14 340   M    M   3        18  30
15  76  43  60   5   5   0 0.00    M    M  5.2 13 160   M    M   0        29 210
16  80  45  63   7   2   0    T    M    M  8.0 20  40   M    M   0        30 180
17  78  44  61   5   4   0 0.35    M    M  8.4 39 230   M    M   1 13     48 230
18  68  42  55  -1  10   0 0.00    M    M  9.7 26 330   M    M   6        33 330
19  56  44  50  -6  15   0 0.01    M    M  5.4 16 150   M    M   9        21 150
================================================================================
SM 1305  792       181   0  1.18     0.0 119.7          M       65
================================================================================
AV 68.7 41.7                               6.3 FASTST   M    M   3    MAX(MPH)
                                 MISC ---->  # 39 230               # 48  230
================================================================================
NOTES:
# LAST OF SEVERAL OCCURRENCES

COLUMN 17 PEAK WIND IN M.P.H.

PRELIMINARY LOCAL CLIMATOLOGICAL DATA (WS FORM: F-6) , PAGE 2

                                          STATION:  WORLAND WY
                                          MONTH:    MAY
                                          YEAR:     2018
                                          LATITUDE:   43 58 N
                                          LONGITUDE: 107 57 W

[TEMPERATURE DATA]      [PRECIPITATION DATA]       SYMBOLS USED IN COLUMN 16

AVERAGE MONTHLY: 55.2   TOTAL FOR MONTH:   1.18    1 = FOG OR MIST
DPTR FM NORMAL:   1.7   DPTR FM NORMAL:    0.33    2 = FOG REDUCING VISIBILITY
HIGHEST:    81 ON  7    GRTST 24HR  0.75 ON 30- 1      TO 1/4 MILE OR LESS
LOWEST:     33 ON  2                               3 = THUNDER
                        SNOW, ICE PELLETS, HAIL    4 = ICE PELLETS
                        TOTAL MONTH:   0.0 INCH    5 = HAIL
                        GRTST 24HR     0.0         6 = FREEZING RAIN OR DRIZZLE
                        GRTST DEPTH:  M  ON   M    7 = DUSTSTORM OR SANDSTORM:
                                                       VSBY 1/2 MILE OR LESS
                                                   8 = SMOKE OR HAZE
[NO. OF DAYS WITH]      [WEATHER - DAYS WITH]      9 = BLOWING SNOW
                                                   X = TORNADO
MAX 32 OR BELOW:   0    0.01 INCH OR MORE:   5
MAX 90 OR ABOVE:   0    0.10 INCH OR MORE:   3
MIN 32 OR BELOW:   0    0.50 INCH OR MORE:   0
MIN  0 OR BELOW:   0    1.00 INCH OR MORE:   0

[HDD (BASE 65) ]
TOTAL THIS MO.   181    CLEAR  (SCALE 0-3)  11
DPTR FM NORMAL   -41    PTCLDY (SCALE 4-7)   5
TOTAL FM JUL 1  8077    CLOUDY (SCALE 8-10)  3
DPTR FM NORMAL   388

[CDD (BASE 65) ]
TOTAL THIS MO.     0
DPTR FM NORMAL     0    [PRESSURE DATA]
TOTAL FM JAN 1     0    HIGHEST SLP M ON M
DPTR FM NORMAL    -1    LOWEST  SLP 29.74 ON 11

[REMARKS]
