000
CDUS41 KBTV 260541
CLI1V4


CLIMATE REPORT
NATIONAL WEATHER SERVICE BURLINGTON VT
136 AM EDT SAT MAY 26 2018


...................................

...THE ST. JOHNSBURY VT CLIMATE SUMMARY FOR MAY 25 2018...

CLIMATE NORMAL PERIOD 1981 TO 2010
CLIMATE RECORD PERIOD 1894 TO 2018


WEATHER ITEM   OBSERVED TIME   RECORD YEAR NORMAL DEPARTURE LAST
                VALUE   (LST)  VALUE       VALUE  FROM      YEAR
                                                  NORMAL
..................................................................
TEMPERATURE (F)
 YESTERDAY
  MAXIMUM         83        MM  90    2010  71     12       66
                                      2007
  MINIMUM         43        MM  24    1956  47     -4       50
  AVERAGE         63                        59      4       58

PRECIPITATION (IN)
  YESTERDAY        0.00          1.35 2013   0.12  -0.12     0.04
  MONTH TO DATE    1.47                      2.67  -1.20     3.68
  SINCE MAR 1      8.41                      8.04   0.37    10.00
  SINCE JAN 1     13.99                     12.72   1.27    15.74

DEGREE DAYS
 HEATING
  YESTERDAY        2                         7     -5        7
  MONTH TO DATE  205                       251    -46      321
  SINCE MAR 1   2084                      1946    138     2115
  SINCE JUL 1   7601                      7670    -69     7128

 COOLING
  YESTERDAY        0                         1     -1        0
  MONTH TO DATE    0                         8     -8       12
  SINCE MAR 1      0                         9     -9       13
  SINCE JAN 1      0                         9     -9       13
..................................................................


WIND (MPH)
  HIGHEST WIND SPEED    MM   HIGHEST WIND DIRECTION    MM
  HIGHEST GUST SPEED    MM   HIGHEST GUST DIRECTION    MM
  AVERAGE WIND SPEED    MM


SKY COVER
  AVERAGE SKY COVER 0.0


WEATHER CONDITIONS
 THE FOLLOWING WEATHER WAS RECORDED YESTERDAY.
  NO SIGNIFICANT WEATHER WAS OBSERVED.


RELATIVE HUMIDITY (PERCENT)
 HIGHEST   100           400 AM
 LOWEST     33          1100 AM
 AVERAGE    67

..........................................................


THE ST. JOHNSBURY VT CLIMATE NORMALS FOR TODAY
                         NORMAL    RECORD    YEAR
 MAXIMUM TEMPERATURE (F)   72        89      2010
 MINIMUM TEMPERATURE (F)   48        28      1956


SUNRISE AND SUNSET
MAY 26 2018...........SUNRISE   511 AM EDT   SUNSET   820 PM EDT
MAY 27 2018...........SUNRISE   510 AM EDT   SUNSET   821 PM EDT


-  INDICATES NEGATIVE NUMBERS.
R  INDICATES RECORD WAS SET OR TIED.
MM INDICATES DATA IS MISSING.
T  INDICATES TRACE AMOUNT.




$$
