000
CDUS43 KUNR 200831
CLI2WX


CLIMATE REPORT
NATIONAL WEATHER SERVICE RAPID CITY SD
231 AM MDT FRI APR 20 2018


...................................

...THE BUFFALO SD CLIMATE SUMMARY FOR APRIL 19 2018...

CLIMATE NORMAL PERIOD 1981 TO 2010
CLIMATE RECORD PERIOD 9999 TO 9999


WEATHER ITEM   OBSERVED TIME   NORMAL DEPARTURE LAST
                VALUE   (LST)  VALUE  FROM      YEAR
                                      NORMAL
......................................................
TEMPERATURE (F)
 YESTERDAY
  MAXIMUM         59    231 PM  57      2       46
  MINIMUM         30    557 AM  33     -3       38
  AVERAGE         45            45      0       42

PRECIPITATION (IN)
  YESTERDAY        0.00          0.05  -0.05     1.28
  MONTH TO DATE    1.18          0.84   0.34     3.18
  SINCE MAR 1      2.36          1.61   0.75     4.69
  SINCE JAN 1      3.84          2.18   1.66     4.99

DEGREE DAYS
 HEATING
  YESTERDAY       20            20      0       23
  MONTH TO DATE  650           449    201      340
  SINCE MAR 1   1806          1455    351     1180
  SINCE JUL 1   7741          7252    489     6531

 COOLING
  YESTERDAY        0             0      0        0
  MONTH TO DATE    0             0      0        0
  SINCE MAR 1      0             0      0        0
  SINCE JAN 1      0             0      0        0
......................................................


WIND (MPH)
  HIGHEST WIND SPEED    26   HIGHEST WIND DIRECTION    SE (120)
  HIGHEST GUST SPEED    31   HIGHEST GUST DIRECTION    SE (120)
  AVERAGE WIND SPEED    13.8




RELATIVE HUMIDITY (PERCENT)
 HIGHEST    92           500 AM
 LOWEST     30           100 PM
 AVERAGE    61

..........................................................




SUNRISE AND SUNSET
APRIL 20 2018.........SUNRISE   600 AM MDT   SUNSET   747 PM MDT
APRIL 21 2018.........SUNRISE   558 AM MDT   SUNSET   748 PM MDT


-  INDICATES NEGATIVE NUMBERS.
R  INDICATES RECORD WAS SET OR TIED.
MM INDICATES DATA IS MISSING.
T  INDICATES TRACE AMOUNT.




$$
