000
CDUS43 KABR 262249
CLI8D3


CLIMATE REPORT
NATIONAL WEATHER SERVICE ABERDEEN SD
546 PM CDT SAT MAY 26 2018


...................................

...THE SISSETON SD CLIMATE SUMMARY FOR MAY 26 2018...
VALID TODAY AS OF 0500 PM LOCAL TIME.

CLIMATE NORMAL PERIOD 1981 TO 2010
CLIMATE RECORD PERIOD 1900 TO 2018


WEATHER ITEM   OBSERVED TIME   RECORD YEAR NORMAL DEPARTURE LAST
                VALUE   (LST)  VALUE       VALUE  FROM      YEAR
                                                  NORMAL
..................................................................
TEMPERATURE (F)
 TODAY
  MAXIMUM         94R   300 PM  94    1934  72     22       72
  MINIMUM         65    521 AM  32    1932  49              51
  AVERAGE         80                        60     20       62

PRECIPITATION (IN)
  TODAY            0.00          0.97 1960   0.09  -0.09     0.00
  MONTH TO DATE    1.02                      2.27  -1.25     1.09
  SINCE MAR 1      3.30                      5.67  -2.37     2.92
  SINCE JAN 1      4.40                      6.53  -2.13     4.12

DEGREE DAYS
 COOLING
  TODAY           15                         1     14        0
  MONTH TO DATE   81                        17     64       16
  SINCE MAR 1     81                        18     63       16
  SINCE JAN 1     81                        18     63       16
..................................................................


WIND (MPH)
  HIGHEST WIND SPEED    20   HIGHEST WIND DIRECTION     W (280)
  HIGHEST GUST SPEED    26   HIGHEST GUST DIRECTION     W (280)
  AVERAGE WIND SPEED    MM


SKY COVER
  POSSIBLE SUNSHINE  MM
  AVERAGE SKY COVER 0.0


WEATHER CONDITIONS
 THE FOLLOWING WEATHER WAS RECORDED TODAY.
  NO SIGNIFICANT WEATHER WAS OBSERVED.


RELATIVE HUMIDITY (PERCENT)
 HIGHEST    63           500 AM
 LOWEST     23           400 PM
 AVERAGE    43

..........................................................


THE SISSETON SD CLIMATE NORMALS FOR TOMORROW
                         NORMAL    RECORD    YEAR
 MAXIMUM TEMPERATURE (F)   73        98      1934
 MINIMUM TEMPERATURE (F)   49        32      1965


SUNRISE AND SUNSET
MAY 26 2018...........SUNRISE   546 AM CDT   SUNSET   905 PM CDT
MAY 27 2018...........SUNRISE   545 AM CDT   SUNSET   906 PM CDT


-  INDICATES NEGATIVE NUMBERS.
R  INDICATES RECORD WAS SET OR TIED.
MM INDICATES DATA IS MISSING.
T  INDICATES TRACE AMOUNT.




$$
