000
CDUS41 KPHI 272130
CLIABE


CLIMATE REPORT
NATIONAL WEATHER SERVICE MOUNT HOLLY NJ
529 PM EDT SUN MAY 27 2018


...................................

...THE ALLENTOWN PA CLIMATE SUMMARY FOR MAY 27 2018...
VALID TODAY AS OF 0500 PM LOCAL TIME.

CLIMATE NORMAL PERIOD 1981 TO 2010
CLIMATE RECORD PERIOD 1922 TO 2018


WEATHER ITEM   OBSERVED TIME   RECORD YEAR NORMAL DEPARTURE LAST
                VALUE   (LST)  VALUE       VALUE  FROM      YEAR
                                                  NORMAL
..................................................................
TEMPERATURE (F)
 TODAY
  MAXIMUM         76   1249 AM  91    1991  75      1       75
                                      1965
  MINIMUM         66    359 PM  38    1972  52     14       52
  AVERAGE         71                        63      8       64

PRECIPITATION (IN)
  TODAY            T             1.34 1946   0.14  -0.14      T
  MONTH TO DATE    4.84                      3.56   1.28     3.81
  SINCE MAR 1     11.76                     10.51   1.25    11.69
  SINCE JAN 1     20.43                     16.24   4.19    16.78

SNOWFALL (IN)
  TODAY            0.0           0.0    MM   0.0    0.0      0.0
  MONTH TO DATE    0.0                       0.0    0.0      0.0
  SINCE MAR 1     24.6                       5.9   18.7     18.3
  SINCE JUL 1     49.9                      32.9   17.0     28.3
  SNOW DEPTH       0

DEGREE DAYS
 HEATING
  TODAY            0                         4     -4        1
  MONTH TO DATE   58                       185   -127      183
  SINCE MAR 1   1432                      1446    -14     1276
  SINCE JUL 1   5255                      5755   -500     4778

 COOLING
  TODAY            6                         2      4        0
  MONTH TO DATE   71                        28     43       36
  SINCE MAR 1     75                        33     42       55
  SINCE JAN 1     75                        33     42       55
..................................................................


WIND (MPH)
  HIGHEST WIND SPEED    20   HIGHEST WIND DIRECTION     E (70)
  HIGHEST GUST SPEED    26   HIGHEST GUST DIRECTION     E (80)
  AVERAGE WIND SPEED     9.6


SKY COVER
  POSSIBLE SUNSHINE  MM
  AVERAGE SKY COVER 0.8


WEATHER CONDITIONS
 THE FOLLOWING WEATHER WAS RECORDED TODAY.
  LIGHT RAIN


RELATIVE HUMIDITY (PERCENT)
 HIGHEST    81           300 PM
 LOWEST     73           600 AM
 AVERAGE    77

..........................................................


THE ALLENTOWN PA CLIMATE NORMALS FOR TOMORROW
                         NORMAL    RECORD    YEAR
 MAXIMUM TEMPERATURE (F)   75        93      1941
 MINIMUM TEMPERATURE (F)   52        38      1997


SUNRISE AND SUNSET
MAY 27 2018...........SUNRISE   536 AM EDT   SUNSET   823 PM EDT
MAY 28 2018...........SUNRISE   535 AM EDT   SUNSET   823 PM EDT


-  INDICATES NEGATIVE NUMBERS.
R  INDICATES RECORD WAS SET OR TIED.
MM INDICATES DATA IS MISSING.
T  INDICATES TRACE AMOUNT.




$$
