000
CDUS43 KABR 252236
CLIABR


CLIMATE REPORT
NATIONAL WEATHER SERVICE ABERDEEN SD
533 PM CDT WED APR 25 2018


...................................

...THE ABERDEEN SD CLIMATE SUMMARY FOR APRIL 25 2018...
VALID TODAY AS OF 0500 PM LOCAL TIME.

CLIMATE NORMAL PERIOD 1981 TO 2010
CLIMATE RECORD PERIOD 1893 TO 2018


WEATHER ITEM   OBSERVED TIME   RECORD YEAR NORMAL DEPARTURE LAST
                VALUE   (LST)  VALUE       VALUE  FROM      YEAR
                                                  NORMAL
..................................................................
TEMPERATURE (F)
 TODAY
  MAXIMUM         67    255 PM  97    1962  62      5       37
  MINIMUM         22    537 AM  19    2013  36    -14       32
                                      1958
  AVERAGE         45                        49     -4       35

PRECIPITATION (IN)
  TODAY            0.00          1.45 1986   0.08  -0.08     0.00
  MONTH TO DATE    0.97                      1.42  -0.45     1.20
  SINCE MAR 1      2.56                      2.58  -0.02     1.87
  SINCE JAN 1      3.43                      3.60  -0.17     2.55

SNOWFALL (IN)
  TODAY            0.0
  MONTH TO DATE   10.3
  SINCE OCT 1     43.2
  SINCE JUL 1     43.2
  SNOW DEPTH       0

DEGREE DAYS
 HEATING
  TODAY           20                        16      4       30
  MONTH TO DATE  813                       546    267      451
  SINCE MAR 1   1941                      1634    307     1497
  SINCE JUL 1   8308                      8097    211     7112

 COOLING
  TODAY            0                         0      0        0
  MONTH TO DATE    0                         0      0        0
  SINCE MAR 1      0                         0      0        0
  SINCE JAN 1      0                         0      0        0
..................................................................


WIND (MPH)
  HIGHEST WIND SPEED    22   HIGHEST WIND DIRECTION    SW (210)
  HIGHEST GUST SPEED    28   HIGHEST GUST DIRECTION     S (200)
  AVERAGE WIND SPEED     8.5


SKY COVER
  POSSIBLE SUNSHINE  MM
  AVERAGE SKY COVER 0.0


WEATHER CONDITIONS
 THE FOLLOWING WEATHER WAS RECORDED TODAY.
  NO SIGNIFICANT WEATHER WAS OBSERVED.


RELATIVE HUMIDITY (PERCENT)
 HIGHEST    92          1200 AM
 LOWEST     24           400 PM
 AVERAGE    58

..........................................................


THE ABERDEEN SD CLIMATE NORMALS FOR TOMORROW
                         NORMAL    RECORD    YEAR
 MAXIMUM TEMPERATURE (F)   63        86      1952
                                             1899
 MINIMUM TEMPERATURE (F)   36        20      1931


SUNRISE AND SUNSET
APRIL 25 2018.........SUNRISE   631 AM CDT   SUNSET   833 PM CDT
APRIL 26 2018.........SUNRISE   630 AM CDT   SUNSET   834 PM CDT


-  INDICATES NEGATIVE NUMBERS.
R  INDICATES RECORD WAS SET OR TIED.
MM INDICATES DATA IS MISSING.
T  INDICATES TRACE AMOUNT.


$$

THE PEAK WIND SPEED WAS 29 MPH FROM THE SOUTH AT 501PM CDT

$$
