000
CDUS42 KTAE 210641
CLIABY


CLIMATE REPORT
NATIONAL WEATHER SERVICE TALLAHASSEE FL
240 AM EDT MON MAY 21 2018


...................................

...THE ALBANY CLIMATE SUMMARY FOR MAY 20 2018...

CLIMATE NORMAL PERIOD 1981 TO 2010
CLIMATE RECORD PERIOD 1930 TO 2018


WEATHER ITEM   OBSERVED TIME   RECORD YEAR NORMAL DEPARTURE LAST
                VALUE   (LST)  VALUE       VALUE  FROM      YEAR
                                                  NORMAL
..................................................................
TEMPERATURE (F)
 YESTERDAY
  MAXIMUM         87   1210 PM 102    1962  88     -1       90
  MINIMUM         70    154 AM  47    2002  63      7       73
  AVERAGE         79                        76      3       82

PRECIPITATION (IN)
  YESTERDAY        0.42                      0.06   0.36     0.38
  MONTH TO DATE    1.17                      1.48  -0.31     1.71
  SINCE MAR 1      8.26                     10.17  -1.91     5.06
  SINCE JAN 1     16.37                     19.15  -2.78    16.88

SNOWFALL (IN)
  YESTERDAY        0.0
  MONTH TO DATE    0.0
  SINCE MAR 1      0.0
  SINCE JUL 1      0.1

DEGREE DAYS
 HEATING
  YESTERDAY        0                         0      0        0
  MONTH TO DATE    0                         0      0       10
  SINCE MAR 1    295                       274     21      199
  SINCE JUL 1   1541                      1834   -293     1002

 COOLING
  YESTERDAY       14                        11      3       17
  MONTH TO DATE  243                       167     76      179
  SINCE MAR 1    333                       298     35      460
  SINCE JAN 1    416                       307    109      498
..................................................................


WIND (MPH)
  HIGHEST WIND SPEED    25   HIGHEST WIND DIRECTION    SE (140)
  HIGHEST GUST SPEED    32   HIGHEST GUST DIRECTION    SE (140)
  AVERAGE WIND SPEED     5.7




RELATIVE HUMIDITY (PERCENT)
 HIGHEST   100
 LOWEST     61
 AVERAGE    81

..........................................................


THE ALBANY CLIMATE NORMALS FOR TODAY
                         NORMAL    RECORD    YEAR
 MAXIMUM TEMPERATURE (F)   88       101      1962
 MINIMUM TEMPERATURE (F)   64        46      2002


SUNRISE AND SUNSET
MAY 21 2018...........SUNRISE   637 AM EDT   SUNSET   830 PM EDT
MAY 22 2018...........SUNRISE   636 AM EDT   SUNSET   831 PM EDT


-  INDICATES NEGATIVE NUMBERS.
R  INDICATES RECORD WAS SET OR TIED.
MM INDICATES DATA IS MISSING.
T  INDICATES TRACE AMOUNT.




$$
