000
CDUS44 KFWD 190642
CLIACT


CLIMATE REPORT
NATIONAL WEATHER SERVICE FORT WORTH TX
141 AM CDT THU APR 19 2018


...................................

...THE WACO CLIMATE SUMMARY FOR APRIL 18 2018...

CLIMATE NORMAL PERIOD 1981 TO 2010
CLIMATE RECORD PERIOD 1901 TO 2018


WEATHER ITEM   OBSERVED TIME   RECORD YEAR NORMAL DEPARTURE LAST
                VALUE   (LST)  VALUE       VALUE  FROM      YEAR
                                                  NORMAL
..................................................................
TEMPERATURE (F)
 YESTERDAY
  MAXIMUM         81    339 PM  98    2006  78      3       77
  MINIMUM         56   1159 PM  39    1921  55      1       61
  AVERAGE         69                        67      2       69

PRECIPITATION (IN)
  YESTERDAY        0.00          1.31 1976   0.10  -0.10     0.01
  MONTH TO DATE    0.28                      1.42  -1.14     6.94
  SINCE MAR 1      2.77                      4.57  -1.80    10.26
  SINCE JAN 1      5.20                      9.32  -4.12    16.42

SNOWFALL (IN)
  YESTERDAY        0.0           0.0    MM   0.0    0.0      0.0
  MONTH TO DATE    0.0                       0.1   -0.1      0.0
  SINCE MAR 1      0.0                       0.2   -0.2      0.0
  SINCE JUL 1      T                         1.0   -1.0       T
  SNOW DEPTH       0

DEGREE DAYS
 HEATING
  YESTERDAY        0                         2     -2        0
  MONTH TO DATE  103                        62     41       18
  SINCE MAR 1    257                       308    -51      136
  SINCE JUL 1   2060                      2120    -60     1312

 COOLING
  YESTERDAY        4                         4      0        4
  MONTH TO DATE   36                        52    -16       73
  SINCE MAR 1    103                        86     17      168
  SINCE JAN 1    123                        95     28      226
..................................................................


WIND (MPH)
  HIGHEST WIND SPEED    24   HIGHEST WIND DIRECTION     N (360)
  HIGHEST GUST SPEED    30   HIGHEST GUST DIRECTION     N (350)
  AVERAGE WIND SPEED    12.8


SKY COVER
  POSSIBLE SUNSHINE  MM
  AVERAGE SKY COVER 0.2


WEATHER CONDITIONS
 THE FOLLOWING WEATHER WAS RECORDED YESTERDAY.
  HAZE


RELATIVE HUMIDITY (PERCENT)
 HIGHEST    81          1200 AM
 LOWEST     17           500 PM
 AVERAGE    49

..........................................................


THE WACO CLIMATE NORMALS FOR TODAY
                         NORMAL    RECORD    YEAR
 MAXIMUM TEMPERATURE (F)   79        97      1996
 MINIMUM TEMPERATURE (F)   56        34      2013


SUNRISE AND SUNSET
APRIL 19 2018.........SUNRISE   656 AM CDT   SUNSET   801 PM CDT
APRIL 20 2018.........SUNRISE   655 AM CDT   SUNSET   801 PM CDT


-  INDICATES NEGATIVE NUMBERS.
R  INDICATES RECORD WAS SET OR TIED.
MM INDICATES DATA IS MISSING.
T  INDICATES TRACE AMOUNT.




$$
