110
CDUS41 KPHI 200554
CLIACY


CLIMATE REPORT
NATIONAL WEATHER SERVICE MOUNT HOLLY NJ
154 AM EDT FRI APR 20 2018


...................................

...THE ATLANTIC CITY NJ CLIMATE SUMMARY FOR APRIL 19 2018...

CLIMATE NORMAL PERIOD 1981 TO 2010
CLIMATE RECORD PERIOD 1874 TO 2018


WEATHER ITEM   OBSERVED TIME   RECORD YEAR NORMAL DEPARTURE LAST
                VALUE   (LST)  VALUE       VALUE  FROM      YEAR
                                                  NORMAL
..................................................................
TEMPERATURE (F)
 YESTERDAY
  MAXIMUM         59   1226 PM  92    1985  63     -4       57
  MINIMUM         39   1159 PM  19    1875  43     -4       47
  AVERAGE         49                        53     -4       52

PRECIPITATION (IN)
  YESTERDAY        0.02          2.42 1943   0.11  -0.09     0.00
  MONTH TO DATE    2.55                      2.44   0.11     1.17
  SINCE MAR 1      7.88                      6.65   1.23     6.79
  SINCE JAN 1     17.60                     12.74   4.86    12.34

SNOWFALL (IN)
  YESTERDAY        0.0           0.3  1983   0.1   -0.1      0.0
  MONTH TO DATE    T                         0.3   -0.3      0.0
  SINCE MAR 1      9.6                       1.4    8.2      0.2
  SINCE JUL 1     34.1                      16.5   17.6      7.7
  SNOW DEPTH       0

DEGREE DAYS
 HEATING
  YESTERDAY       16                        12      4       13
  MONTH TO DATE  323                       289     34      186
  SINCE MAR 1   1094                       995     99      905
  SINCE JUL 1   4332                      4586   -254     3901

 COOLING
  YESTERDAY        0                         0      0        0
  MONTH TO DATE    6                         0      6       10
  SINCE MAR 1      6                         0      6       10
  SINCE JAN 1      6                         0      6       10
..................................................................


WIND (MPH)
  HIGHEST WIND SPEED    28   HIGHEST WIND DIRECTION    NW (300)
  HIGHEST GUST SPEED    38   HIGHEST GUST DIRECTION    NW (300)
  AVERAGE WIND SPEED    12.2


SKY COVER
  POSSIBLE SUNSHINE  MM
  AVERAGE SKY COVER 0.8


WEATHER CONDITIONS
 THE FOLLOWING WEATHER WAS RECORDED YESTERDAY.
  LIGHT RAIN
  FOG


RELATIVE HUMIDITY (PERCENT)
 HIGHEST    92           200 AM
 LOWEST     49          1000 PM
 AVERAGE    71

..........................................................


THE ATLANTIC CITY NJ CLIMATE NORMALS FOR TODAY
                         NORMAL    RECORD    YEAR
 MAXIMUM TEMPERATURE (F)   63        86      2005
 MINIMUM TEMPERATURE (F)   43        27      1904


SUNRISE AND SUNSET
APRIL 20 2018.........SUNRISE   614 AM EDT   SUNSET   741 PM EDT
APRIL 21 2018.........SUNRISE   613 AM EDT   SUNSET   742 PM EDT


-  INDICATES NEGATIVE NUMBERS.
R  INDICATES RECORD WAS SET OR TIED.
MM INDICATES DATA IS MISSING.
T  INDICATES TRACE AMOUNT.




$$
