000
CDUS44 KLCH 232245
CLIAEX


CLIMATE REPORT
NATIONAL WEATHER SERVICE LAKE CHARLES, LA
545 PM CDT MON APR 23 2018


...................................

...THE ALEXANDRIA CLIMATE SUMMARY FOR APRIL 23 2018...
VALID TODAY AS OF 0500 PM LOCAL TIME.

CLIMATE NORMAL PERIOD 1981 TO 2010
CLIMATE RECORD PERIOD 1892 TO 2018


WEATHER ITEM   OBSERVED TIME   RECORD YEAR NORMAL DEPARTURE LAST
                VALUE   (LST)  VALUE       VALUE  FROM      YEAR
                                                  NORMAL
..................................................................
TEMPERATURE (F)
 TODAY
  MAXIMUM         71    303 PM  92    1925  80     -9       67
  MINIMUM         49    557 AM  42    1907  57     -8       49
                                      1903
  AVERAGE         60                        68     -8       58

PRECIPITATION (IN)
  TODAY            T             4.85 1995   0.11  -0.11     0.00
  MONTH TO DATE    3.39                      3.73  -0.34     9.83
  SINCE MAR 1     12.97                      8.78   4.19    11.98
  SINCE JAN 1     29.46                     18.46  11.00    19.69

SNOWFALL (IN)
  TODAY           MM             0.0    MM  MM     MM        0.0
  MONTH TO DATE    0.0                      MM     MM        0.0
  SINCE MAR 1      0.0                      MM     MM        0.0
  SINCE JUL 1      2.9                      MM     MM        0.5
  SNOW DEPTH       0

DEGREE DAYS
 HEATING
  TODAY            5                         1      4        7
  MONTH TO DATE  107                        61     46       21
  SINCE MAR 1    248                       276    -28      150
  SINCE JUL 1   1870                      1941    -71     1126

 COOLING
  TODAY            0                         4     -4        0
  MONTH TO DATE   37                        70    -33      116
  SINCE MAR 1    108                       106      2      221
  SINCE JAN 1    167                       123     44      303
..................................................................


WIND (MPH)
  HIGHEST WIND SPEED    16   HIGHEST WIND DIRECTION     W (290)
  HIGHEST GUST SPEED    19   HIGHEST GUST DIRECTION     W (290)
  AVERAGE WIND SPEED     7.3


SKY COVER
  POSSIBLE SUNSHINE  MM
  AVERAGE SKY COVER 0.5


WEATHER CONDITIONS
 THE FOLLOWING WEATHER WAS RECORDED TODAY.
  FOG


RELATIVE HUMIDITY (PERCENT)
 HIGHEST   100           600 AM
 LOWEST     59           400 PM
 AVERAGE    80

..........................................................


THE ALEXANDRIA CLIMATE NORMALS FOR TOMORROW
                         NORMAL    RECORD    YEAR
 MAXIMUM TEMPERATURE (F)   80        92      1925
                                             1923
 MINIMUM TEMPERATURE (F)   57        42      1910


SUNRISE AND SUNSET
APRIL 23 2018.........SUNRISE   633 AM CDT   SUNSET   744 PM CDT
APRIL 24 2018.........SUNRISE   632 AM CDT   SUNSET   745 PM CDT


-  INDICATES NEGATIVE NUMBERS.
R  INDICATES RECORD WAS SET OR TIED.
MM INDICATES DATA IS MISSING.
T  INDICATES TRACE AMOUNT.




$$
