000
CDUS42 KCAE 212121
CLIAGS


CLIMATE REPORT
NATIONAL WEATHER SERVICE COLUMBIA SC
521 PM EDT SAT APR 21 2018


...................................

...THE AUGUSTA BUSH FIELD GA CLIMATE SUMMARY FOR APRIL 21 2018...
VALID TODAY AS OF 0500 PM LOCAL TIME.

CLIMATE NORMAL PERIOD 1981 TO 2010
CLIMATE RECORD PERIOD 1873 TO 2018


WEATHER ITEM   OBSERVED TIME   RECORD YEAR NORMAL DEPARTURE LAST
                VALUE   (LST)  VALUE       VALUE  FROM      YEAR
                                                  NORMAL
..................................................................
TEMPERATURE (F)
 TODAY
  MAXIMUM         76    248 PM  92    2002  79     -3       91
  MINIMUM         36    608 AM  30    1953  49    -13       61
  AVERAGE         56                        64     -8       76

PRECIPITATION (IN)
  TODAY            0.00          1.62 1992   0.09  -0.09     0.00
  MONTH TO DATE    1.52                      2.09  -0.57     1.33
  SINCE MAR 1      4.73                      6.27  -1.54     3.10
  SINCE JAN 1      8.39                     14.10  -5.71    15.34

SNOWFALL (IN)
  TODAY            0.0          MM      MM   0.0             0.0
  MONTH TO DATE    0.0                       0.0             0.0
  SINCE MAR 1      0.0                       0.0             0.0
  SINCE JUL 1      T                         0.9              T

DEGREE DAYS
 HEATING
  TODAY            9                         3      6        0
  MONTH TO DATE  117                       101     16       29
  SINCE MAR 1    451                       397     54      267
  SINCE JUL 1   2138                      2429   -291     1402

 COOLING
  TODAY            0                         2     -2       11
  MONTH TO DATE   13                        30    -17       88
  SINCE MAR 1     27                        45    -18      141
  SINCE JAN 1     78                        48     30      171
..................................................................


WIND (MPH)
  HIGHEST WIND SPEED    18   HIGHEST WIND DIRECTION     E (80)
  HIGHEST GUST SPEED    24   HIGHEST GUST DIRECTION     E (70)
  AVERAGE WIND SPEED     4.1


SKY COVER
  AVERAGE SKY COVER 0.1


WEATHER CONDITIONS
 THE FOLLOWING WEATHER WAS RECORDED TODAY.
  FOG


RELATIVE HUMIDITY (PERCENT)
 HIGHEST   100           400 AM
 LOWEST     22           100 PM
 AVERAGE    61

..........................................................


THE AUGUSTA BUSH FIELD GA CLIMATE NORMALS FOR TOMORROW
                         NORMAL    RECORD    YEAR
 MAXIMUM TEMPERATURE (F)   79        90      2017
                                             1985
                                             1970
 MINIMUM TEMPERATURE (F)   50        33      1978


SUNRISE AND SUNSET
APRIL 21 2018.........SUNRISE   651 AM EDT   SUNSET   803 PM EDT
APRIL 22 2018.........SUNRISE   649 AM EDT   SUNSET   804 PM EDT


-  INDICATES NEGATIVE NUMBERS.
R  INDICATES RECORD WAS SET OR TIED.
MM INDICATES DATA IS MISSING.
T  INDICATES TRACE AMOUNT.




$$
