000
CDAK48 PAFC 240102
CLIANC

CLIMATE REPORT
NATIONAL WEATHER SERVICE ANCHORAGE, AK
500 PM AKDT MON APR 23 2018


...................................

...THE ANCHORAGE AK CLIMATE SUMMARY FOR APRIL 23 2018...
VALID TODAY AS OF 0500 PM LOCAL TIME.

CLIMATE NORMAL PERIOD 1981 TO 2010
CLIMATE RECORD PERIOD 1952 TO 2018


WEATHER ITEM   OBSERVED TIME   RECORD YEAR NORMAL DEPARTURE LAST
                VALUE   (LST)  VALUE       VALUE  FROM      YEAR
                                                  NORMAL
..................................................................
TEMPERATURE (F)
 TODAY
  MAXIMUM         51        MM  57    1977  48      3       55
                                      1956
  MINIMUM         37        MM  18    1972  32      5       40
  AVERAGE         44                        40      4       48

PRECIPITATION (IN)
  TODAY            0.00          0.28 2013   0.02  -0.02      T
  MONTH TO DATE    0.08                      0.35  -0.27     0.02
  SINCE MAR 1      0.90                      0.95  -0.05     0.69
  SINCE JAN 1      4.04                      2.40   1.64     3.39

SNOWFALL (IN)
  TODAY            0.0           1.5  1964   0.1   -0.1      0.0
  MONTH TO DATE    T                         3.5   -3.5       T
  SINCE MAR 1     10.8                      13.4   -2.6     10.3
  SINCE JUL 1     59.1                      73.7  -14.6     82.4
  SNOW DEPTH       0

DEGREE DAYS
 HEATING
  TODAY           21                        25     -4       17
  MONTH TO DATE  603                       680    -77      594
  SINCE MAR 1   1751                      1872   -121     2003
  SINCE JUL 1   8475                      9201   -726     9041

 COOLING
  TODAY            0                         0      0        0
  MONTH TO DATE    0                         0      0        0
  SINCE MAR 1      0                         0      0        0
  SINCE JAN 1      0                         0      0        0
..................................................................


WIND (MPH)
  RESULTANT WIND SPEED   1   RESULTANT WIND DIRECTION  SE (140)
  HIGHEST WIND SPEED    15   HIGHEST WIND DIRECTION    SE (150)
  HIGHEST GUST SPEED    33   HIGHEST GUST DIRECTION     S (170)
  AVERAGE WIND SPEED     5.0


SKY COVER
  POSSIBLE SUNSHINE  MM
  AVERAGE SKY COVER 0.9


WEATHER CONDITIONS
 THE FOLLOWING WEATHER WAS RECORDED TODAY.
  NO SIGNIFICANT WEATHER WAS OBSERVED.


RELATIVE HUMIDITY (PERCENT)
 HIGHEST    79           100 AM
 LOWEST     44           100 PM
 AVERAGE    62

..........................................................


THE ANCHORAGE AK CLIMATE NORMALS FOR TOMORROW
                         NORMAL    RECORD    YEAR
 MAXIMUM TEMPERATURE (F)   48        59      1998
 MINIMUM TEMPERATURE (F)   32        21      1955


SUNRISE AND SUNSET
APRIL 23 2018.........SUNRISE   614 AM AKDT  SUNSET   944 PM AKDT
APRIL 24 2018.........SUNRISE   611 AM AKDT  SUNSET   947 PM AKDT

CIVIL TWILIGHT
APRIL 23 2018           START    523 AM GMT     END   1037 PM GMT
APRIL 24 2018           START    519 AM GMT     END   1040 PM GMT



-  INDICATES NEGATIVE NUMBERS.
R  INDICATES RECORD WAS SET OR TIED.
MM INDICATES DATA IS MISSING.
T  INDICATES TRACE AMOUNT.




$$
&&
------------------------------------------------------
AMOUNT OF DAYLIGHT TODAY  (HOUR:MIN)........15:30
GAIN/LOSS SINCE YESTERDAY (HOUR:MIN:SEC)....+0:05:39
