000
CDUS42 KMFL 210822
CLIAPF


CLIMATE REPORT
NATIONAL WEATHER SERVICE MIAMI, FL
422 AM EDT SAT APR 21 2018


...................................

...THE NAPLES CLIMATE SUMMARY FOR APRIL 20 2018...

CLIMATE NORMAL PERIOD 1981 TO 2010
CLIMATE RECORD PERIOD 1942 TO 2018


WEATHER ITEM   OBSERVED TIME   RECORD YEAR NORMAL DEPARTURE LAST
                VALUE   (LST)  VALUE       VALUE  FROM      YEAR
                                                  NORMAL
..................................................................
TEMPERATURE (F)
 YESTERDAY
  MAXIMUM         82    249 PM  91    1977  84     -2       88
                                      1974
  MINIMUM         66    629 AM  48    1997  64      2       66
  AVERAGE         74                        74      0       77

PRECIPITATION (IN)
  YESTERDAY        0.00          0.71 1945   0.09  -0.09     0.00
  MONTH TO DATE    0.66                      1.68  -1.02     0.22
  SINCE NOV 1      3.77                     11.50  -7.73     2.63
  SINCE JAN 1      2.62                      8.01  -5.39     2.28

SNOWFALL (IN)
  YESTERDAY        0.0
  MONTH TO DATE    0.0
  SINCE MAR 1      0.0
  SINCE JUL 1      0.0
  SNOW DEPTH       0

DEGREE DAYS
 HEATING
  YESTERDAY        0                         0      0        0
  MONTH TO DATE    0                         0      0        0
  SINCE MAR 1     22                        23     -1       11
  SINCE JUL 1    200                       256    -56       67

 COOLING
  YESTERDAY        9                         9      0       12
  MONTH TO DATE  218                       154     64      214
  SINCE MAR 1    359                       330     29      411
  SINCE JAN 1    719                       521    198      734
..................................................................


WIND (MPH)
  HIGHEST WIND SPEED    17   HIGHEST WIND DIRECTION     W (290)
  HIGHEST GUST SPEED    21   HIGHEST GUST DIRECTION     W (280)
  AVERAGE WIND SPEED     5.8


SKY COVER
  AVERAGE SKY COVER 0.0


WEATHER CONDITIONS
 THE FOLLOWING WEATHER WAS RECORDED YESTERDAY.
  NO SIGNIFICANT WEATHER WAS OBSERVED.


RELATIVE HUMIDITY (PERCENT)
 HIGHEST   100
 LOWEST     54
 AVERAGE    77

..........................................................


THE NAPLES CLIMATE NORMALS FOR TODAY
                         NORMAL    RECORD    YEAR
 MAXIMUM TEMPERATURE (F)   84        91      1945
 MINIMUM TEMPERATURE (F)   64        48      1997


SUNRISE AND SUNSET
APRIL 21 2018.........SUNRISE   658 AM EDT   SUNSET   754 PM EDT
APRIL 22 2018.........SUNRISE   657 AM EDT   SUNSET   754 PM EDT


-  INDICATES NEGATIVE NUMBERS.
R  INDICATES RECORD WAS SET OR TIED.
MM INDICATES DATA IS MISSING.
T  INDICATES TRACE AMOUNT.




$$
