000
CDUS43 KAPX 190529
CLIAPN


CLIMATE REPORT
NATIONAL WEATHER SERVICE GAYLORD MI
129 AM EDT THU APR 19 2018


...................................

...THE ALPENA MI CLIMATE SUMMARY FOR APRIL 18 2018...

CLIMATE NORMAL PERIOD 1981 TO 2010
CLIMATE RECORD PERIOD 1916 TO 2018


WEATHER ITEM   OBSERVED TIME   RECORD YEAR NORMAL DEPARTURE LAST
                VALUE   (LST)  VALUE       VALUE  FROM      YEAR
                                                  NORMAL
..................................................................
TEMPERATURE (F)
 YESTERDAY
  MAXIMUM         38    511 PM  85    1976  54    -16       52
  MINIMUM         30   1010 PM  16    1926  32     -2       25
  AVERAGE         34                        43     -9       39

PRECIPITATION (IN)
  YESTERDAY        T             1.00 1955   0.09  -0.09      T
  MONTH TO DATE    4.62                      1.47   3.15     3.43
  SINCE MAR 1      6.13                      3.33   2.80     6.26
  SINCE JAN 1     10.02                      6.31   3.71    11.75

SNOWFALL (IN)
  YESTERDAY        T             4.0  1918   0.2   -0.2      0.0
  MONTH TO DATE   30.7                       4.7   26.0       T
  SINCE OCT 1     82.5                      83.0   -0.5     66.4
  SINCE JUL 1     82.5                      83.0   -0.5     66.4
  SNOW DEPTH      15

DEGREE DAYS
 HEATING
  YESTERDAY       31                        22      9       26
  MONTH TO DATE  653                       465    188      374
  SINCE MAR 1   1801                      1589    212     1505
  SINCE JUL 1   7250                      7321    -71     6136

 COOLING
  YESTERDAY        0                         0      0        0
  MONTH TO DATE    0                         0      0        0
  SINCE MAR 1      0                         0      0        0
  SINCE JAN 1      0                         0      0        0
..................................................................


WIND (MPH)
  HIGHEST WIND SPEED    18   HIGHEST WIND DIRECTION     N (360)
  HIGHEST GUST SPEED    22   HIGHEST GUST DIRECTION     N (10)
  AVERAGE WIND SPEED     8.6




RELATIVE HUMIDITY (PERCENT)
 HIGHEST    92
 LOWEST     64
 AVERAGE    78

..........................................................


THE ALPENA MI CLIMATE NORMALS FOR TODAY
                         NORMAL    RECORD    YEAR
 MAXIMUM TEMPERATURE (F)   54        83      2005
 MINIMUM TEMPERATURE (F)   32         9      1918


SUNRISE AND SUNSET
APRIL 19 2018.........SUNRISE   643 AM EDT   SUNSET   825 PM EDT
APRIL 20 2018.........SUNRISE   641 AM EDT   SUNSET   826 PM EDT


-  INDICATES NEGATIVE NUMBERS.
R  INDICATES RECORD WAS SET OR TIED.
MM INDICATES DATA IS MISSING.
T  INDICATES TRACE AMOUNT.




$$
