000
CDUS42 KGSP 240645
CLIAVL

CLIMATE REPORT
NATIONAL WEATHER SERVICE GREENVILLE-SPARTANBURG SC
245 AM EDT TUE APR 24 2018


...................................

...THE ASHEVILLE NC CLIMATE SUMMARY FOR APRIL 23 2018...

CLIMATE NORMAL PERIOD 1981 TO 2010
CLIMATE RECORD PERIOD 1869 TO 2018


WEATHER ITEM   OBSERVED TIME   RECORD YEAR NORMAL DEPARTURE LAST
                VALUE   (LST)  VALUE       VALUE  FROM      YEAR
                                                  NORMAL
..................................................................
TEMPERATURE (F)
 YESTERDAY
  MAXIMUM         57    532 PM  88    1960  70    -13       56
  MINIMUM         49   1045 AM  29    1986  45      4       47
  AVERAGE         53                        57     -4       52

PRECIPITATION (IN)
  YESTERDAY        0.85          1.98 2017   0.12   0.73     1.98
  MONTH TO DATE    3.62                      2.54   1.08     6.28
  SINCE MAR 1      6.73                      6.37   0.36    10.20
  SINCE JAN 1     16.34                     13.80   2.54    14.62

SNOWFALL (IN)
  YESTERDAY        0.0           0.0    MM   0.0             0.0
  MONTH TO DATE    T                         0.7             0.0
  SINCE MAR 1      1.2                       2.6             2.1
  SINCE JUL 1     12.0                       9.9             9.4
  SNOW DEPTH       0

DEGREE DAYS
 HEATING
  YESTERDAY       12                         8      4       13
  MONTH TO DATE  271                       251     20      132
  SINCE MAR 1    857                       806     51      639
  SINCE JUL 1   3707                      4023   -316     3033

 COOLING
  YESTERDAY        0                         0      0        0
  MONTH TO DATE    4                         0      4       11
  SINCE MAR 1      4                         1      3       11
  SINCE JAN 1      8                         1      7       11
..................................................................


WIND (MPH)
  HIGHEST WIND SPEED    17   HIGHEST WIND DIRECTION     E (100)
  HIGHEST GUST SPEED    30   HIGHEST GUST DIRECTION    SE (120)
  AVERAGE WIND SPEED     9.2


SKY COVER
  POSSIBLE SUNSHINE  MM
  AVERAGE SKY COVER 1.0


WEATHER CONDITIONS
 THE FOLLOWING WEATHER WAS RECORDED YESTERDAY.
  HEAVY RAIN
  RAIN
  LIGHT RAIN
  FOG
  HAZE


RELATIVE HUMIDITY (PERCENT)
 HIGHEST    93          1000 AM
 LOWEST     77          1200 AM
 AVERAGE    85

..........................................................


THE ASHEVILLE NC CLIMATE NORMALS FOR TODAY
                         NORMAL    RECORD    YEAR
 MAXIMUM TEMPERATURE (F)   70        89      1925
 MINIMUM TEMPERATURE (F)   45        26      1893


SUNRISE AND SUNSET
APRIL 24 2018.........SUNRISE   647 AM EDT   SUNSET   811 PM EDT
APRIL 25 2018.........SUNRISE   645 AM EDT   SUNSET   811 PM EDT


-  INDICATES NEGATIVE NUMBERS.
R  INDICATES RECORD WAS SET OR TIED.
MM INDICATES DATA IS MISSING.
T  INDICATES TRACE AMOUNT.

$$

OUTLAW
