000
CDUS43 KGRR 211324
CLIAZO


CLIMATE REPORT
NATIONAL WEATHER SERVICE GRAND RAPIDS, MI
923 AM EDT SAT APR 21 2018


...................................

...THE KALAMAZOO MI CLIMATE SUMMARY FOR APRIL 21 2018...
VALID AS OF 0900 AM LOCAL TIME.

CLIMATE NORMAL PERIOD 1981 TO 2010
CLIMATE RECORD PERIOD 1998 TO 2018


WEATHER ITEM   OBSERVED TIME   NORMAL DEPARTURE LAST
                VALUE   (LST)  VALUE  FROM      YEAR
                                      NORMAL
......................................................
TEMPERATURE (F)
 TODAY
  MAXIMUM         43    759 AM  62    -19       52
  MINIMUM         31    550 AM  40     -9       42
  AVERAGE         37            51    -14       47

PRECIPITATION (IN)
  TODAY            0.00          0.09  -0.09     0.00
  MONTH TO DATE    2.20          2.04   0.16     1.74
  SINCE MAR 1      3.80          4.29  -0.49     5.91
  SINCE JAN 1      9.63          7.53   2.10    10.63

DEGREE DAYS
 HEATING
  TODAY           28            14     14       18
  MONTH TO DATE  577           374    203      268
  SINCE MAR 1   1491          1258    233     1152
  SINCE JUL 1   6052          6031     21     5048

 COOLING
  TODAY            0             0      0        0
  MONTH TO DATE    0             0      0        5
  SINCE MAR 1      0             0      0        5
  SINCE JAN 1      0             0      0        5
......................................................


WIND (MPH)
  RESULTANT WIND SPEED   0   RESULTANT WIND DIRECTION   S (180)
  HIGHEST WIND SPEED     6   HIGHEST WIND DIRECTION     S (180)
  HIGHEST GUST SPEED     8   HIGHEST GUST DIRECTION     S (170)
  AVERAGE WIND SPEED     0.9


SKY COVER
  AVERAGE SKY COVER 0.0


WEATHER CONDITIONS
 THE FOLLOWING WEATHER WAS RECORDED TODAY.
  NO SIGNIFICANT WEATHER WAS OBSERVED.


RELATIVE HUMIDITY (PERCENT)
 HIGHEST    72           600 AM
 LOWEST     44          1200 AM
 AVERAGE    58

..........................................................


THE KALAMAZOO MI CLIMATE NORMALS FOR TOMORROW
                         NORMAL
 MAXIMUM TEMPERATURE (F)   63
 MINIMUM TEMPERATURE (F)   41


SUNRISE AND SUNSET
APRIL 21 2018.........SUNRISE   652 AM EDT   SUNSET   830 PM EDT
APRIL 22 2018.........SUNRISE   651 AM EDT   SUNSET   832 PM EDT


-  INDICATES NEGATIVE NUMBERS.
R  INDICATES RECORD WAS SET OR TIED.
MM INDICATES DATA IS MISSING.
T  INDICATES TRACE AMOUNT.




$$
