000
CDUS41 KBOX 260601
CLIBDL


CLIMATE REPORT
NATIONAL WEATHER SERVICE BOSTON/NORTON MA
150 AM EDT SAT MAY 26 2018


...................................

...THE HARTFORD CT CLIMATE SUMMARY FOR MAY 25 2018...

CLIMATE NORMAL PERIOD 1981 TO 2010
CLIMATE RECORD PERIOD 1904 TO 2018


WEATHER ITEM   OBSERVED TIME   RECORD YEAR NORMAL DEPARTURE LAST
                VALUE   (LST)  VALUE       VALUE  FROM      YEAR
                                                  NORMAL
..................................................................
TEMPERATURE (F)
 YESTERDAY
  MAXIMUM         89    425 PM  93    2007  74     15       58
  MINIMUM         52    445 AM  33    1956  50      2       51
  AVERAGE         71                        62      9       55

PRECIPITATION (IN)
  YESTERDAY        0.00          2.55 1967   0.16  -0.16     0.56
  MONTH TO DATE    2.11                      3.39  -1.28     3.67
  SINCE MAR 1     10.31                     10.73  -0.42    11.37
  SINCE JAN 1     19.30                     16.85   2.45    17.35

SNOWFALL (IN)
  YESTERDAY        0.0           T    1967   0.0    0.0      0.0
  MONTH TO DATE    0.0                       0.0    0.0      0.0
  SINCE MAR 1     24.2                       7.8   16.4     19.6
  SINCE JUL 1     56.0                      40.5   15.5     62.3
  SNOW DEPTH       0

DEGREE DAYS
 HEATING
  YESTERDAY        0                         5     -5       10
  MONTH TO DATE   87                       181    -94      206
  SINCE MAR 1   1562                      1496     66     1548
  SINCE JUL 1   5758                      5934   -176     5441

 COOLING
  YESTERDAY        6                         2      4        0
  MONTH TO DATE   56                        20     36       37
  SINCE MAR 1     56                        26     30       60
  SINCE JAN 1     56                        26     30       60
..................................................................


WIND (MPH)
  RESULTANT WIND SPEED   7   RESULTANT WIND DIRECTION  SW (230)
  HIGHEST WIND SPEED    23   HIGHEST WIND DIRECTION    SW (240)
  HIGHEST GUST SPEED    29   HIGHEST GUST DIRECTION     W (250)
  AVERAGE WIND SPEED     8.9


SKY COVER
  POSSIBLE SUNSHINE  MM
  AVERAGE SKY COVER 0.3


WEATHER CONDITIONS
 THE FOLLOWING WEATHER WAS RECORDED YESTERDAY.
  NO SIGNIFICANT WEATHER WAS OBSERVED.


RELATIVE HUMIDITY (PERCENT)
 HIGHEST    96           300 AM
 LOWEST     24          1200 PM
 AVERAGE    60

..........................................................


THE HARTFORD CT CLIMATE NORMALS FOR TODAY
                         NORMAL    RECORD    YEAR
 MAXIMUM TEMPERATURE (F)   74        99      2010
 MINIMUM TEMPERATURE (F)   51        36      1992
                                             1972


SUNRISE AND SUNSET
MAY 26 2018...........SUNRISE   521 AM EDT   SUNSET   815 PM EDT
MAY 27 2018...........SUNRISE   521 AM EDT   SUNSET   816 PM EDT


-  INDICATES NEGATIVE NUMBERS.
R  INDICATES RECORD WAS SET OR TIED.
MM INDICATES DATA IS MISSING.
T  INDICATES TRACE AMOUNT.




$$
