000
CDUS41 KOKX 270624
CLIBDR


CLIMATE REPORT
NATIONAL WEATHER SERVICE NEW YORK NY
224 AM EDT SUN MAY 27 2018


...................................

...THE BRIDGEPORT CT CLIMATE SUMMARY FOR MAY 26 2018...

CLIMATE NORMAL PERIOD 1981 TO 2010
CLIMATE RECORD PERIOD 1948 TO 2018


WEATHER ITEM   OBSERVED TIME   RECORD YEAR NORMAL DEPARTURE LAST
                VALUE   (LST)  VALUE       VALUE  FROM      YEAR
                                                  NORMAL
..................................................................
TEMPERATURE (F)
 YESTERDAY
  MAXIMUM         89    222 PM  94    2010  71     18       78
  MINIMUM         64    208 AM  40    1967  54     10       53
  AVERAGE         77                        62     15       66

PRECIPITATION (IN)
  YESTERDAY        0.00          2.51 2003   0.13  -0.13     0.58
  MONTH TO DATE    3.17                      3.12   0.05     4.91
  SINCE MAR 1     11.97                     11.30   0.67    14.07
  SINCE JAN 1     20.90                     17.19   3.71    19.26

SNOWFALL (IN)
  YESTERDAY        0.0           0.0  2002   0.0    0.0      0.0
                                      2001
  MONTH TO DATE    0.0                       0.0    0.0      0.0
  SINCE OCT 1     45.9                      27.6   18.3     40.9
  SINCE JUL 1     45.9                      27.6   18.3     40.9
  SNOW DEPTH       0

DEGREE DAYS
 HEATING
  YESTERDAY        0                         4     -4        0
  MONTH TO DATE  104                       188    -84      175
  SINCE MAR 1   1458                      1456      2     1354
  SINCE JUL 1   5057                      5343   -286     4521

 COOLING
  YESTERDAY       12                         1     11        1
  MONTH TO DATE   42                        12     30       36
  SINCE MAR 1     42                        14     28       44
  SINCE JAN 1     42                        14     28       44
..................................................................


WIND (MPH)
  HIGHEST WIND SPEED    15   HIGHEST WIND DIRECTION    SW (210)
  HIGHEST GUST SPEED    18   HIGHEST GUST DIRECTION    SW (220)
  AVERAGE WIND SPEED     8.1


SKY COVER
  AVERAGE SKY COVER 0.1


WEATHER CONDITIONS
 THE FOLLOWING WEATHER WAS RECORDED YESTERDAY.
  NO SIGNIFICANT WEATHER WAS OBSERVED.


RELATIVE HUMIDITY (PERCENT)
 HIGHEST    87           300 AM
 LOWEST     40           200 PM
 AVERAGE    64

..........................................................


THE BRIDGEPORT CT CLIMATE NORMALS FOR TODAY
                         NORMAL    RECORD    YEAR
 MAXIMUM TEMPERATURE (F)   71        87      2014
 MINIMUM TEMPERATURE (F)   54        36      1961


SUNRISE AND SUNSET
MAY 27 2018...........SUNRISE   525 AM EDT   SUNSET   815 PM EDT
MAY 28 2018...........SUNRISE   524 AM EDT   SUNSET   816 PM EDT


-  INDICATES NEGATIVE NUMBERS.
R  INDICATES RECORD WAS SET OR TIED.
MM INDICATES DATA IS MISSING.
T  INDICATES TRACE AMOUNT.




$$
