000
CDUS46 KHNX 210022
CLIBFL


CLIMATE REPORT
NATIONAL WEATHER SERVICE SAN JOAQUIN VALLEY, CA
522 PM PDT FRI APR 20 2018


...................................

...THE BAKERSFIELD CLIMATE SUMMARY FOR APRIL 20 2018...
VALID AS OF 0400 PM LOCAL TIME.

CLIMATE NORMAL PERIOD 1981 TO 2010
CLIMATE RECORD PERIOD 1889 TO 2018


WEATHER ITEM   OBSERVED TIME   RECORD YEAR NORMAL DEPARTURE LAST
                VALUE   (LST)  VALUE       VALUE  FROM      YEAR
                                                  NORMAL
..................................................................
TEMPERATURE (F)
 TODAY
  MAXIMUM         78    302 PM  98    1906  76      2       76
  MINIMUM         52    420 AM  36    1904  51      1       51
  AVERAGE         65                        64      1       64

PRECIPITATION (IN)
  TODAY            0.00          0.61 1957   0.01  -0.01     0.00
  MONTH TO DATE    0.20                      0.39  -0.19     0.35
  SINCE OCT 1      3.93                      5.96  -2.03     7.76
  SINCE JAN 1      3.86                      4.00  -0.14     4.73

SNOWFALL (IN)
  TODAY            0.0
  MONTH TO DATE    0.0
  SINCE MAR 1      0.0
  SINCE JUL 1      0.0
  SNOW DEPTH       0

DEGREE DAYS
 HEATING
  TODAY            0                         4     -4        1
  MONTH TO DATE   47                       103    -56       47
  SINCE MAR 1    248                       342    -94      219
  SINCE JUL 1   1526                      2116   -590     1587

 COOLING
  TODAY            0                         2     -2        0
  MONTH TO DATE   46                        29     17       36
  SINCE MAR 1     62                        38     24       60
  SINCE JAN 1     62                        38     24       62
..................................................................


WIND (MPH)
  HIGHEST WIND SPEED    13   HIGHEST WIND DIRECTION     W (290)
  HIGHEST GUST SPEED    17   HIGHEST GUST DIRECTION    NW (310)
  AVERAGE WIND SPEED     5.8




RELATIVE HUMIDITY (PERCENT)
 HIGHEST    54
 LOWEST     26
 AVERAGE    40

..........................................................


THE BAKERSFIELD CLIMATE NORMALS FOR TOMORROW
                         NORMAL    RECORD    YEAR
 MAXIMUM TEMPERATURE (F)   77        99      2009
                                             1931
 MINIMUM TEMPERATURE (F)   51        33      1904


SUNRISE AND SUNSET
APRIL 20 2018.........SUNRISE   617 AM PDT   SUNSET   733 PM PDT
APRIL 21 2018.........SUNRISE   616 AM PDT   SUNSET   734 PM PDT


-  INDICATES NEGATIVE NUMBERS.
R  INDICATES RECORD WAS SET OR TIED.
MM INDICATES DATA IS MISSING.
T  INDICATES TRACE AMOUNT.




$$
