336
CDUS44 KAMA 251406
CLIBGD


CLIMATE REPORT
NATIONAL WEATHER SERVICE AMARILLO TX
905 AM CDT FRI MAY 25 2018


...................................

...THE BORGER CLIMATE SUMMARY FOR MAY 25 2018...
VALID AS OF 0900 AM LOCAL TIME.

CLIMATE NORMAL PERIOD 1981 TO 2010
CLIMATE RECORD PERIOD 1949 TO 2018


WEATHER ITEM   OBSERVED TIME   RECORD YEAR NORMAL DEPARTURE LAST
                VALUE   (LST)  VALUE       VALUE  FROM      YEAR
                                                  NORMAL
..................................................................
TEMPERATURE (F)
 TODAY
  MINIMUM         70    511 AM  44    2002  58     12       56
                                      1995

PRECIPITATION (IN)
  TODAY            0.00          1.66 1974   0.12  -0.12     0.00
  MONTH TO DATE    2.32                      2.10   0.22     1.15
  SINCE MAR 1      3.39                      5.05  -1.66     7.66
  SINCE JAN 1      3.40                      6.26  -2.86    11.14

SNOWFALL (IN)
  TODAY            0.0           T    2000                   0.0
  MONTH TO DATE    0.0                                       0.0
  SINCE MAR 1      0.0                                       1.1
  SINCE JUL 1      2.0                                       4.7
  SNOW DEPTH       0

..................................................................


WIND (MPH)
  RESULTANT WIND SPEED   9   RESULTANT WIND DIRECTION   S (190)
  HIGHEST WIND SPEED    17   HIGHEST WIND DIRECTION     S (170)
  HIGHEST GUST SPEED    22   HIGHEST GUST DIRECTION     S (160)
  AVERAGE WIND SPEED    10.6


SKY COVER
  AVERAGE SKY COVER 0.0


WEATHER CONDITIONS
 THE FOLLOWING WEATHER WAS RECORDED TODAY.
  NO SIGNIFICANT WEATHER WAS OBSERVED.


RELATIVE HUMIDITY (PERCENT)
 HIGHEST    68           200 AM
 LOWEST     60          1200 AM
 AVERAGE    64

..........................................................


THE BORGER CLIMATE NORMALS FOR TOMORROW
                         NORMAL    RECORD    YEAR
 MAXIMUM TEMPERATURE (F)   84       101      1953
 MINIMUM TEMPERATURE (F)   59        40      1950


SUNRISE AND SUNSET
MAY 25 2018...........SUNRISE   634 AM CDT   SUNSET   851 PM CDT
MAY 26 2018...........SUNRISE   633 AM CDT   SUNSET   852 PM CDT


-  INDICATES NEGATIVE NUMBERS.
R  INDICATES RECORD WAS SET OR TIED.
MM INDICATES DATA IS MISSING.
T  INDICATES TRACE AMOUNT.




$$
