000
CDUS41 KCAR 220546
CLIBGR


CLIMATE REPORT
NATIONAL WEATHER SERVICE CARIBOU, ME
146 AM EDT SUN APR 22 2018


...................................

...THE BANGOR ME CLIMATE SUMMARY FOR APRIL 21 2018...

CLIMATE NORMAL PERIOD 1981 TO 2010
CLIMATE RECORD PERIOD 1925 TO 2018


WEATHER ITEM   OBSERVED TIME   RECORD YEAR NORMAL DEPARTURE LAST
                VALUE   (LST)  VALUE       VALUE  FROM      YEAR
                                                  NORMAL
..................................................................
TEMPERATURE (F)
 YESTERDAY
  MAXIMUM         52    235 PM  79    1957  55     -3       42
                                      1927
  MINIMUM         28   1159 PM  22    1944  34     -6       35
  AVERAGE         40                        45     -5       39

PRECIPITATION (IN)
  YESTERDAY        0.00          1.65 1950   0.11  -0.11     0.25
  MONTH TO DATE    2.47                      2.55  -0.08     2.65
  SINCE MAR 1      4.65                      5.93  -1.28     4.72
  SINCE JAN 1     13.17                     11.34   1.83    10.61

SNOWFALL (IN)
  YESTERDAY        0.0           T    2005   0.0             0.0
  MONTH TO DATE    2.3                       3.4             2.3
  SINCE MAR 1     35.3                      15.1            19.3
  SINCE JUL 1    111.3                      65.8            82.6
  SNOW DEPTH       0

DEGREE DAYS
 HEATING
  YESTERDAY       25                        20      5       26
  MONTH TO DATE  593                       511     82      440
  SINCE MAR 1   1631                      1588     43     1654
  SINCE JUL 1   6849                      7234   -385     6782

 COOLING
  YESTERDAY        0                         0      0        0
  MONTH TO DATE    0                         0      0        0
  SINCE MAR 1      0                         0      0        0
  SINCE JAN 1      0                         0      0        0
..................................................................


WIND (MPH)
  RESULTANT WIND SPEED  11   RESULTANT WIND DIRECTION  NW (310)
  HIGHEST WIND SPEED    24   HIGHEST WIND DIRECTION    NW (330)
  HIGHEST GUST SPEED    29   HIGHEST GUST DIRECTION    NW (320)


SKY COVER
  POSSIBLE SUNSHINE  MM
  AVERAGE SKY COVER 0.7


WEATHER CONDITIONS
 THE FOLLOWING WEATHER WAS RECORDED YESTERDAY.
  NO SIGNIFICANT WEATHER WAS OBSERVED.


RELATIVE HUMIDITY (PERCENT)
 HIGHEST    82
 LOWEST     30
 AVERAGE    56

..........................................................


THE BANGOR ME CLIMATE NORMALS FOR TODAY
                         NORMAL    RECORD    YEAR
 MAXIMUM TEMPERATURE (F)   56        76      1977
 MINIMUM TEMPERATURE (F)   35        21      2013


SUNRISE AND SUNSET
APRIL 22 2018.........SUNRISE   539 AM EDT   SUNSET   729 PM EDT
APRIL 23 2018.........SUNRISE   538 AM EDT   SUNSET   730 PM EDT


-  INDICATES NEGATIVE NUMBERS.
R  INDICATES RECORD WAS SET OR TIED.
MM INDICATES DATA IS MISSING.
T  INDICATES TRACE AMOUNT.




$$
