000
CDUS45 KBYZ 220915
CLIBIL


CLIMATE REPORT
NATIONAL WEATHER SERVICE BILLINGS MT
314 AM MDT SUN APR 22 2018


...................................

...THE BILLINGS MT CLIMATE SUMMARY FOR APRIL 21 2018...

CLIMATE NORMAL PERIOD 1981 TO 2010
CLIMATE RECORD PERIOD 1934 TO 2018


WEATHER ITEM   OBSERVED TIME   RECORD YEAR NORMAL DEPARTURE LAST
                VALUE   (LST)  VALUE       VALUE  FROM      YEAR
                                                  NORMAL
..................................................................
TEMPERATURE (F)
 YESTERDAY
  MAXIMUM         72    444 PM  89    1980  59     13       52
  MINIMUM         38    532 AM  15    2008  36      2       42
  AVERAGE         55                        48      7       47

PRECIPITATION (IN)
  YESTERDAY        0.00          0.93 2004   0.06  -0.06     0.51
  MONTH TO DATE    1.50                      1.11   0.39     2.28
  SINCE OCT 1      8.11                      5.44   2.67    11.52
  SINCE JAN 1      4.46                      3.13   1.33     5.96

SNOWFALL (IN)
  YESTERDAY        0.0           2.3  1963   0.2   -0.2      0.0
  MONTH TO DATE   16.8                       6.4   10.4      3.4
  SINCE MAR 1     26.6                      16.6   10.0     13.8
  SINCE JUL 1    103.5                      51.1   52.4     74.1
  SNOW DEPTH       0

DEGREE DAYS
 HEATING
  YESTERDAY       10                        17     -7       18
  MONTH TO DATE  557                       425    132      346
  SINCE MAR 1   1537                      1270    267     1064
  SINCE JUL 1   6934                      6235    699     6149

 COOLING
  YESTERDAY        0                         0      0        0
  MONTH TO DATE    0                         0      0        0
  SINCE MAR 1      0                         0      0        0
  SINCE JAN 1      0                         0      0        0
..................................................................


WIND (MPH)
  HIGHEST WIND SPEED    18   HIGHEST WIND DIRECTION    NE (30)
  HIGHEST GUST SPEED    24   HIGHEST GUST DIRECTION    NE (40)
  AVERAGE WIND SPEED     9.8


SKY COVER
  POSSIBLE SUNSHINE  MM
  AVERAGE SKY COVER 0.2


WEATHER CONDITIONS
 THE FOLLOWING WEATHER WAS RECORDED YESTERDAY.
  NO SIGNIFICANT WEATHER WAS OBSERVED.


RELATIVE HUMIDITY (PERCENT)
 HIGHEST    79           600 AM
 LOWEST     22           300 PM
 AVERAGE    51

..........................................................


THE BILLINGS MT CLIMATE NORMALS FOR TODAY
                         NORMAL    RECORD    YEAR
 MAXIMUM TEMPERATURE (F)   60        84      1939
 MINIMUM TEMPERATURE (F)   36        17      1967


SUNRISE AND SUNSET
APRIL 22 2018.........SUNRISE   616 AM MDT   SUNSET   810 PM MDT
APRIL 23 2018.........SUNRISE   614 AM MDT   SUNSET   811 PM MDT


-  INDICATES NEGATIVE NUMBERS.
R  INDICATES RECORD WAS SET OR TIED.
MM INDICATES DATA IS MISSING.
T  INDICATES TRACE AMOUNT.




$$
