000
CDUS43 KBIS 240720
CLIBIS


CLIMATE REPORT
NATIONAL WEATHER SERVICE BISMARCK ND
220 AM CDT THU MAY 24 2018


...................................

...THE BISMARCK ND CLIMATE SUMMARY FOR MAY 23 2018...

CLIMATE NORMAL PERIOD 1981 TO 2010
CLIMATE RECORD PERIOD 1875 TO 2018


WEATHER ITEM   OBSERVED TIME   RECORD YEAR NORMAL DEPARTURE LAST
                VALUE   (LST)  VALUE       VALUE  FROM      YEAR
                                                  NORMAL
..................................................................
TEMPERATURE (F)
 YESTERDAY
  MAXIMUM         83    610 PM  96    1928  70     13       67
  MINIMUM         59    424 AM  28    2002  45     14       40
                                      1992
  AVERAGE         71                        58     13       54

PRECIPITATION (IN)
  YESTERDAY        T             1.81 1982   0.08  -0.08     0.00
  MONTH TO DATE    1.10                      1.69  -0.59     0.24
  SINCE MAR 1      3.29                      3.82  -0.53     1.72
  SINCE JAN 1      4.04                      4.76  -0.72     3.12

SNOWFALL (IN)
  YESTERDAY        0.0           0.5  1924   0.0    0.0      0.0
  MONTH TO DATE    T                         0.4   -0.4      0.0
  SINCE MAR 1     26.3                      13.7   12.6      8.7
  SINCE JUL 1     44.1                      51.2   -7.1     71.6
  SNOW DEPTH       0

DEGREE DAYS
 HEATING
  YESTERDAY        0                         8     -8       11
  MONTH TO DATE  174                       256    -82      190
  SINCE MAR 1   2219                      1980    239     1820
  SINCE JUL 1   8535                      8411    124     7822

 COOLING
  YESTERDAY        6                         1      5        0
  MONTH TO DATE   12                         5      7       14
  SINCE MAR 1     13                         6      7       14
  SINCE JAN 1     13                         6      7       14
..................................................................


WIND (MPH)
  HIGHEST WIND SPEED    21   HIGHEST WIND DIRECTION    SE (140)
  HIGHEST GUST SPEED    24   HIGHEST GUST DIRECTION    SE (150)
  AVERAGE WIND SPEED     9.1


SKY COVER
  POSSIBLE SUNSHINE  MM
  AVERAGE SKY COVER 0.3


WEATHER CONDITIONS
 THE FOLLOWING WEATHER WAS RECORDED YESTERDAY.
  NO SIGNIFICANT WEATHER WAS OBSERVED.


RELATIVE HUMIDITY (PERCENT)
 HIGHEST    90           300 AM
 LOWEST     54           100 PM
 AVERAGE    72

..........................................................


THE BISMARCK ND CLIMATE NORMALS FOR TODAY
                         NORMAL    RECORD    YEAR
 MAXIMUM TEMPERATURE (F)   71        96      1926
 MINIMUM TEMPERATURE (F)   46        24      2002


SUNRISE AND SUNSET
MAY 24 2018...........SUNRISE   559 AM CDT   SUNSET   922 PM CDT
MAY 25 2018...........SUNRISE   558 AM CDT   SUNSET   923 PM CDT


-  INDICATES NEGATIVE NUMBERS.
R  INDICATES RECORD WAS SET OR TIED.
MM INDICATES DATA IS MISSING.
T  INDICATES TRACE AMOUNT.




$$
