013
CDUS43 KGRR 200517
CLIBIV


CLIMATE REPORT
NATIONAL WEATHER SERVICE GRAND RAPIDS, MI
117 AM EDT SUN MAY 20 2018


...................................

...THE HOLLAND/TULIP CITY MI CLIMATE SUMMARY FOR MAY 19 2018...

CLIMATE NORMAL PERIOD 1981 TO 2010
CLIMATE RECORD PERIOD 1996 TO 2018


WEATHER ITEM   OBSERVED TIME   NORMAL DEPARTURE LAST
                VALUE   (LST)  VALUE  FROM      YEAR
                                      NORMAL
......................................................
TEMPERATURE (F)
 YESTERDAY
  MAXIMUM         65   1158 AM  70     -5       53
  MINIMUM         51   1159 PM  50      1       41
  AVERAGE         58            60     -2       47

PRECIPITATION (IN)
  YESTERDAY        0.17          0.10   0.07     0.09
  MONTH TO DATE    4.60          2.04   2.56     1.00
  SINCE MAR 1      8.18          7.56   0.62     9.88
  SINCE JAN 1     13.80         11.45   2.35    14.54

DEGREE DAYS
 HEATING
  YESTERDAY        7             7      0       18
  MONTH TO DATE   93           170    -77      218
  SINCE MAR 1   1782          1549    233     1513
  SINCE JUL 1   6289          6049    240     5375

 COOLING
  YESTERDAY        0             1     -1        0
  MONTH TO DATE   14            13      1       21
  SINCE MAR 1     14            17     -3       29
  SINCE JAN 1     14            17     -3       29
......................................................


WIND (MPH)
  RESULTANT WIND SPEED   5   RESULTANT WIND DIRECTION   W (280)
  HIGHEST WIND SPEED    17   HIGHEST WIND DIRECTION     W (260)
  HIGHEST GUST SPEED    20   HIGHEST GUST DIRECTION     W (280)
  AVERAGE WIND SPEED     6.9


SKY COVER
  AVERAGE SKY COVER 0.9


WEATHER CONDITIONS
 THE FOLLOWING WEATHER WAS RECORDED YESTERDAY.
  RAIN
  LIGHT RAIN
  FOG


RELATIVE HUMIDITY (PERCENT)
 HIGHEST    97          1000 AM
 LOWEST     80           400 PM
 AVERAGE    89

..........................................................


THE HOLLAND/TULIP CITY MI CLIMATE NORMALS FOR TODAY
                         NORMAL
 MAXIMUM TEMPERATURE (F)   70
 MINIMUM TEMPERATURE (F)   50


SUNRISE AND SUNSET
MAY 20 2018...........SUNRISE   617 AM EDT   SUNSET   906 PM EDT
MAY 21 2018...........SUNRISE   616 AM EDT   SUNSET   907 PM EDT


-  INDICATES NEGATIVE NUMBERS.
R  INDICATES RECORD WAS SET OR TIED.
MM INDICATES DATA IS MISSING.
T  INDICATES TRACE AMOUNT.




$$
