000
CDUS41 KRLX 250734
CLIBKW


CLIMATE REPORT
NATIONAL WEATHER SERVICE CHARLESTON WV
334 AM EDT WED APR 25 2018


...................................

...THE BECKLEY WV CLIMATE SUMMARY FOR APRIL 24 2018...

CLIMATE NORMAL PERIOD 1981 TO 2010
CLIMATE RECORD PERIOD 1963 TO 2018


WEATHER ITEM   OBSERVED TIME   RECORD YEAR NORMAL DEPARTURE LAST
                VALUE   (LST)  VALUE       VALUE  FROM      YEAR
                                                  NORMAL
..................................................................
TEMPERATURE (F)
 YESTERDAY
  MAXIMUM         56    237 PM  87    1925  66    -10       54
  MINIMUM         48    615 AM  24    1927  44      4       45
                                      1911
  AVERAGE         52                        55     -3       50

PRECIPITATION (IN)
  YESTERDAY        0.12          1.96 1987   0.12   0.00     0.16
  MONTH TO DATE    3.80                      2.64   1.16     3.16
  SINCE JAN 1     17.04                     11.78   5.26    13.70

SNOWFALL (IN)
  YESTERDAY        0.0           T    2005   0.0    0.0      0.0
  MONTH TO DATE    3.5                       2.8    0.7      1.8
  SINCE SEP 1     54.5                      61.8   -7.3     26.0
  SNOW DEPTH       0

DEGREE DAYS
 HEATING
  YESTERDAY       13                        11      2       15
  MONTH TO DATE  405                       336     69      214
  SINCE MAR 1   1262                      1048    214      908
  SINCE JUL 1   4952                      5049    -97     4042

 COOLING
  YESTERDAY        0                         0      0        0
  MONTH TO DATE   10                         0     10        9
  SINCE MAR 1     11                         1     10        9
  SINCE JAN 1     12                         1     11        9
..................................................................


WIND (MPH)
  HIGHEST WIND SPEED    29   HIGHEST WIND DIRECTION    SE (130)
  HIGHEST GUST SPEED    42   HIGHEST GUST DIRECTION    SE (130)
  AVERAGE WIND SPEED    15.1


SKY COVER
  POSSIBLE SUNSHINE  MM
  AVERAGE SKY COVER 1.0


WEATHER CONDITIONS
 THE FOLLOWING WEATHER WAS RECORDED YESTERDAY.
  RAIN
  LIGHT RAIN
  FOG


RELATIVE HUMIDITY (PERCENT)
 HIGHEST    96          1100 AM
 LOWEST     77          1200 AM
 AVERAGE    87

..........................................................


THE BECKLEY WV CLIMATE NORMALS FOR TODAY
                         NORMAL    RECORD    YEAR
 MAXIMUM TEMPERATURE (F)   66        87      1925
 MINIMUM TEMPERATURE (F)   44        21      1956


SUNRISE AND SUNSET
APRIL 25 2018.........SUNRISE   636 AM EDT   SUNSET   809 PM EDT
APRIL 26 2018.........SUNRISE   635 AM EDT   SUNSET   810 PM EDT


-  INDICATES NEGATIVE NUMBERS.
R  INDICATES RECORD WAS SET OR TIED.
MM INDICATES DATA IS MISSING.
T  INDICATES TRACE AMOUNT.




$$
