000
CDUS43 KIND 270540
CLIBMG


CLIMATE REPORT
NATIONAL WEATHER SERVICE INDIANAPOLIS IN
140 AM EDT FRI APR 27 2018


...................................

...THE BLOOMINGTON IN CLIMATE SUMMARY FOR APRIL 26 2018...

CLIMATE NORMAL PERIOD 1981 TO 2010
CLIMATE RECORD PERIOD 9999 TO 9999


WEATHER ITEM   OBSERVED TIME   NORMAL DEPARTURE LAST
                VALUE   (LST)  VALUE  FROM      YEAR
                                      NORMAL
......................................................
TEMPERATURE (F)
 YESTERDAY
  MAXIMUM         67    419 PM  68     -1       85
  MINIMUM         37    608 AM  46     -9       59
  AVERAGE         52            57     -5       72

PRECIPITATION (IN)
  YESTERDAY        0.00          0.17  -0.17     0.00
  MONTH TO DATE    4.04          4.04   0.00     2.07
  SINCE MAR 1      9.32          7.92   1.40     6.50
  SINCE JAN 1     17.49         13.99   3.50    11.54

DEGREE DAYS
 HEATING
  YESTERDAY       13             9      4        0
  MONTH TO DATE  459           325    134      166
  SINCE MAR 1   1212          1013    199      770
  SINCE JUL 1   5065          5081    -16     3957

 COOLING
  YESTERDAY        0             1     -1        7
  MONTH TO DATE    7            18    -11       36
  SINCE MAR 1      7            21    -14       39
  SINCE JAN 1     13            21     -8       39
......................................................


WIND (MPH)
  HIGHEST WIND SPEED    12   HIGHEST WIND DIRECTION     N (360)
  HIGHEST GUST SPEED    15   HIGHEST GUST DIRECTION     N (350)
  AVERAGE WIND SPEED     3.8


SKY COVER
  AVERAGE SKY COVER 0.0


WEATHER CONDITIONS
 THE FOLLOWING WEATHER WAS RECORDED YESTERDAY.
  NO SIGNIFICANT WEATHER WAS OBSERVED.


RELATIVE HUMIDITY (PERCENT)
 HIGHEST    83          1100 PM
 LOWEST     22           400 PM
 AVERAGE    53

..........................................................


THE BLOOMINGTON IN CLIMATE NORMALS FOR TODAY
                         NORMAL
 MAXIMUM TEMPERATURE (F)   68
 MINIMUM TEMPERATURE (F)   46


SUNRISE AND SUNSET
APRIL 27 2018.........SUNRISE   653 AM EDT   SUNSET   836 PM EDT
APRIL 28 2018.........SUNRISE   652 AM EDT   SUNSET   837 PM EDT


-  INDICATES NEGATIVE NUMBERS.
R  INDICATES RECORD WAS SET OR TIED.
MM INDICATES DATA IS MISSING.
T  INDICATES TRACE AMOUNT.




$$
