830
CDUS44 KOHX 242132
CLIBNA


CLIMATE REPORT
NATIONAL WEATHER SERVICE NASHVILLE TN
430 PM CDT TUE APR 24 2018


...................................

...THE NASHVILLE CLIMATE SUMMARY FOR APRIL 24 2018...
VALID TODAY AS OF 0400 PM LOCAL TIME.

CLIMATE NORMAL PERIOD 1981 TO 2010
CLIMATE RECORD PERIOD 1871 TO 2018


WEATHER ITEM   OBSERVED TIME   RECORD YEAR NORMAL DEPARTURE
                VALUE   (LST)  VALUE       VALUE  FROM
                                                  NORMAL
...............................................................
TEMPERATURE (F)
 TODAY
  MAXIMUM         65   1256 PM  90    1925  73     -8
  MINIMUM         57    548 AM  34    1986  50      7
                                      1910
  AVERAGE         61                        62     -1

PRECIPITATION (IN)
  TODAY            0.03          2.82 2010   0.16  -0.13
  MONTH TO DATE    5.43                      3.07   2.36
  SINCE JAN 1     22.80                     14.87   7.93

SNOWFALL (IN)
  TODAY            0.0           0.0  2002
                                      2001
  MONTH TO DATE    0.0
  SINCE MAR 1      0.6
  SINCE JUL 1      3.0

DEGREE DAYS
 HEATING
  TODAY            4                               -1
  MONTH TO DATE  261                               69
  SINCE MAR 1    705                               40
  SINCE JUL 1   3352                             -251

 COOLING
  TODAY            0                               -2
  MONTH TO DATE   11                              -17
  SINCE MAR 1     13                              -23
  SINCE JAN 1     34                               -2
...............................................................


WIND (MPH)
  HIGHEST WIND SPEED    13   HIGHEST WIND DIRECTION     W (290)
  HIGHEST GUST SPEED    22   HIGHEST GUST DIRECTION     W (250)
  AVERAGE WIND SPEED     6.0




RELATIVE HUMIDITY (PERCENT)
 HIGHEST    93
 LOWEST     73
 AVERAGE    83

..........................................................


THE NASHVILLE CLIMATE NORMALS FOR TOMORROW
                         NORMAL    RECORD    YEAR
 MAXIMUM TEMPERATURE (F)   73        89      1989
 MINIMUM TEMPERATURE (F)   51        32      1910


SUNRISE AND SUNSET
APRIL 24 2018.........SUNRISE   602 AM CDT   SUNSET   728 PM CDT
APRIL 25 2018.........SUNRISE   601 AM CDT   SUNSET   729 PM CDT


-  INDICATES NEGATIVE NUMBERS.
R  INDICATES RECORD WAS SET OR TIED.
MM INDICATES DATA IS MISSING.
T  INDICATES TRACE AMOUNT.




$$
