000
CDUS43 KDVN 262121
CLIBRL


CLIMATE REPORT
NATIONAL WEATHER SERVICE QUAD CITIES IA IL
420 PM CDT THU APR 26 2018


...................................

...THE BURLINGTON IA CLIMATE SUMMARY FOR APRIL 26 2018...
VALID TODAY AS OF 0400 PM LOCAL TIME.

CLIMATE NORMAL PERIOD 1981 TO 2010
CLIMATE RECORD PERIOD 1897 TO 2018


WEATHER ITEM   OBSERVED TIME   RECORD YEAR NORMAL DEPARTURE LAST
                VALUE   (LST)  VALUE       VALUE  FROM      YEAR
                                                  NORMAL
..................................................................
TEMPERATURE (F)
 TODAY
  MAXIMUM         71    259 PM  92    1986  68      3       69
  MINIMUM         38    523 AM  31    1976  46     -8       44
                                      1950
  AVERAGE         55                        57     -2       57

PRECIPITATION (IN)
  TODAY            0.00         MM      MM   0.14  -0.14     0.66
  MONTH TO DATE    0.59                      3.14  -2.55     3.74
  SINCE MAR 1      3.49                      5.93  -2.44     6.72
  SINCE JAN 1      7.58                      8.79  -1.21     8.58

DEGREE DAYS
 HEATING
  TODAY           10                         9      1        8
  MONTH TO DATE  577                       326    251      216
  SINCE MAR 1   1397                      1054    343      907
  SINCE JUL 1   5890                      5432    458     4601

 COOLING
  TODAY            0                         1     -1        0
  MONTH TO DATE    0                        16    -16       20
  SINCE MAR 1      0                        18    -18       20
  SINCE JAN 1      0                        18    -18       20
..................................................................


WIND (MPH)
  HIGHEST WIND SPEED    14   HIGHEST WIND DIRECTION    SW (240)
  HIGHEST GUST SPEED    19   HIGHEST GUST DIRECTION    SW (240)
  AVERAGE WIND SPEED     4.5


SKY COVER
  POSSIBLE SUNSHINE  MM
  AVERAGE SKY COVER 0.0


WEATHER CONDITIONS
 THE FOLLOWING WEATHER WAS RECORDED TODAY.
  NO SIGNIFICANT WEATHER WAS OBSERVED.


RELATIVE HUMIDITY (PERCENT)
 HIGHEST    85           300 AM
 LOWEST     20           300 PM
 AVERAGE    53

..........................................................


THE BURLINGTON IA CLIMATE NORMALS FOR TOMORROW
                         NORMAL    RECORD    YEAR
 MAXIMUM TEMPERATURE (F)   69        87      1956
 MINIMUM TEMPERATURE (F)   47        30      1953


SUNRISE AND SUNSET
APRIL 26 2018.........SUNRISE   610 AM CDT   SUNSET   756 PM CDT
APRIL 27 2018.........SUNRISE   608 AM CDT   SUNSET   757 PM CDT


-  INDICATES NEGATIVE NUMBERS.
R  INDICATES RECORD WAS SET OR TIED.
MM INDICATES DATA IS MISSING.
T  INDICATES TRACE AMOUNT.




$$
